{"id":760130,"date":"2025-08-28T08:56:07","date_gmt":"2025-08-28T05:56:07","guid":{"rendered":"https:\/\/roveyayinevi.com.tr\/index.php\/urun\/aydan-daha-uzakta\/"},"modified":"2026-04-16T03:13:03","modified_gmt":"2026-04-16T00:13:03","slug":"aydan-daha-uzakta","status":"publish","type":"product","link":"https:\/\/roveyayinevi.com.tr\/index.php\/urun\/aydan-daha-uzakta\/","title":{"rendered":"Ay&#8217;dan Daha Uzakta"},"content":{"rendered":"<p>Astronot olmak, on \u00fc\u00e7 ya\u015f\u0131ndaki Houston Stewart\u2019\u0131n en b\u00fcy\u00fck hayali. Gen\u00e7 Astronot Yeti\u015ftirme Program\u0131\u2019na kabul edildi\u011fini \u00f6\u011frendi\u011fi zaman, bu hayalinin ger\u00e7ekle\u015fmeye \u00e7ok yak\u0131n oldu\u011funu d\u00fc\u015f\u00fcnen Houston, program i\u00e7in ayr\u0131l\u0131rken erkek karde\u015fi Robbie\u2019yi geride b\u0131rakman\u0131n \u00fcz\u00fcnt\u00fcs\u00fcn\u00fc ya\u015far. Program\u0131n karde\u015fi Robbie i\u00e7in uygun olmayabilece\u011fini fark eden Houston, her astronotun yapaca\u011f\u0131 gibi, ger\u00e7ekle\u015fmesi imk\u00e2ns\u0131z oldu\u011fu d\u00fc\u015f\u00fcn\u00fclen bir hayali ger\u00e7ekle\u015ftirmek i\u00e7in i\u015fe koyulur.\u201cBu kitapta iki g\u00fc\u00e7l\u00fc sevgi var: biri uzaya olan sevgi ve di\u011feri de karde\u015f sevgisi. \u0130ki sevginin hik\u00e2yesi de her ya\u015ftan okuru derinden etkileyecek.\u201d -Gary D. Schmidt, Newbery Onur \u00d6d\u00fcll\u00fc Yazar\u201cAy\u2019dan Daha Uzakta, kendini yetersiz g\u00f6rmenin \u00fcst\u00fcnden gelme, kucaklay\u0131c\u0131 olma gibi konular\u0131n ele al\u0131nd\u0131\u011f\u0131 s\u0131cac\u0131k bir \u00f6yk\u00fc. Elinizden b\u0131rakamayacaks\u0131n\u0131z.\u201d -Hayley Arceneaux, Astronot\u201cYazar, t\u00fcm ailevi sorunlarla birlikte insan olman\u0131n zorluklar\u0131na nazik\u00e7e de\u011finmi\u015f.\u201d -Robert L. Stewart, Astronot\u201cAy\u2019dan Daha Uzakta, i\u015fler yolunda gitmeyince yeni fikirler \u00fcreten, verdi\u011fi s\u00f6z\u00fc tutmak i\u00e7in imk\u00e2ns\u0131z g\u00f6z\u00fcken yolda ilerleyen yarat\u0131c\u0131 bir ba\u015fkarakterin oldu\u011fu bir kitap. D\u00fcnyalar kadar sevdim!\u201d -Lynne Kelly, Song For a Whale\u2019in yazar\u0131<\/p>\n","protected":false},"excerpt":{"rendered":"<p>Astronot olmak, on \u00fc\u00e7 ya\u015f\u0131ndaki Houston Stewart\u2019\u0131n en b\u00fcy\u00fck hayali. Gen\u00e7 Astronot Yeti\u015ftirme Program\u0131\u2019na kabul edildi\u011fini \u00f6\u011frendi\u011fi zaman, bu hayalinin ger\u00e7ekle\u015fmeye \u00e7ok yak\u0131n oldu\u011funu d\u00fc\u015f\u00fcnen Houston,<span class=\"excerpt-hellip\"> [\u2026]<\/span><\/p>\n","protected":false},"featured_media":0,"template":"","meta":{"_monsterinsights_skip_tracking":false,"_monsterinsights_sitenote_active":false,"_monsterinsights_sitenote_note":"","_monsterinsights_sitenote_category":0},"product_brand":[],"product_cat":[12274,12284],"product_tag":[],"class_list":{"0":"post-760130","1":"product","2":"type-product","3":"status-publish","5":"product_cat-cocuk-ve-genclik-kitaplari","6":"product_cat-hikayeler","7":"pa_cilt-ciltsiz","8":"pa_tur-kitap","9":"pa_yayinevi-genc-timas","10":"pa_yazar-lindsay-lackey","12":"first","13":"instock","14":"sale","15":"shipping-taxable","16":"purchasable","17":"product-type-simple"},"_links":{"self":[{"href":"https:\/\/roveyayinevi.com.tr\/index.php\/wp-json\/wp\/v2\/product\/760130","targetHints":{"allow":["GET"]}}],"collection":[{"href":"https:\/\/roveyayinevi.com.tr\/index.php\/wp-json\/wp\/v2\/product"}],"about":[{"href":"https:\/\/roveyayinevi.com.tr\/index.php\/wp-json\/wp\/v2\/types\/product"}],"wp:attachment":[{"href":"https:\/\/roveyayinevi.com.tr\/index.php\/wp-json\/wp\/v2\/media?parent=760130"}],"wp:term":[{"taxonomy":"product_brand","embeddable":true,"href":"https:\/\/roveyayinevi.com.tr\/index.php\/wp-json\/wp\/v2\/product_brand?post=760130"},{"taxonomy":"product_cat","embeddable":true,"href":"https:\/\/roveyayinevi.com.tr\/index.php\/wp-json\/wp\/v2\/product_cat?post=760130"},{"taxonomy":"product_tag","embeddable":true,"href":"https:\/\/roveyayinevi.com.tr\/index.php\/wp-json\/wp\/v2\/product_tag?post=760130"}],"curies":[{"name":"wp","href":"https:\/\/api.w.org\/{rel}","templated":true}]}}