{"id":760126,"date":"2025-08-28T08:56:01","date_gmt":"2025-08-28T05:56:01","guid":{"rendered":"https:\/\/roveyayinevi.com.tr\/index.php\/urun\/mekke-donemi-islam-tarihi\/"},"modified":"2026-01-30T03:51:40","modified_gmt":"2026-01-30T00:51:40","slug":"mekke-donemi-islam-tarihi","status":"publish","type":"product","link":"https:\/\/roveyayinevi.com.tr\/index.php\/urun\/mekke-donemi-islam-tarihi\/","title":{"rendered":"Mekke D\u00f6nemi &#8211; \u0130slam Tarihi"},"content":{"rendered":"<p>Siyer ilmi peygamberlerin hayat\u0131n\u0131 anlatan ilim demektir.             \u0130nsanlar inand\u0131klar\u0131, rehber edindikleri peygamberlerini y\u00fcceltmek istemi\u015fler, her kavim peygamberini ululamaya \u00e7al\u0131\u015fm\u0131\u015f; onlara olmad\u0131k s\u0131fatlar yak\u0131\u015ft\u0131rarak hayatlar\u0131na israiliyat dedi\u011fimiz hurafeler kar\u0131\u015ft\u0131rm\u0131\u015flard\u0131r.             Fakat bir peygamber vard\u0131r ki onun hayat\u0131 bir G\u00fcne\u015f gibi apa\u00e7\u0131kt\u0131r. O ahirzaman peygamberi Hz. Muhammed (a.s)tir.             Onun hayat\u0131 Kuran-\u0131 Azim\u00fc\u015f\u015fan\u0131n en do\u011fru tefsir edilerek ya\u015fanm\u0131\u015f \u015feklidir.             O ya\u015fam ki Allah\u2019\u0131n sevgilisi oldu\u011fu halde d\u00fcnya nimetlerinin bir kenara itivermesi; inananlar kolayca \u00f6rnek al\u0131p, taklit edebilsinler diye son derece sade ve g\u00f6steri\u015fsiz bir hayat\u0131 tercih etmesinin sonucudur. <\/p>\n","protected":false},"excerpt":{"rendered":"<p>Siyer ilmi peygamberlerin hayat\u0131n\u0131 anlatan ilim demektir. \u0130nsanlar inand\u0131klar\u0131, rehber edindikleri peygamberlerini y\u00fcceltmek istemi\u015fler, her kavim peygamberini ululamaya \u00e7al\u0131\u015fm\u0131\u015f; onlara olmad\u0131k s\u0131fatlar yak\u0131\u015ft\u0131rarak hayatlar\u0131na israiliyat dedi\u011fimiz<span class=\"excerpt-hellip\"> [\u2026]<\/span><\/p>\n","protected":false},"featured_media":0,"template":"","meta":{"_monsterinsights_skip_tracking":false,"_monsterinsights_sitenote_active":false,"_monsterinsights_sitenote_note":"","_monsterinsights_sitenote_category":0},"product_brand":[],"product_cat":[12718],"product_tag":[],"class_list":{"0":"post-760126","1":"product","2":"type-product","3":"status-publish","5":"product_cat-din","6":"pa_cilt-ciltsiz","7":"pa_tur-kitap","8":"pa_yayinevi-vova-yayinlari","9":"pa_yazar-hudai-cakmak","11":"first","12":"instock","13":"sale","14":"shipping-taxable","15":"purchasable","16":"product-type-simple"},"_links":{"self":[{"href":"https:\/\/roveyayinevi.com.tr\/index.php\/wp-json\/wp\/v2\/product\/760126","targetHints":{"allow":["GET"]}}],"collection":[{"href":"https:\/\/roveyayinevi.com.tr\/index.php\/wp-json\/wp\/v2\/product"}],"about":[{"href":"https:\/\/roveyayinevi.com.tr\/index.php\/wp-json\/wp\/v2\/types\/product"}],"wp:attachment":[{"href":"https:\/\/roveyayinevi.com.tr\/index.php\/wp-json\/wp\/v2\/media?parent=760126"}],"wp:term":[{"taxonomy":"product_brand","embeddable":true,"href":"https:\/\/roveyayinevi.com.tr\/index.php\/wp-json\/wp\/v2\/product_brand?post=760126"},{"taxonomy":"product_cat","embeddable":true,"href":"https:\/\/roveyayinevi.com.tr\/index.php\/wp-json\/wp\/v2\/product_cat?post=760126"},{"taxonomy":"product_tag","embeddable":true,"href":"https:\/\/roveyayinevi.com.tr\/index.php\/wp-json\/wp\/v2\/product_tag?post=760126"}],"curies":[{"name":"wp","href":"https:\/\/api.w.org\/{rel}","templated":true}]}}