{"id":760090,"date":"2025-08-28T08:54:53","date_gmt":"2025-08-28T05:54:53","guid":{"rendered":"https:\/\/roveyayinevi.com.tr\/index.php\/urun\/benim-macera-dolu-adam\/"},"modified":"2026-04-16T03:13:02","modified_gmt":"2026-04-16T00:13:02","slug":"benim-macera-dolu-adam","status":"publish","type":"product","link":"https:\/\/roveyayinevi.com.tr\/index.php\/urun\/benim-macera-dolu-adam\/","title":{"rendered":"Benim Macera Dolu Adam"},"content":{"rendered":"<p>Buras\u0131 benim adam Her k\u00f6\u015fesinde ayr\u0131 bir macera Ve ben can\u0131m\u0131n istedi\u011fini yapar\u0131m burada. Cup diye batar \u00e7\u0131kar\u0131m \u00e7amurlara T\u0131rman\u0131r\u0131m \u00f6n\u00fcme \u00e7\u0131kan her a\u011faca. Sallan\u0131r\u0131m dallar\u0131n aras\u0131nda U\u00e7ar\u0131m ku\u015f gibi havalarda. Sonra bir bakar\u0131m Ba\u015f a\u015fa\u011f\u0131 dalm\u0131\u015f\u0131m koca bir \u00e7amur y\u0131\u011f\u0131n\u0131na! Macera adan\u0131z her \u015feyin ger\u00e7ekle\u015febilece\u011fi harika bir yer\u2026 Tabii biraz hayal g\u00fcc\u00fcyle. <\/p>\n","protected":false},"excerpt":{"rendered":"<p>Buras\u0131 benim adam Her k\u00f6\u015fesinde ayr\u0131 bir macera Ve ben can\u0131m\u0131n istedi\u011fini yapar\u0131m burada. Cup diye batar \u00e7\u0131kar\u0131m \u00e7amurlara T\u0131rman\u0131r\u0131m \u00f6n\u00fcme \u00e7\u0131kan her a\u011faca. Sallan\u0131r\u0131m dallar\u0131n<span class=\"excerpt-hellip\"> [\u2026]<\/span><\/p>\n","protected":false},"featured_media":0,"template":"","meta":{"_monsterinsights_skip_tracking":false,"_monsterinsights_sitenote_active":false,"_monsterinsights_sitenote_note":"","_monsterinsights_sitenote_category":0},"product_brand":[],"product_cat":[12274,12518],"product_tag":[],"class_list":{"0":"post-760090","1":"product","2":"type-product","3":"status-publish","5":"product_cat-cocuk-ve-genclik-kitaplari","6":"product_cat-okul-oncesi-kitaplar","7":"pa_cilt-ciltsiz","8":"pa_tur-kitap","9":"pa_yayinevi-is-bankasi-kultur-yayinlari","10":"pa_yazar-timothy-knapman","12":"first","13":"instock","14":"sale","15":"shipping-taxable","16":"purchasable","17":"product-type-simple"},"_links":{"self":[{"href":"https:\/\/roveyayinevi.com.tr\/index.php\/wp-json\/wp\/v2\/product\/760090","targetHints":{"allow":["GET"]}}],"collection":[{"href":"https:\/\/roveyayinevi.com.tr\/index.php\/wp-json\/wp\/v2\/product"}],"about":[{"href":"https:\/\/roveyayinevi.com.tr\/index.php\/wp-json\/wp\/v2\/types\/product"}],"wp:attachment":[{"href":"https:\/\/roveyayinevi.com.tr\/index.php\/wp-json\/wp\/v2\/media?parent=760090"}],"wp:term":[{"taxonomy":"product_brand","embeddable":true,"href":"https:\/\/roveyayinevi.com.tr\/index.php\/wp-json\/wp\/v2\/product_brand?post=760090"},{"taxonomy":"product_cat","embeddable":true,"href":"https:\/\/roveyayinevi.com.tr\/index.php\/wp-json\/wp\/v2\/product_cat?post=760090"},{"taxonomy":"product_tag","embeddable":true,"href":"https:\/\/roveyayinevi.com.tr\/index.php\/wp-json\/wp\/v2\/product_tag?post=760090"}],"curies":[{"name":"wp","href":"https:\/\/api.w.org\/{rel}","templated":true}]}}