{"id":760068,"date":"2025-08-28T08:54:11","date_gmt":"2025-08-28T05:54:11","guid":{"rendered":"https:\/\/roveyayinevi.com.tr\/index.php\/urun\/dinozorlar-ve-paleontoloji\/"},"modified":"2026-04-16T03:13:01","modified_gmt":"2026-04-16T00:13:01","slug":"dinozorlar-ve-paleontoloji","status":"publish","type":"product","link":"https:\/\/roveyayinevi.com.tr\/index.php\/urun\/dinozorlar-ve-paleontoloji\/","title":{"rendered":"Dinozorlar ve Paleontoloji"},"content":{"rendered":"<p>Gelece\u011fin D\u00e2\u00e2hileri ile bilimin gizemlerini ke\u015ffet!hileri ile bilimin gizemlerini ke\u015ffet! Fosil nedir ve nas\u0131l olu\u015fur biliyor musun?Fosil nedir ve nas\u0131l olu\u015fur biliyor musun? Peki dinozorlar ve di\u011fer b\u00fcy\u00fck s\u00fcr\u00fcngenler aras\u0131ndaki fark\u0131?Peki dinozorlar ve di\u011fer b\u00fcy\u00fck s\u00fcr\u00fcngenler aras\u0131ndaki fark\u0131? Hadi Valentina ve Cuvier ile birlikte Mezozoyik d\u00f6nemiHadi Valentina ve Cuvier ile birlikte Mezozoyik d\u00f6nemi ziyaret et ve sen de bir paleontoloji dziyaret et ve sen de bir paleontoloji d \u00e2\u00e2hisine d\u00f6n\u00fc\u015f!hisine d\u00f6n\u00fc\u015f!<\/p>\n","protected":false},"excerpt":{"rendered":"<p>Gelece\u011fin D\u00e2\u00e2hileri ile bilimin gizemlerini ke\u015ffet!hileri ile bilimin gizemlerini ke\u015ffet! Fosil nedir ve nas\u0131l olu\u015fur biliyor musun?Fosil nedir ve nas\u0131l olu\u015fur biliyor musun? Peki dinozorlar ve<span class=\"excerpt-hellip\"> [\u2026]<\/span><\/p>\n","protected":false},"featured_media":0,"template":"","meta":{"_monsterinsights_skip_tracking":false,"_monsterinsights_sitenote_active":false,"_monsterinsights_sitenote_note":"","_monsterinsights_sitenote_category":0},"product_brand":[],"product_cat":[12274,12284],"product_tag":[],"class_list":{"0":"post-760068","1":"product","2":"type-product","3":"status-publish","5":"product_cat-cocuk-ve-genclik-kitaplari","6":"product_cat-hikayeler","7":"pa_cilt-ciltsiz","8":"pa_tur-kitap","9":"pa_yayinevi-buyulu-fener-yayinlari","10":"pa_yazar-carlos-pazos","12":"first","13":"instock","14":"sale","15":"shipping-taxable","16":"purchasable","17":"product-type-simple"},"_links":{"self":[{"href":"https:\/\/roveyayinevi.com.tr\/index.php\/wp-json\/wp\/v2\/product\/760068","targetHints":{"allow":["GET"]}}],"collection":[{"href":"https:\/\/roveyayinevi.com.tr\/index.php\/wp-json\/wp\/v2\/product"}],"about":[{"href":"https:\/\/roveyayinevi.com.tr\/index.php\/wp-json\/wp\/v2\/types\/product"}],"wp:attachment":[{"href":"https:\/\/roveyayinevi.com.tr\/index.php\/wp-json\/wp\/v2\/media?parent=760068"}],"wp:term":[{"taxonomy":"product_brand","embeddable":true,"href":"https:\/\/roveyayinevi.com.tr\/index.php\/wp-json\/wp\/v2\/product_brand?post=760068"},{"taxonomy":"product_cat","embeddable":true,"href":"https:\/\/roveyayinevi.com.tr\/index.php\/wp-json\/wp\/v2\/product_cat?post=760068"},{"taxonomy":"product_tag","embeddable":true,"href":"https:\/\/roveyayinevi.com.tr\/index.php\/wp-json\/wp\/v2\/product_tag?post=760068"}],"curies":[{"name":"wp","href":"https:\/\/api.w.org\/{rel}","templated":true}]}}