{"id":760061,"date":"2025-08-28T08:53:57","date_gmt":"2025-08-28T05:53:57","guid":{"rendered":"https:\/\/roveyayinevi.com.tr\/index.php\/urun\/aziz-insanlik\/"},"modified":"2026-04-16T03:13:01","modified_gmt":"2026-04-16T00:13:01","slug":"aziz-insanlik","status":"publish","type":"product","link":"https:\/\/roveyayinevi.com.tr\/index.php\/urun\/aziz-insanlik\/","title":{"rendered":"Aziz \u0130nsanl\u0131k"},"content":{"rendered":"<p>\u201cHerkes hayat dedi\u011fimiz, sonralar\u0131 tarih olan bir s\u00fczge\u00e7ten ge\u00e7iyor. Ku\u015faklar aras\u0131nda s\u00fczge\u00e7 fark\u0131 var. Acaba yazar\u0131n metinleri, tarihsel ak\u0131\u015f\u0131n neresine denk d\u00fc\u015f\u00fcyor, nas\u0131l etkileniyor, d\u00fc\u015f\u00fcn\u00fc\u015f ve ifade bi\u00e7imi nerelerden s\u00fcz\u00fcl\u00fcyor?\u201dAziz \u0130nsanl\u0131k&#8217;ta \u0130lhami Alg\u00f6r&#8217;\u00fcn kitaplardan yola \u00e7\u0131k\u0131p bir metnin di\u011fer metinlerle, yazarlarla ve okurlarla kurdu\u011fu ili\u015fki \u00fczerine d\u00fc\u015f\u00fcnen yaz\u0131lar\u0131 bir araya geliyor. Bu yaz\u0131lar, politikadan g\u00fcndelik hayata, sinemadan tarihe geni\u015f bir alana da uzan\u0131yor s\u0131kl\u0131kla. Kitaplar\u0131n temas etti\u011fi her \u015feyle bir ili\u015fki kuruyor. B\u00f6ylece, d\u00fc\u015f\u00fcnceyle g\u00fcndelik hayat aras\u0131ndaki al\u0131\u015fveri\u015fin san\u0131lan\u0131n aksine daha kuvvetli oldu\u011funu g\u00f6steriyor: \u00dcstelik s\u0131k\u0131c\u0131 olmadan, hayat\u0131n d\u0131\u015f\u0131na, teoriye ta\u015fmadan, bir aya\u011f\u0131n\u0131 hep soka\u011f\u0131n i\u00e7inde tutarak&#8230;<\/p>\n","protected":false},"excerpt":{"rendered":"<p>\u201cHerkes hayat dedi\u011fimiz, sonralar\u0131 tarih olan bir s\u00fczge\u00e7ten ge\u00e7iyor. Ku\u015faklar aras\u0131nda s\u00fczge\u00e7 fark\u0131 var. Acaba yazar\u0131n metinleri, tarihsel ak\u0131\u015f\u0131n neresine denk d\u00fc\u015f\u00fcyor, nas\u0131l etkileniyor, d\u00fc\u015f\u00fcn\u00fc\u015f ve<span class=\"excerpt-hellip\"> [\u2026]<\/span><\/p>\n","protected":false},"featured_media":0,"template":"","meta":{"_monsterinsights_skip_tracking":false,"_monsterinsights_sitenote_active":false,"_monsterinsights_sitenote_note":"","_monsterinsights_sitenote_category":0},"product_brand":[],"product_cat":[13072,12291],"product_tag":[],"class_list":{"0":"post-760061","1":"product","2":"type-product","3":"status-publish","5":"product_cat-arastirma-inceleme-referans","6":"product_cat-edebiyat","7":"pa_cilt-ciltsiz","8":"pa_tur-kitap","9":"pa_yayinevi-iletisim-yayinlari","10":"pa_yazar-ilhami-algor","12":"first","13":"instock","14":"sale","15":"shipping-taxable","16":"purchasable","17":"product-type-simple"},"_links":{"self":[{"href":"https:\/\/roveyayinevi.com.tr\/index.php\/wp-json\/wp\/v2\/product\/760061","targetHints":{"allow":["GET"]}}],"collection":[{"href":"https:\/\/roveyayinevi.com.tr\/index.php\/wp-json\/wp\/v2\/product"}],"about":[{"href":"https:\/\/roveyayinevi.com.tr\/index.php\/wp-json\/wp\/v2\/types\/product"}],"wp:attachment":[{"href":"https:\/\/roveyayinevi.com.tr\/index.php\/wp-json\/wp\/v2\/media?parent=760061"}],"wp:term":[{"taxonomy":"product_brand","embeddable":true,"href":"https:\/\/roveyayinevi.com.tr\/index.php\/wp-json\/wp\/v2\/product_brand?post=760061"},{"taxonomy":"product_cat","embeddable":true,"href":"https:\/\/roveyayinevi.com.tr\/index.php\/wp-json\/wp\/v2\/product_cat?post=760061"},{"taxonomy":"product_tag","embeddable":true,"href":"https:\/\/roveyayinevi.com.tr\/index.php\/wp-json\/wp\/v2\/product_tag?post=760061"}],"curies":[{"name":"wp","href":"https:\/\/api.w.org\/{rel}","templated":true}]}}