{"id":760058,"date":"2025-08-28T08:53:52","date_gmt":"2025-08-28T05:53:52","guid":{"rendered":"https:\/\/roveyayinevi.com.tr\/index.php\/urun\/insan-dogasi-ve-toplumun-evrimi\/"},"modified":"2026-04-16T03:13:01","modified_gmt":"2026-04-16T00:13:01","slug":"insan-dogasi-ve-toplumun-evrimi","status":"publish","type":"product","link":"https:\/\/roveyayinevi.com.tr\/index.php\/urun\/insan-dogasi-ve-toplumun-evrimi\/","title":{"rendered":"\u0130nsan Do\u011fas\u0131 ve Toplumun Evrimi"},"content":{"rendered":"<p>Evrim, insan t\u00fcr\u00fcn\u00fc fiziksel olarak de\u011fi\u015ftirmi\u015ftir. Peki, evrim insan davran\u0131\u015flar\u0131n\u0131 da etkilemi\u015f midir? Bu soruyu cevaplamak \u00fczere yola \u00e7\u0131kan \u0130nsan Do\u011fas\u0131 ve Toplumun Evrimi, evrimsel psikoloji, sosyobiyoloji ve insan davran\u0131\u015f\u0131 ekolojisinden yararlanarak sosyal ya\u015fam\u0131n alt\u0131nda yatan evrimsel dinamiklerin izini s\u00fcr\u00fcyor. \u0130nsan davran\u0131\u015flar\u0131 ve ya\u015fant\u0131lar\u0131n\u0131n tarih boyunca ald\u0131\u011f\u0131 farkl\u0131 \u015fekillere dair kapsaml\u0131 bir giri\u015f niteli\u011fi ta\u015f\u0131yan bu kitapta, sosyolog Stephen K. Sanderson, antropolojiden de ilham al\u0131yor. G\u00fcndelik hayat\u0131 s\u00fcrd\u00fcrme, yemek yeme, cinsellik, evlilik, ebeveynlik, toplumsal cinsiyet, stat\u00fc ve servet edinme, iktidar, siyaset, \u015fiddet, \u0131rk, etnik k\u00f6ken, din ve sanat konular\u0131nda insan davran\u0131\u015flar\u0131n\u0131n tarihi ve evrimsel boyutlar\u0131 \u00fczerinde duruyor. \u0130nsan Do\u011fas\u0131 ve Toplumun Evrimi, hem sanayi \u00f6ncesi hem de sanayi sonras\u0131nda pek \u00e7ok toplulu\u011fa ili\u015fkin \u00f6rnek ve ara\u015ft\u0131rmalar\u0131 bir araya getiriyor. B\u00f6l\u00fcm \u00f6zetleri ve tart\u0131\u015fma sorular\u0131yla bir ders kitab\u0131 olarak da kullan\u0131labilecek olan bu eser, evrimsel bir perspektife dayanan geni\u015f kapsaml\u0131 ve b\u00fct\u00fcnl\u00fckl\u00fc bir de\u011ferlendirme. Evrim ve toplumlar\u0131n ilerleyi\u015fi \u00fczerine d\u00fc\u015f\u00fcnmek isteyen ve davran\u0131\u015flar\u0131m\u0131z\u0131n k\u00f6kenlerini merak eden t\u00fcm okurlar i\u00e7in. <\/p>\n","protected":false},"excerpt":{"rendered":"<p>Evrim, insan t\u00fcr\u00fcn\u00fc fiziksel olarak de\u011fi\u015ftirmi\u015ftir. Peki, evrim insan davran\u0131\u015flar\u0131n\u0131 da etkilemi\u015f midir? Bu soruyu cevaplamak \u00fczere yola \u00e7\u0131kan \u0130nsan Do\u011fas\u0131 ve Toplumun Evrimi, evrimsel psikoloji,<span class=\"excerpt-hellip\"> [\u2026]<\/span><\/p>\n","protected":false},"featured_media":0,"template":"","meta":{"_monsterinsights_skip_tracking":false,"_monsterinsights_sitenote_active":false,"_monsterinsights_sitenote_note":"","_monsterinsights_sitenote_category":0},"product_brand":[],"product_cat":[16038,12388],"product_tag":[],"class_list":{"0":"post-760058","1":"product","2":"type-product","3":"status-publish","5":"product_cat-arastirma-inceleme-referans-felsefe","6":"product_cat-felsefe","7":"pa_cilt-ciltsiz","8":"pa_tur-kitap","9":"pa_yayinevi-istanbul-bilgi-universitesi-yayinlari","10":"pa_yazar-stephen-k-sanderson","12":"first","13":"instock","14":"sale","15":"shipping-taxable","16":"purchasable","17":"product-type-simple"},"_links":{"self":[{"href":"https:\/\/roveyayinevi.com.tr\/index.php\/wp-json\/wp\/v2\/product\/760058","targetHints":{"allow":["GET"]}}],"collection":[{"href":"https:\/\/roveyayinevi.com.tr\/index.php\/wp-json\/wp\/v2\/product"}],"about":[{"href":"https:\/\/roveyayinevi.com.tr\/index.php\/wp-json\/wp\/v2\/types\/product"}],"wp:attachment":[{"href":"https:\/\/roveyayinevi.com.tr\/index.php\/wp-json\/wp\/v2\/media?parent=760058"}],"wp:term":[{"taxonomy":"product_brand","embeddable":true,"href":"https:\/\/roveyayinevi.com.tr\/index.php\/wp-json\/wp\/v2\/product_brand?post=760058"},{"taxonomy":"product_cat","embeddable":true,"href":"https:\/\/roveyayinevi.com.tr\/index.php\/wp-json\/wp\/v2\/product_cat?post=760058"},{"taxonomy":"product_tag","embeddable":true,"href":"https:\/\/roveyayinevi.com.tr\/index.php\/wp-json\/wp\/v2\/product_tag?post=760058"}],"curies":[{"name":"wp","href":"https:\/\/api.w.org\/{rel}","templated":true}]}}