{"id":760049,"date":"2025-08-28T08:53:34","date_gmt":"2025-08-28T05:53:34","guid":{"rendered":"https:\/\/roveyayinevi.com.tr\/index.php\/urun\/sirinler-ile-buyumek-6-masalci-sirin-durust-olmayi-ogreniyor\/"},"modified":"2026-04-16T03:13:01","modified_gmt":"2026-04-16T00:13:01","slug":"sirinler-ile-buyumek-6-masalci-sirin-durust-olmayi-ogreniyor","status":"publish","type":"product","link":"https:\/\/roveyayinevi.com.tr\/index.php\/urun\/sirinler-ile-buyumek-6-masalci-sirin-durust-olmayi-ogreniyor\/","title":{"rendered":"\u015eirinler \u0130le B\u00fcy\u00fcmek &#8211; 6 Masalc\u0131 \u015eirin D\u00fcr\u00fcst Olmay\u0131 \u00d6\u011freniyor"},"content":{"rendered":"<p>\u015eirinler K\u00f6y\u00fc sessiz sakin. Herkes huzurlu\u2026 Hi\u00e7bir \u015feyden memnun olmayan K\u0131zg\u0131n \u015eirin d\u0131\u015f\u0131nda! Her \u015fey kendi istedi\u011fi gibi olsun istiyor ama arkada\u015flar\u0131 onunla ayn\u0131 fikirde de\u011fil. K\u0131zg\u0131n \u015eirin\u2019e g\u00f6re bu haks\u0131zl\u0131k! Neden istedi\u011fi \u015feyleri yapam\u0131yor?! Her konuda can\u0131n\u0131n istedi\u011fi gibi karar veremeyece\u011fini \u00f6\u011frenmesi i\u00e7in di\u011fer \u015eirinler ona \u00f6yle bir oyun oynuyor ki\u2026 EL\u0130NDEKI K\u0130TAP KORKULARINLA Y\u00dcZLE\u015eMEN VE ONLARDAN KURTULMAN \u0130\u00c7\u0130N VAR!   \u00c7ocukluk d\u00f6nemi sorunlar\u0131 konusunda uzman psikolog ve psikanalist Diane Drory taraf\u0131ndan yaz\u0131lm\u0131\u015f ve \u00e7ocuklarla diyalog kurmaya yard\u0131mc\u0131, e\u011fitici bilgilerle&#8230;<\/p>\n","protected":false},"excerpt":{"rendered":"<p>\u015eirinler K\u00f6y\u00fc sessiz sakin. Herkes huzurlu\u2026 Hi\u00e7bir \u015feyden memnun olmayan K\u0131zg\u0131n \u015eirin d\u0131\u015f\u0131nda! Her \u015fey kendi istedi\u011fi gibi olsun istiyor ama arkada\u015flar\u0131 onunla ayn\u0131 fikirde de\u011fil.<span class=\"excerpt-hellip\"> [\u2026]<\/span><\/p>\n","protected":false},"featured_media":0,"template":"","meta":{"_monsterinsights_skip_tracking":false,"_monsterinsights_sitenote_active":false,"_monsterinsights_sitenote_note":"","_monsterinsights_sitenote_category":0},"product_brand":[],"product_cat":[12274,15842],"product_tag":[],"class_list":{"0":"post-760049","1":"product","2":"type-product","3":"status-publish","5":"product_cat-cocuk-ve-genclik-kitaplari","6":"product_cat-egitici-kitaplar","7":"pa_cilt-ciltsiz","8":"pa_tur-kitap","9":"pa_yayinevi-buyulu-fener-yayinlari","10":"pa_yazar-kolektif","12":"first","13":"instock","14":"sale","15":"shipping-taxable","16":"purchasable","17":"product-type-simple"},"_links":{"self":[{"href":"https:\/\/roveyayinevi.com.tr\/index.php\/wp-json\/wp\/v2\/product\/760049","targetHints":{"allow":["GET"]}}],"collection":[{"href":"https:\/\/roveyayinevi.com.tr\/index.php\/wp-json\/wp\/v2\/product"}],"about":[{"href":"https:\/\/roveyayinevi.com.tr\/index.php\/wp-json\/wp\/v2\/types\/product"}],"wp:attachment":[{"href":"https:\/\/roveyayinevi.com.tr\/index.php\/wp-json\/wp\/v2\/media?parent=760049"}],"wp:term":[{"taxonomy":"product_brand","embeddable":true,"href":"https:\/\/roveyayinevi.com.tr\/index.php\/wp-json\/wp\/v2\/product_brand?post=760049"},{"taxonomy":"product_cat","embeddable":true,"href":"https:\/\/roveyayinevi.com.tr\/index.php\/wp-json\/wp\/v2\/product_cat?post=760049"},{"taxonomy":"product_tag","embeddable":true,"href":"https:\/\/roveyayinevi.com.tr\/index.php\/wp-json\/wp\/v2\/product_tag?post=760049"}],"curies":[{"name":"wp","href":"https:\/\/api.w.org\/{rel}","templated":true}]}}