{"id":760046,"date":"2025-08-28T08:53:29","date_gmt":"2025-08-28T05:53:29","guid":{"rendered":"https:\/\/roveyayinevi.com.tr\/index.php\/urun\/kucuk-sorunlar-buyuk-duygular\/"},"modified":"2026-04-16T03:13:01","modified_gmt":"2026-04-16T00:13:01","slug":"kucuk-sorunlar-buyuk-duygular","status":"publish","type":"product","link":"https:\/\/roveyayinevi.com.tr\/index.php\/urun\/kucuk-sorunlar-buyuk-duygular\/","title":{"rendered":"K\u00fc\u00e7\u00fck Sorunlar, B\u00fcy\u00fck Duygular"},"content":{"rendered":"<p>\u00c7ocuklu\u011fumuzda ya\u015fad\u0131\u011f\u0131m\u0131z \u2018k\u00fc\u00e7\u00fck sorunlar\u2019, yeti\u015fkinlikteki \u2018b\u00fcy\u00fck duygular\u0131m\u0131z\u0131\u2019 \u015fekillendirir. Bu derinba\u011flant\u0131y\u0131 ke\u015ffeden \u201cK\u00fc\u00e7\u00fck Sorunlar, B\u00fcy\u00fck Duygular: \u00c7ocuklar\u0131n Duygusal Geli\u015fimini Empatiyle Anlamak veDesteklemek\u201d, \u00e7ocuklar\u0131n duygusal d\u00fcnyas\u0131n\u0131 anlamaya ve onlarla bu yolculukta e\u015flik etmeye davet ediyor.Bilim, pratik bilgiler ve zengin tecr\u00fcbeler \u0131\u015f\u0131\u011f\u0131nda, \u00e7ocuklar\u0131n duygusal dillerini \u00e7\u00f6z\u00fcmleme ve duygusalsa\u011fl\u0131klar\u0131n\u0131 destekleme yollar\u0131n\u0131 sunuyor.Ebeveynlerin, \u00f6\u011fretmenlerin ve t\u00fcm yeti\u015fkinlerin, \u00e7ocuklarla daha empatik bir ileti\u015fim kurmalar\u0131na olanaktan\u0131yan bu eser, duygusal zek\u00e2 ve empatinin g\u00fcc\u00fcne vurgu yap\u0131yor. Kendi duygusal d\u00fcnyam\u0131z\u0131 ve \u00e7ocuklar\u0131n-kini daha iyi anlamam\u0131z i\u00e7in bize rehberlik eden bu kitap, bilgi ve empatinin birle\u015fti\u011fi bir yolculu\u011fa \u00e7\u0131kar\u0131yor.Birlikte b\u00fcy\u00fcme ve \u00f6\u011frenme yolunda, bu de\u011ferli rehberinize e\u015flik etti\u011finiz i\u00e7in te\u015fekk\u00fcrler<\/p>\n","protected":false},"excerpt":{"rendered":"<p>\u00c7ocuklu\u011fumuzda ya\u015fad\u0131\u011f\u0131m\u0131z \u2018k\u00fc\u00e7\u00fck sorunlar\u2019, yeti\u015fkinlikteki \u2018b\u00fcy\u00fck duygular\u0131m\u0131z\u0131\u2019 \u015fekillendirir. Bu derinba\u011flant\u0131y\u0131 ke\u015ffeden \u201cK\u00fc\u00e7\u00fck Sorunlar, B\u00fcy\u00fck Duygular: \u00c7ocuklar\u0131n Duygusal Geli\u015fimini Empatiyle Anlamak veDesteklemek\u201d, \u00e7ocuklar\u0131n duygusal d\u00fcnyas\u0131n\u0131 anlamaya ve<span class=\"excerpt-hellip\"> [\u2026]<\/span><\/p>\n","protected":false},"featured_media":0,"template":"","meta":{"_monsterinsights_skip_tracking":false,"_monsterinsights_sitenote_active":false,"_monsterinsights_sitenote_note":"","_monsterinsights_sitenote_category":0},"product_brand":[],"product_cat":[12357],"product_tag":[],"class_list":{"0":"post-760046","1":"product","2":"type-product","3":"status-publish","5":"product_cat-psikoloji","6":"pa_cilt-ciltsiz","7":"pa_tur-kitap","8":"pa_yayinevi-bambuk-yayinevi","9":"pa_yazar-tugce-gunduz-yilmaz","11":"first","12":"instock","13":"sale","14":"shipping-taxable","15":"purchasable","16":"product-type-simple"},"_links":{"self":[{"href":"https:\/\/roveyayinevi.com.tr\/index.php\/wp-json\/wp\/v2\/product\/760046","targetHints":{"allow":["GET"]}}],"collection":[{"href":"https:\/\/roveyayinevi.com.tr\/index.php\/wp-json\/wp\/v2\/product"}],"about":[{"href":"https:\/\/roveyayinevi.com.tr\/index.php\/wp-json\/wp\/v2\/types\/product"}],"wp:attachment":[{"href":"https:\/\/roveyayinevi.com.tr\/index.php\/wp-json\/wp\/v2\/media?parent=760046"}],"wp:term":[{"taxonomy":"product_brand","embeddable":true,"href":"https:\/\/roveyayinevi.com.tr\/index.php\/wp-json\/wp\/v2\/product_brand?post=760046"},{"taxonomy":"product_cat","embeddable":true,"href":"https:\/\/roveyayinevi.com.tr\/index.php\/wp-json\/wp\/v2\/product_cat?post=760046"},{"taxonomy":"product_tag","embeddable":true,"href":"https:\/\/roveyayinevi.com.tr\/index.php\/wp-json\/wp\/v2\/product_tag?post=760046"}],"curies":[{"name":"wp","href":"https:\/\/api.w.org\/{rel}","templated":true}]}}