{"id":760043,"date":"2025-08-28T08:53:24","date_gmt":"2025-08-28T05:53:24","guid":{"rendered":"https:\/\/roveyayinevi.com.tr\/index.php\/urun\/cinsel-iletisim\/"},"modified":"2026-04-16T03:13:01","modified_gmt":"2026-04-16T00:13:01","slug":"cinsel-iletisim","status":"publish","type":"product","link":"https:\/\/roveyayinevi.com.tr\/index.php\/urun\/cinsel-iletisim\/","title":{"rendered":"Cinsel \u0130leti\u015fim"},"content":{"rendered":"<p>Cinsellik yapmak i\u00e7in hi\u00e7bir \u015feye ihtiyac\u0131n\u0131z yok.\u0130\u00e7inizdeki \u00fcreme d\u00fcrt\u00fcs\u00fc yeterlidir.Cinselli\u011fi ya\u015famak istiyorsan\u0131z ihtiyac\u0131n\u0131z olan m\u00fckemmel bir cinsel ileti\u015fimdir.Bu kitap cinsellik yapmak i\u00e7in de\u011fil cinselli\u011fi ya\u015famak i\u00e7in yard\u0131mc\u0131 bir kaynakt\u0131r.<\/p>\n","protected":false},"excerpt":{"rendered":"<p>Cinsellik yapmak i\u00e7in hi\u00e7bir \u015feye ihtiyac\u0131n\u0131z yok.\u0130\u00e7inizdeki \u00fcreme d\u00fcrt\u00fcs\u00fc yeterlidir.Cinselli\u011fi ya\u015famak istiyorsan\u0131z ihtiyac\u0131n\u0131z olan m\u00fckemmel bir cinsel ileti\u015fimdir.Bu kitap cinsellik yapmak i\u00e7in de\u011fil cinselli\u011fi ya\u015famak i\u00e7in<span class=\"excerpt-hellip\"> [\u2026]<\/span><\/p>\n","protected":false},"featured_media":0,"template":"","meta":{"_monsterinsights_skip_tracking":false,"_monsterinsights_sitenote_active":false,"_monsterinsights_sitenote_note":"","_monsterinsights_sitenote_category":0},"product_brand":[],"product_cat":[17502,13488],"product_tag":[],"class_list":{"0":"post-760043","1":"product","2":"type-product","3":"status-publish","5":"product_cat-cinsellik","6":"product_cat-toplum-ve-insan","7":"pa_cilt-ciltsiz","8":"pa_tur-kitap","9":"pa_yayinevi-bambuk-yayinevi","10":"pa_yazar-berk-karatas","12":"first","13":"instock","14":"sale","15":"shipping-taxable","16":"purchasable","17":"product-type-simple"},"_links":{"self":[{"href":"https:\/\/roveyayinevi.com.tr\/index.php\/wp-json\/wp\/v2\/product\/760043","targetHints":{"allow":["GET"]}}],"collection":[{"href":"https:\/\/roveyayinevi.com.tr\/index.php\/wp-json\/wp\/v2\/product"}],"about":[{"href":"https:\/\/roveyayinevi.com.tr\/index.php\/wp-json\/wp\/v2\/types\/product"}],"wp:attachment":[{"href":"https:\/\/roveyayinevi.com.tr\/index.php\/wp-json\/wp\/v2\/media?parent=760043"}],"wp:term":[{"taxonomy":"product_brand","embeddable":true,"href":"https:\/\/roveyayinevi.com.tr\/index.php\/wp-json\/wp\/v2\/product_brand?post=760043"},{"taxonomy":"product_cat","embeddable":true,"href":"https:\/\/roveyayinevi.com.tr\/index.php\/wp-json\/wp\/v2\/product_cat?post=760043"},{"taxonomy":"product_tag","embeddable":true,"href":"https:\/\/roveyayinevi.com.tr\/index.php\/wp-json\/wp\/v2\/product_tag?post=760043"}],"curies":[{"name":"wp","href":"https:\/\/api.w.org\/{rel}","templated":true}]}}