{"id":760029,"date":"2025-08-28T08:52:05","date_gmt":"2025-08-28T05:52:05","guid":{"rendered":"https:\/\/roveyayinevi.com.tr\/index.php\/urun\/duru\/"},"modified":"2026-04-13T03:20:48","modified_gmt":"2026-04-13T00:20:48","slug":"duru","status":"publish","type":"product","link":"https:\/\/roveyayinevi.com.tr\/index.php\/urun\/duru\/","title":{"rendered":"Duru"},"content":{"rendered":"<p>Bu Duru\u2019nun de\u011fil, senin hik\u00e2yen\u2026   Bu kitapta anlat\u0131lan umut, \u015fa\u015fk\u0131nl\u0131k, hayal k\u0131r\u0131kl\u0131klar\u0131, m\u00fccadele, t\u00fckenmi\u015flik, \u00f6zlem, \u00e7\u00f6k\u00fc\u015f, sevgi, fedak\u00e2rl\u0131k, ba\u011fl\u0131l\u0131k, yalan, iki y\u00fczl\u00fcl\u00fck ve ebedi kay\u0131p\u2026 T\u00fcm bu duygular\u0131n ruhumuzda yaratt\u0131\u011f\u0131 depremi, kimimiz daha hafif, kimimiz ise daha y\u0131k\u0131c\u0131 ya\u015fam\u0131yor muyuz? O deprem, kimimizde \u00e7atlaklar yarat\u0131rken, kimimizde ise kolonlar\u0131, kiri\u015fleri y\u0131km\u0131yor mu?   Peki sende olan hangisi?<\/p>\n","protected":false},"excerpt":{"rendered":"<p>Bu Duru\u2019nun de\u011fil, senin hik\u00e2yen\u2026 Bu kitapta anlat\u0131lan umut, \u015fa\u015fk\u0131nl\u0131k, hayal k\u0131r\u0131kl\u0131klar\u0131, m\u00fccadele, t\u00fckenmi\u015flik, \u00f6zlem, \u00e7\u00f6k\u00fc\u015f, sevgi, fedak\u00e2rl\u0131k, ba\u011fl\u0131l\u0131k, yalan, iki y\u00fczl\u00fcl\u00fck ve ebedi kay\u0131p\u2026 T\u00fcm<span class=\"excerpt-hellip\"> [\u2026]<\/span><\/p>\n","protected":false},"featured_media":0,"template":"","meta":{"_monsterinsights_skip_tracking":false,"_monsterinsights_sitenote_active":false,"_monsterinsights_sitenote_note":"","_monsterinsights_sitenote_category":0},"product_brand":[],"product_cat":[12291,12711],"product_tag":[],"class_list":{"0":"post-760029","1":"product","2":"type-product","3":"status-publish","5":"product_cat-edebiyat","6":"product_cat-roman-oyku","7":"pa_cilt-ciltsiz","8":"pa_tur-kitap","9":"pa_yayinevi-luna-yayinlari","10":"pa_yazar-melda-agan","12":"first","13":"instock","14":"sale","15":"shipping-taxable","16":"purchasable","17":"product-type-simple"},"_links":{"self":[{"href":"https:\/\/roveyayinevi.com.tr\/index.php\/wp-json\/wp\/v2\/product\/760029","targetHints":{"allow":["GET"]}}],"collection":[{"href":"https:\/\/roveyayinevi.com.tr\/index.php\/wp-json\/wp\/v2\/product"}],"about":[{"href":"https:\/\/roveyayinevi.com.tr\/index.php\/wp-json\/wp\/v2\/types\/product"}],"wp:attachment":[{"href":"https:\/\/roveyayinevi.com.tr\/index.php\/wp-json\/wp\/v2\/media?parent=760029"}],"wp:term":[{"taxonomy":"product_brand","embeddable":true,"href":"https:\/\/roveyayinevi.com.tr\/index.php\/wp-json\/wp\/v2\/product_brand?post=760029"},{"taxonomy":"product_cat","embeddable":true,"href":"https:\/\/roveyayinevi.com.tr\/index.php\/wp-json\/wp\/v2\/product_cat?post=760029"},{"taxonomy":"product_tag","embeddable":true,"href":"https:\/\/roveyayinevi.com.tr\/index.php\/wp-json\/wp\/v2\/product_tag?post=760029"}],"curies":[{"name":"wp","href":"https:\/\/api.w.org\/{rel}","templated":true}]}}