{"id":760028,"date":"2025-08-28T08:52:04","date_gmt":"2025-08-28T05:52:04","guid":{"rendered":"https:\/\/roveyayinevi.com.tr\/index.php\/urun\/dahilerin-yok-artik-dedirtecek-yonleri\/"},"modified":"2026-04-16T03:13:00","modified_gmt":"2026-04-16T00:13:00","slug":"dahilerin-yok-artik-dedirtecek-yonleri","status":"publish","type":"product","link":"https:\/\/roveyayinevi.com.tr\/index.php\/urun\/dahilerin-yok-artik-dedirtecek-yonleri\/","title":{"rendered":"Dahilerin Yok Art\u0131k Dedirtecek Y\u00f6nleri"},"content":{"rendered":"<p>Bunca y\u0131ld\u0131r d\u00e2hi olarak bildi\u011fimiz insanlar asl\u0131nda \u015fanslar\u0131 yaver giden normal insanlar m\u0131?   Katie Spalding bu kitab\u0131nda g\u00fcvercine \u00e2\u015f\u0131k Tesla, i\u015f g\u00fcvenli\u011fini hi\u00e7e sayan Marie Curie, salonu kafas\u0131na g\u00f6re terk eden Mozart, paranoyak ajan Hemingway, kokain ba\u011f\u0131ml\u0131s\u0131 Freud ve a\u015fk faresi Einstein gibi bir s\u00fcr\u00fc b\u00fcy\u00fck zek\u00e2n\u0131n kirli \u00e7ama\u015f\u0131rlar\u0131n\u0131 ortaya d\u00f6k\u00fcyor.   \u201cKatie Spalding sinir bozucu derecede yetenekli bir yazar. Komik ve abs\u00fcrt bilgilerle dolu olan D\u00e2hilerin \u2018Yok Art\u0131k!\u2019 Dedirtecek Y\u00f6nleri, herkesin asl\u0131nda g\u00f6r\u00fcnd\u00fc\u011f\u00fcnden \u00e7ok daha aptal oldu\u011funu anlatan bir kitap. Kendinizi Einstein\u2019dan daha az salak oldu\u011funuzu hissettiren bu kitaptan daha fazla ne isteyebilirsiniz ki?\u201d \u2013James Felton   \u201cSon derece keyifli. Leonardo da Vinci ile ilgili k\u0131s\u0131m beni g\u00fclmekten \u00f6ld\u00fcrd\u00fc ve Karl Marx k\u0131sm\u0131ndaki anekdot bu zamana kadar okuduklar\u0131m aras\u0131nda en iyi versiyonuydu. Zeki ve komik olup sevilmeyen ne var ki?\u201d \u2013Otto English   \u201cD\u00e2hilerin \u2018Yok Art\u0131k!\u2019 Dedirtecek Y\u00f6nleri, tarihi ara\u015ft\u0131rma ve komedinin ustaca birle\u015ftirilmi\u015f hali. Neredeyse her sayfada kahkahalarla g\u00fcld\u00fcm. D\u00e2hilerin aptall\u0131klar\u0131n\u0131 okumak ger\u00e7ekten ilham verici. Katie, bu d\u00e2hileri birka\u00e7 basamak a\u015fa\u011f\u0131 indirdi\u011fin ve geri kalanlar\u0131m\u0131z\u0131nsa daha zeki hissetmesini sa\u011flad\u0131\u011f\u0131n i\u00e7in te\u015fekk\u00fcr ederim.\u201d  \u2013Justin Gregg <\/p>\n","protected":false},"excerpt":{"rendered":"<p>Bunca y\u0131ld\u0131r d\u00e2hi olarak bildi\u011fimiz insanlar asl\u0131nda \u015fanslar\u0131 yaver giden normal insanlar m\u0131? Katie Spalding bu kitab\u0131nda g\u00fcvercine \u00e2\u015f\u0131k Tesla, i\u015f g\u00fcvenli\u011fini hi\u00e7e sayan Marie Curie,<span class=\"excerpt-hellip\"> [\u2026]<\/span><\/p>\n","protected":false},"featured_media":0,"template":"","meta":{"_monsterinsights_skip_tracking":false,"_monsterinsights_sitenote_active":false,"_monsterinsights_sitenote_note":"","_monsterinsights_sitenote_category":0},"product_brand":[],"product_cat":[13005,13006],"product_tag":[],"class_list":{"0":"post-760028","1":"product","2":"type-product","3":"status-publish","5":"product_cat-bilim-muhendislik","6":"product_cat-populer-bilim","7":"pa_cilt-ciltsiz","8":"pa_tur-kitap","9":"pa_yayinevi-mona-kitap","10":"pa_yazar-katie-spalding","12":"first","13":"instock","14":"sale","15":"shipping-taxable","16":"purchasable","17":"product-type-simple"},"_links":{"self":[{"href":"https:\/\/roveyayinevi.com.tr\/index.php\/wp-json\/wp\/v2\/product\/760028","targetHints":{"allow":["GET"]}}],"collection":[{"href":"https:\/\/roveyayinevi.com.tr\/index.php\/wp-json\/wp\/v2\/product"}],"about":[{"href":"https:\/\/roveyayinevi.com.tr\/index.php\/wp-json\/wp\/v2\/types\/product"}],"wp:attachment":[{"href":"https:\/\/roveyayinevi.com.tr\/index.php\/wp-json\/wp\/v2\/media?parent=760028"}],"wp:term":[{"taxonomy":"product_brand","embeddable":true,"href":"https:\/\/roveyayinevi.com.tr\/index.php\/wp-json\/wp\/v2\/product_brand?post=760028"},{"taxonomy":"product_cat","embeddable":true,"href":"https:\/\/roveyayinevi.com.tr\/index.php\/wp-json\/wp\/v2\/product_cat?post=760028"},{"taxonomy":"product_tag","embeddable":true,"href":"https:\/\/roveyayinevi.com.tr\/index.php\/wp-json\/wp\/v2\/product_tag?post=760028"}],"curies":[{"name":"wp","href":"https:\/\/api.w.org\/{rel}","templated":true}]}}