{"id":760024,"date":"2025-08-28T08:51:58","date_gmt":"2025-08-28T05:51:58","guid":{"rendered":"https:\/\/roveyayinevi.com.tr\/index.php\/urun\/para-uzerine\/"},"modified":"2026-04-16T03:13:00","modified_gmt":"2026-04-16T00:13:00","slug":"para-uzerine","status":"publish","type":"product","link":"https:\/\/roveyayinevi.com.tr\/index.php\/urun\/para-uzerine\/","title":{"rendered":"Para \u00dczerine"},"content":{"rendered":"<p>\u0130nsanl\u0131\u011f\u0131n b\u00fcy\u00fck k\u0131sm\u0131 iki gruba ayr\u0131l\u0131r: Hakikatin gerisinde kalan s\u0131\u011f d\u00fc\u015f\u00fcn\u00fcrler ve hakikatin \u00f6tesine ge\u00e7en soyut d\u00fc\u015f\u00fcn\u00fcrler. \u0130kinci grup, a\u00e7\u0131k ara en nadir oland\u0131r. Ayr\u0131ca bu grubun b\u00fcy\u00fck farkla en yararl\u0131 ve de\u011ferli olan grup oldu\u011funu da ekleyebilirim. Bu gruba dahil olanlar en az\u0131ndan ipucu verirler ve belki de pe\u015finden gitmek i\u00e7in beceri gereken zorluklar\u0131 ortaya atsalar da bu zorluklar daha adilane bir d\u00fc\u015f\u00fcnce tarz\u0131na sahip ki\u015filer taraf\u0131ndan ele al\u0131nd\u0131\u011f\u0131nda daha kaliteli \u015feyler ortaya \u00e7\u0131kabilir. En k\u00f6t\u00fc ihtimalle, s\u00f6yledikleri al\u0131\u015f\u0131lmad\u0131k \u015feylerdir. S\u00f6ylediklerini anlamak biraz zahmetli olsa da insan yine de yeni bir \u015fey duyman\u0131n zevkine var\u0131r. Bize her kahvehane sohbetinden \u00f6\u011frenebilece\u011fimizden fazlas\u0131n\u0131 s\u00f6ylemeyen yazara pek de\u011fer verilmez. S\u0131\u011f d\u00fc\u015f\u00fcnceli insanlar, sa\u011flam anlay\u0131\u015fa sahip olanlar\u0131 bile abart\u0131l\u0131 d\u00fc\u015f\u00fcn\u00fcrler, metafizik\u00e7iler ve ince eleyip s\u0131k dokuyanlar olarak karalamaya e\u011filimlidirler ve kendi s\u0131n\u0131rl\u0131 alg\u0131lar\u0131n\u0131n \u00f6tesinde olan herhangi bir \u015feyin do\u011fru oldu\u011funu asla kabul etmezler. <\/p>\n","protected":false},"excerpt":{"rendered":"<p>\u0130nsanl\u0131\u011f\u0131n b\u00fcy\u00fck k\u0131sm\u0131 iki gruba ayr\u0131l\u0131r: Hakikatin gerisinde kalan s\u0131\u011f d\u00fc\u015f\u00fcn\u00fcrler ve hakikatin \u00f6tesine ge\u00e7en soyut d\u00fc\u015f\u00fcn\u00fcrler. \u0130kinci grup, a\u00e7\u0131k ara en nadir oland\u0131r. Ayr\u0131ca bu<span class=\"excerpt-hellip\"> [\u2026]<\/span><\/p>\n","protected":false},"featured_media":0,"template":"","meta":{"_monsterinsights_skip_tracking":false,"_monsterinsights_sitenote_active":false,"_monsterinsights_sitenote_note":"","_monsterinsights_sitenote_category":0},"product_brand":[],"product_cat":[12364],"product_tag":[],"class_list":{"0":"post-760024","1":"product","2":"type-product","3":"status-publish","5":"product_cat-genel-konular","6":"pa_cilt-ciltsiz","7":"pa_tur-kitap","8":"pa_yayinevi-efil-yayinevi","9":"pa_yazar-david-hume","11":"first","12":"instock","13":"sale","14":"shipping-taxable","15":"purchasable","16":"product-type-simple"},"_links":{"self":[{"href":"https:\/\/roveyayinevi.com.tr\/index.php\/wp-json\/wp\/v2\/product\/760024","targetHints":{"allow":["GET"]}}],"collection":[{"href":"https:\/\/roveyayinevi.com.tr\/index.php\/wp-json\/wp\/v2\/product"}],"about":[{"href":"https:\/\/roveyayinevi.com.tr\/index.php\/wp-json\/wp\/v2\/types\/product"}],"wp:attachment":[{"href":"https:\/\/roveyayinevi.com.tr\/index.php\/wp-json\/wp\/v2\/media?parent=760024"}],"wp:term":[{"taxonomy":"product_brand","embeddable":true,"href":"https:\/\/roveyayinevi.com.tr\/index.php\/wp-json\/wp\/v2\/product_brand?post=760024"},{"taxonomy":"product_cat","embeddable":true,"href":"https:\/\/roveyayinevi.com.tr\/index.php\/wp-json\/wp\/v2\/product_cat?post=760024"},{"taxonomy":"product_tag","embeddable":true,"href":"https:\/\/roveyayinevi.com.tr\/index.php\/wp-json\/wp\/v2\/product_tag?post=760024"}],"curies":[{"name":"wp","href":"https:\/\/api.w.org\/{rel}","templated":true}]}}