{"id":760008,"date":"2025-08-28T08:51:26","date_gmt":"2025-08-28T05:51:26","guid":{"rendered":"https:\/\/roveyayinevi.com.tr\/index.php\/urun\/hayvan-mitoslari\/"},"modified":"2026-04-16T03:13:00","modified_gmt":"2026-04-16T00:13:00","slug":"hayvan-mitoslari","status":"publish","type":"product","link":"https:\/\/roveyayinevi.com.tr\/index.php\/urun\/hayvan-mitoslari\/","title":{"rendered":"Hayvan Mitoslar\u0131"},"content":{"rendered":"<p>Hayvanlar ya\u015fam\u0131n ortaya \u00e7\u0131k\u0131\u015f\u0131ndan bu yana say\u0131s\u0131z forma b\u00fcr\u00fcnerek d\u00fcnyaya hareket katar. Sulardan karalara \u00e7\u0131k\u0131\u015fta, ge\u00e7tikleri yerlere yuvalar kurar, g\u00f6zler a\u00e7arlar. B\u00f6ylece soluk alan yery\u00fcz\u00fcn\u00fc t\u00fcyler, zarlar, kabuklar ve dikenlerle donat\u0131rlar. Vakti y\u00fcr\u00fcten de onlard\u0131r, iklimleri ta\u015f\u0131yan da. Mitolojide hayvanlar evrenin yarat\u0131l\u0131\u015f\u0131nda bizzat yer al\u0131r. \u0130lk bal\u00e7\u0131\u011f\u0131 onlar bulup getirir, g\u00f6ky\u00fcz\u00fcn\u00fc havaya kald\u0131r\u0131r ve bo\u015flu\u011fa yer a\u00e7arlar. D\u00fcnyay\u0131 hayvanlar ta\u015f\u0131r. Tufan\u0131 haber verip ya\u015fam\u0131 devam ettiren hayvanlar, f\u0131rt\u0131nalar\u0131 da \u00f6nden duyurur. Kentlerin nereye kurulaca\u011f\u0131 hayvanlardan sorulur. \u00c7\u00fcnk\u00fc her hayvan bir k\u00e2hindir; gelecek, hayvan\u0131n i\u00e7inden okunur. Hayvanlar, tanr\u0131larla \u00f6l\u00fcler ve tanr\u0131larla ya\u015fayanlar aras\u0131nda \u00e7evirmendir. \u015eamanlar bir hayvana b\u00fcr\u00fcnerek yer de\u011fi\u015ftirir. Hayvanlar insana insanlar hayvana d\u00f6n\u00fc\u015f\u00fcr. Bazen de her ikisi bir bedende bulu\u015fur. \u00d6l\u00fcm\u00fcn bilgisi hayvandad\u0131r, \u00f6l\u00fcms\u00fczl\u00fc\u011f\u00fcn s\u0131rr\u0131 da. \u0130nsan \u00f6lmeyi hayvanlardan \u00f6\u011frenir. Hayvan Mitoslar\u0131, eski \u00e7a\u011flardan ve farkl\u0131 co\u011frafyalardan ge\u00e7erek hayvan\u0131n metaforik izlerini mitoslar arac\u0131l\u0131\u011f\u0131yla s\u00fcr\u00fcyor. Ar\u0131lardan ku\u015flara, bal\u0131klardan s\u00fcr\u00fcngenlere hayvanlar\u0131 konu eden bu \u00e7al\u0131\u015fma, k\u00fclt\u00fcr\u00fcn \u201cyeniden yaratt\u0131\u011f\u0131\u201d hayvanlar\u0131n b\u00fcy\u00fcl\u00fc ve devingen d\u00fcnyas\u0131na kapsaml\u0131 bir bak\u0131\u015f i\u00e7eriyor.<\/p>\n","protected":false},"excerpt":{"rendered":"<p>Hayvanlar ya\u015fam\u0131n ortaya \u00e7\u0131k\u0131\u015f\u0131ndan bu yana say\u0131s\u0131z forma b\u00fcr\u00fcnerek d\u00fcnyaya hareket katar. Sulardan karalara \u00e7\u0131k\u0131\u015fta, ge\u00e7tikleri yerlere yuvalar kurar, g\u00f6zler a\u00e7arlar. B\u00f6ylece soluk alan yery\u00fcz\u00fcn\u00fc t\u00fcyler,<span class=\"excerpt-hellip\"> [\u2026]<\/span><\/p>\n","protected":false},"featured_media":0,"template":"","meta":{"_monsterinsights_skip_tracking":false,"_monsterinsights_sitenote_active":false,"_monsterinsights_sitenote_note":"","_monsterinsights_sitenote_category":0},"product_brand":[],"product_cat":[12718,12858],"product_tag":[],"class_list":{"0":"post-760008","1":"product","2":"type-product","3":"status-publish","5":"product_cat-din","6":"product_cat-mitolojiler","7":"pa_cilt-ciltsiz","8":"pa_tur-kitap","9":"pa_yayinevi-pinhan-yayincilik","10":"pa_yazar-deniz-gezgin","12":"first","13":"instock","14":"sale","15":"shipping-taxable","16":"purchasable","17":"product-type-simple"},"_links":{"self":[{"href":"https:\/\/roveyayinevi.com.tr\/index.php\/wp-json\/wp\/v2\/product\/760008","targetHints":{"allow":["GET"]}}],"collection":[{"href":"https:\/\/roveyayinevi.com.tr\/index.php\/wp-json\/wp\/v2\/product"}],"about":[{"href":"https:\/\/roveyayinevi.com.tr\/index.php\/wp-json\/wp\/v2\/types\/product"}],"wp:attachment":[{"href":"https:\/\/roveyayinevi.com.tr\/index.php\/wp-json\/wp\/v2\/media?parent=760008"}],"wp:term":[{"taxonomy":"product_brand","embeddable":true,"href":"https:\/\/roveyayinevi.com.tr\/index.php\/wp-json\/wp\/v2\/product_brand?post=760008"},{"taxonomy":"product_cat","embeddable":true,"href":"https:\/\/roveyayinevi.com.tr\/index.php\/wp-json\/wp\/v2\/product_cat?post=760008"},{"taxonomy":"product_tag","embeddable":true,"href":"https:\/\/roveyayinevi.com.tr\/index.php\/wp-json\/wp\/v2\/product_tag?post=760008"}],"curies":[{"name":"wp","href":"https:\/\/api.w.org\/{rel}","templated":true}]}}