{"id":759996,"date":"2025-08-28T08:51:05","date_gmt":"2025-08-28T05:51:05","guid":{"rendered":"https:\/\/roveyayinevi.com.tr\/index.php\/urun\/anilarla-mucadele-dolu-yillarim\/"},"modified":"2026-01-29T03:51:58","modified_gmt":"2026-01-29T00:51:58","slug":"anilarla-mucadele-dolu-yillarim","status":"publish","type":"product","link":"https:\/\/roveyayinevi.com.tr\/index.php\/urun\/anilarla-mucadele-dolu-yillarim\/","title":{"rendered":"An\u0131larla M\u00fccadele Dolu Y\u0131llar\u0131m"},"content":{"rendered":"<p>Otobiyografik bir kitap olan An\u0131larla M\u00fccadele Dolu Y\u0131llar\u0131m, \u00e7ocuklu\u011fundan g\u00fcn\u00fcm\u00fcze kadar Ziya Halis\u2019in hayat\u0131n\u0131n \u00e7e\u015fitli y\u00f6nleriyle i\u00e7tenlikli bir anlat\u0131m\u0131d\u0131r. Kitap, her ne kadar bir \u00f6z ya\u015fam \u00f6yk\u00fcs\u00fc olsa da, T\u00fcrkiye siyaset tarihinin \u00e7alkant\u0131l\u0131 y\u0131llar\u0131 olan 90\u2019lar boyunca ya\u015fanm\u0131\u015f Sivas Katliam\u0131, Gazi Olaylar\u0131, Nurtepe Olay\u0131 gibi bir\u00e7ok \u00f6nemli olay\u0131n arka plan\u0131na da \u0131\u015f\u0131k tutmaktad\u0131r. Kitap, ayr\u0131ca devletin \u00fcst d\u00fczey y\u00f6neticilerinin bask\u0131s\u0131na, h\u00fck\u00fcmetin ve siyasi parti y\u00f6neticilerinin itirazlar\u0131na ra\u011fmen grev erteleme kararnamesini imzalamayarak \u201cKimse bana grev erteletemez\u201d kararl\u0131\u011f\u0131n\u0131 sonuna kadar korumu\u015f bir \u00c7al\u0131\u015fma ve Sosyal G\u00fcvenlik Bakan\u0131\u2019n\u0131n penceresinden, h\u00fck\u00fcmet-i\u015fveren-sendika-i\u015f\u00e7i diyalo\u011funun perde arkas\u0131n\u0131 okuma f\u0131rsat\u0131 da sunmaktad\u0131r. Bu kitap; g\u00fcndelik siyasetin s\u0131radan ili\u015fkilerinden, siyasetin sinir u\u00e7lar\u0131na temas eden anlar\u0131na varana kadar emekten yana, demokratik ve \u00e7o\u011fulcu bir anlay\u0131\u015ftan \u00f6d\u00fcn vermeden var olabilmenin m\u00fcmk\u00fcn oldu\u011funu g\u00f6stermesi a\u00e7\u0131s\u0131ndan da dikkate de\u011ferdir. Halis\u2019in \u00f6zel ar\u015fivindeki belgelerle desteklenen bu \u00e7al\u0131\u015fma, k\u00e2h bir \u00e7ocu\u011fun, k\u00e2h bir \u00f6\u011frencinin, \u00e7o\u011funlukla da bir siyaset\u00e7inin g\u00f6z\u00fcnden d\u00f6nemin ruhunu iliklerimize kadar hissettirmektedir&#8230; <\/p>\n","protected":false},"excerpt":{"rendered":"<p>Otobiyografik bir kitap olan An\u0131larla M\u00fccadele Dolu Y\u0131llar\u0131m, \u00e7ocuklu\u011fundan g\u00fcn\u00fcm\u00fcze kadar Ziya Halis\u2019in hayat\u0131n\u0131n \u00e7e\u015fitli y\u00f6nleriyle i\u00e7tenlikli bir anlat\u0131m\u0131d\u0131r. Kitap, her ne kadar bir \u00f6z ya\u015fam<span class=\"excerpt-hellip\"> [\u2026]<\/span><\/p>\n","protected":false},"featured_media":0,"template":"","meta":{"_monsterinsights_skip_tracking":false,"_monsterinsights_sitenote_active":false,"_monsterinsights_sitenote_note":"","_monsterinsights_sitenote_category":0},"product_brand":[],"product_cat":[13701,12291],"product_tag":[],"class_list":{"0":"post-759996","1":"product","2":"type-product","3":"status-publish","5":"product_cat-ani-mektup-gunluk","6":"product_cat-edebiyat","7":"pa_cilt-ciltsiz","8":"pa_tur-kitap","9":"pa_yayinevi-utopya-yayinevi","10":"pa_yazar-ziya-halis","12":"first","13":"instock","14":"sale","15":"shipping-taxable","16":"purchasable","17":"product-type-simple"},"_links":{"self":[{"href":"https:\/\/roveyayinevi.com.tr\/index.php\/wp-json\/wp\/v2\/product\/759996","targetHints":{"allow":["GET"]}}],"collection":[{"href":"https:\/\/roveyayinevi.com.tr\/index.php\/wp-json\/wp\/v2\/product"}],"about":[{"href":"https:\/\/roveyayinevi.com.tr\/index.php\/wp-json\/wp\/v2\/types\/product"}],"wp:attachment":[{"href":"https:\/\/roveyayinevi.com.tr\/index.php\/wp-json\/wp\/v2\/media?parent=759996"}],"wp:term":[{"taxonomy":"product_brand","embeddable":true,"href":"https:\/\/roveyayinevi.com.tr\/index.php\/wp-json\/wp\/v2\/product_brand?post=759996"},{"taxonomy":"product_cat","embeddable":true,"href":"https:\/\/roveyayinevi.com.tr\/index.php\/wp-json\/wp\/v2\/product_cat?post=759996"},{"taxonomy":"product_tag","embeddable":true,"href":"https:\/\/roveyayinevi.com.tr\/index.php\/wp-json\/wp\/v2\/product_tag?post=759996"}],"curies":[{"name":"wp","href":"https:\/\/api.w.org\/{rel}","templated":true}]}}