{"id":759983,"date":"2025-08-28T08:50:39","date_gmt":"2025-08-28T05:50:39","guid":{"rendered":"https:\/\/roveyayinevi.com.tr\/index.php\/urun\/hoyrat\/"},"modified":"2026-04-16T03:12:59","modified_gmt":"2026-04-16T00:12:59","slug":"hoyrat","status":"publish","type":"product","link":"https:\/\/roveyayinevi.com.tr\/index.php\/urun\/hoyrat\/","title":{"rendered":"Hoyrat"},"content":{"rendered":"<p>Hayat a\u011fa\u00e7 gibi, \u015fehir gibi madde de\u011fildi, zaman\u0131n i\u00e7indeydi. Hayat\u0131n a\u011fa\u00e7 gibi, \u015fehir gibi \u00e7ift diki\u015fi yoktu \u00e7\u00fcnk\u00fc insan \u00f6l\u00fcml\u00fcyd\u00fc. Hayat\u0131n beni bekledi\u011fi yoktu. Umuru bile de\u011fildim. Hayat zaman\u0131n i\u00e7ine yerle\u015fmi\u015f, ayaklar\u0131n\u0131 uzatm\u0131\u015f, oluyordu da oluyordu. Zaman ise i\u015fini yap\u0131yor, kendini hoyrat kullanan\u0131 kale alm\u0131yor, kendini hoyrat kullan\u0131p da ibadetini aksatana tahamm\u00fcl\u00fc de, m\u00fcsamahas\u0131 da olmad\u0131\u011f\u0131n\u0131 k\u0131yamet gibi bildiriyordu. Hayat\u0131 zaman\u0131n istedi\u011finden gayr\u0131 ya\u015famak g\u00fcnaht\u0131.   Sepin Sinanl\u0131o\u011flu\u2019dan edebiyata parlak bir giri\u015f. Hoyrat, sadece yeni bir kitab\u0131n de\u011fil, iyi bir yazar\u0131n da habercisi. -Kemal Varol   Belle\u011fin kuytusundan s\u0131zan, unutu\u015fun sisini aralayan bir ezgi. -Defne Suman   Sepin Sinanl\u0131o\u011flu, eski yaralara yeni bir anlat\u0131 kurarak yakla\u015f\u0131yor, a\u011fac\u0131n sesini dinleyerek suyun yata\u011f\u0131n\u0131 izliyor. -Mahir \u00dcnsal Eri\u015f   Aile yadig\u00e2r\u0131 piyanonun pe\u015finden ge\u00e7mi\u015fi, a\u015fk\u0131 ve aidiyeti bulmak i\u00e7in \u0130stanbul\u2019dan Bitlis\u2019e bir yolculuk\u2026 Miran ile Leyla\u2019n\u0131n b\u00fcy\u00fck a\u015fk\u0131n\u0131n hik\u00e2yesi. <\/p>\n","protected":false},"excerpt":{"rendered":"<p>Hayat a\u011fa\u00e7 gibi, \u015fehir gibi madde de\u011fildi, zaman\u0131n i\u00e7indeydi. Hayat\u0131n a\u011fa\u00e7 gibi, \u015fehir gibi \u00e7ift diki\u015fi yoktu \u00e7\u00fcnk\u00fc insan \u00f6l\u00fcml\u00fcyd\u00fc. Hayat\u0131n beni bekledi\u011fi yoktu. Umuru bile<span class=\"excerpt-hellip\"> [\u2026]<\/span><\/p>\n","protected":false},"featured_media":0,"template":"","meta":{"_monsterinsights_skip_tracking":false,"_monsterinsights_sitenote_active":false,"_monsterinsights_sitenote_note":"","_monsterinsights_sitenote_category":0},"product_brand":[],"product_cat":[12291,12711],"product_tag":[],"class_list":{"0":"post-759983","1":"product","2":"type-product","3":"status-publish","5":"product_cat-edebiyat","6":"product_cat-roman-oyku","7":"pa_cilt-ciltsiz","8":"pa_tur-kitap","9":"pa_yayinevi-dogan-kitap","10":"pa_yazar-sepin-sinanlioglu","12":"first","13":"instock","14":"sale","15":"shipping-taxable","16":"purchasable","17":"product-type-simple"},"_links":{"self":[{"href":"https:\/\/roveyayinevi.com.tr\/index.php\/wp-json\/wp\/v2\/product\/759983","targetHints":{"allow":["GET"]}}],"collection":[{"href":"https:\/\/roveyayinevi.com.tr\/index.php\/wp-json\/wp\/v2\/product"}],"about":[{"href":"https:\/\/roveyayinevi.com.tr\/index.php\/wp-json\/wp\/v2\/types\/product"}],"wp:attachment":[{"href":"https:\/\/roveyayinevi.com.tr\/index.php\/wp-json\/wp\/v2\/media?parent=759983"}],"wp:term":[{"taxonomy":"product_brand","embeddable":true,"href":"https:\/\/roveyayinevi.com.tr\/index.php\/wp-json\/wp\/v2\/product_brand?post=759983"},{"taxonomy":"product_cat","embeddable":true,"href":"https:\/\/roveyayinevi.com.tr\/index.php\/wp-json\/wp\/v2\/product_cat?post=759983"},{"taxonomy":"product_tag","embeddable":true,"href":"https:\/\/roveyayinevi.com.tr\/index.php\/wp-json\/wp\/v2\/product_tag?post=759983"}],"curies":[{"name":"wp","href":"https:\/\/api.w.org\/{rel}","templated":true}]}}