{"id":759963,"date":"2025-08-28T08:50:06","date_gmt":"2025-08-28T05:50:06","guid":{"rendered":"https:\/\/roveyayinevi.com.tr\/index.php\/urun\/avusturyada-aleviler\/"},"modified":"2026-04-16T03:12:59","modified_gmt":"2026-04-16T00:12:59","slug":"avusturyada-aleviler","status":"publish","type":"product","link":"https:\/\/roveyayinevi.com.tr\/index.php\/urun\/avusturyada-aleviler\/","title":{"rendered":"Avusturya\u2019da Aleviler"},"content":{"rendered":"<p>Bir \u00dclke D\u00fc\u015f\u00fcn\u00fcn Ki&#8230;   O \u00fclkede ya\u015fayan Alevi inanc\u0131na mensup canlar\u0131n inan\u00e7lar\u0131 yasal stat\u00fcde tan\u0131n\u0131yor olsun! Alevi inanc\u0131 da di\u011fer yasal tan\u0131nan inan\u00e7 toplumlar\u0131yla e\u015fit haklara sahip olsun! Cemevleri de kilise, sinagog ve camiler gibi ibadethane niteli\u011fi kazans\u0131n! Alevi Dedeleri, Analar\u0131, Babalar\u0131 yasada \u201c\u0130nan\u00e7 \u00d6nderi\u201d olarak tan\u0131ns\u0131n! Alevi inanc\u0131na mensup canlar\u0131n resm\u00ee evraklar\u0131n\u0131n inan\u00e7 hanesinde \u201cAlevi\u201d yazs\u0131n! Kurban Bayram\u0131, A\u015fure G\u00fcn\u00fc, H\u0131z\u0131r, Nevruz ve Gadir Hum G\u00fcnleri \u201cdini g\u00fcnler\u201d olarak kabul edilip resm\u00ee tatil ilan edilsin! Alevi Dedeleri taraf\u0131ndan askeriye, hastane ve hapishanede Alevilik inan\u00e7sal destek (rehberlik) hizmeti sunulsun! Alevilerin yo\u011fun ya\u015fad\u0131klar\u0131 \u015fehirlerin kent mezarl\u0131klar\u0131nda \u201cAlevi Mezarl\u0131\u011f\u0131\u201d b\u00f6l\u00fcm\u00fc olsun! Alevi inanc\u0131na mensup \u00f6\u011frencilerin karnelerinin inan\u00e7 hanesinde \u201cAlevi\u201d yazs\u0131n! Alevilik dersleri i\u00e7in gerekli ders m\u00fcfredatlar\u0131 yine Aleviler taraf\u0131ndan haz\u0131rlans\u0131n! Okullarda Alevi inanc\u0131na mensup \u00f6\u011fretmenler taraf\u0131ndan Alevilik dersleri sunulsun! \u00dclkenin en sayg\u0131n \u00fcniversitesinde d\u00fcnyada bir ilk olarak \u201cAlevilik Teoloji Anabilim Dal\u0131\u201d a\u00e7\u0131ls\u0131n! E\u011fitim Bilimleri Akademisi b\u00fcnyesindeki Alevi Enstit\u00fcs\u00fcnde \u201cAlevilik Dersleri \u00d6\u011fretmenli\u011fi B\u00f6l\u00fcm\u00fc\u201d var olsun\u2026 Ne dersiniz? T\u00fcrkiye\u2019den bak\u0131nca hayali bile g\u00fc\u00e7, de\u011fil mi? Oysa Aleviler bir Avrupa \u00fclkesi olan Avusturya\u2019da t\u00fcm bu haklara kavu\u015ftular. \u0130\u015fte elinizdeki bu \u00e7al\u0131\u015fma, d\u00fcnyada bir ilk olarak Avusturya\u2019da, ulusal \u00f6l\u00e7ekte ve yasal d\u00fczlemde di\u011fer inan\u00e7 toplumlar\u0131yla ayn\u0131 g\u00f6z hizas\u0131nda tan\u0131tt\u0131r\u0131lan inanc\u0131m\u0131z Alevili\u011fin tan\u0131nma yolculu\u011funu k\u0131saca payla\u015fmak amac\u0131yla kaleme al\u0131nd\u0131. <\/p>\n","protected":false},"excerpt":{"rendered":"<p>Bir \u00dclke D\u00fc\u015f\u00fcn\u00fcn Ki&#8230; O \u00fclkede ya\u015fayan Alevi inanc\u0131na mensup canlar\u0131n inan\u00e7lar\u0131 yasal stat\u00fcde tan\u0131n\u0131yor olsun! Alevi inanc\u0131 da di\u011fer yasal tan\u0131nan inan\u00e7 toplumlar\u0131yla e\u015fit haklara<span class=\"excerpt-hellip\"> [\u2026]<\/span><\/p>\n","protected":false},"featured_media":0,"template":"","meta":{"_monsterinsights_skip_tracking":false,"_monsterinsights_sitenote_active":false,"_monsterinsights_sitenote_note":"","_monsterinsights_sitenote_category":0},"product_brand":[],"product_cat":[12718],"product_tag":[],"class_list":{"0":"post-759963","1":"product","2":"type-product","3":"status-publish","5":"product_cat-din","6":"pa_cilt-ciltsiz","7":"pa_tur-kitap","8":"pa_yayinevi-la-kitap-yayinlari","9":"pa_yazar-erturk-maral-ozgur-erdogan","11":"first","12":"instock","13":"sale","14":"shipping-taxable","15":"purchasable","16":"product-type-simple"},"_links":{"self":[{"href":"https:\/\/roveyayinevi.com.tr\/index.php\/wp-json\/wp\/v2\/product\/759963","targetHints":{"allow":["GET"]}}],"collection":[{"href":"https:\/\/roveyayinevi.com.tr\/index.php\/wp-json\/wp\/v2\/product"}],"about":[{"href":"https:\/\/roveyayinevi.com.tr\/index.php\/wp-json\/wp\/v2\/types\/product"}],"wp:attachment":[{"href":"https:\/\/roveyayinevi.com.tr\/index.php\/wp-json\/wp\/v2\/media?parent=759963"}],"wp:term":[{"taxonomy":"product_brand","embeddable":true,"href":"https:\/\/roveyayinevi.com.tr\/index.php\/wp-json\/wp\/v2\/product_brand?post=759963"},{"taxonomy":"product_cat","embeddable":true,"href":"https:\/\/roveyayinevi.com.tr\/index.php\/wp-json\/wp\/v2\/product_cat?post=759963"},{"taxonomy":"product_tag","embeddable":true,"href":"https:\/\/roveyayinevi.com.tr\/index.php\/wp-json\/wp\/v2\/product_tag?post=759963"}],"curies":[{"name":"wp","href":"https:\/\/api.w.org\/{rel}","templated":true}]}}