{"id":759957,"date":"2025-08-28T08:49:56","date_gmt":"2025-08-28T05:49:56","guid":{"rendered":"https:\/\/roveyayinevi.com.tr\/index.php\/urun\/afacan-ile-bilgin-kurtarma-operasyonu\/"},"modified":"2026-04-16T03:12:59","modified_gmt":"2026-04-16T00:12:59","slug":"afacan-ile-bilgin-kurtarma-operasyonu","status":"publish","type":"product","link":"https:\/\/roveyayinevi.com.tr\/index.php\/urun\/afacan-ile-bilgin-kurtarma-operasyonu\/","title":{"rendered":"Afacan ile Bilgin &#8211; Kurtarma Operasyonu"},"content":{"rendered":"<p>Afacan ile Bilgin birbirine hi\u00e7 benzemeyen iki \u00e7ok iyi dost. Biri heyecanl\u0131 m\u0131 heyecanl\u0131, di\u011feri ise biraz \u00e7ekingen. Birlikte ge\u00e7irdikleri her an ise birbirinden e\u011flenceli! <\/p>\n","protected":false},"excerpt":{"rendered":"<p>Afacan ile Bilgin birbirine hi\u00e7 benzemeyen iki \u00e7ok iyi dost. Biri heyecanl\u0131 m\u0131 heyecanl\u0131, di\u011feri ise biraz \u00e7ekingen. Birlikte ge\u00e7irdikleri her an ise birbirinden e\u011flenceli!<\/p>\n","protected":false},"featured_media":0,"template":"","meta":{"_monsterinsights_skip_tracking":false,"_monsterinsights_sitenote_active":false,"_monsterinsights_sitenote_note":"","_monsterinsights_sitenote_category":0},"product_brand":[],"product_cat":[12274,12284],"product_tag":[],"class_list":{"0":"post-759957","1":"product","2":"type-product","3":"status-publish","5":"product_cat-cocuk-ve-genclik-kitaplari","6":"product_cat-hikayeler","7":"pa_cilt-ciltsiz","8":"pa_tur-kitap","9":"pa_yayinevi-ketebe-yayinlari","10":"pa_yazar-alan-macdonald","12":"first","13":"instock","14":"sale","15":"shipping-taxable","16":"purchasable","17":"product-type-simple"},"_links":{"self":[{"href":"https:\/\/roveyayinevi.com.tr\/index.php\/wp-json\/wp\/v2\/product\/759957","targetHints":{"allow":["GET"]}}],"collection":[{"href":"https:\/\/roveyayinevi.com.tr\/index.php\/wp-json\/wp\/v2\/product"}],"about":[{"href":"https:\/\/roveyayinevi.com.tr\/index.php\/wp-json\/wp\/v2\/types\/product"}],"wp:attachment":[{"href":"https:\/\/roveyayinevi.com.tr\/index.php\/wp-json\/wp\/v2\/media?parent=759957"}],"wp:term":[{"taxonomy":"product_brand","embeddable":true,"href":"https:\/\/roveyayinevi.com.tr\/index.php\/wp-json\/wp\/v2\/product_brand?post=759957"},{"taxonomy":"product_cat","embeddable":true,"href":"https:\/\/roveyayinevi.com.tr\/index.php\/wp-json\/wp\/v2\/product_cat?post=759957"},{"taxonomy":"product_tag","embeddable":true,"href":"https:\/\/roveyayinevi.com.tr\/index.php\/wp-json\/wp\/v2\/product_tag?post=759957"}],"curies":[{"name":"wp","href":"https:\/\/api.w.org\/{rel}","templated":true}]}}