{"id":759927,"date":"2025-08-28T08:49:11","date_gmt":"2025-08-28T05:49:11","guid":{"rendered":"https:\/\/roveyayinevi.com.tr\/index.php\/urun\/cilgin-atasozleri-ciltli\/"},"modified":"2026-04-16T03:12:58","modified_gmt":"2026-04-16T00:12:58","slug":"cilgin-atasozleri-ciltli","status":"publish","type":"product","link":"https:\/\/roveyayinevi.com.tr\/index.php\/urun\/cilgin-atasozleri-ciltli\/","title":{"rendered":"\u00c7\u0131lg\u0131n Atas\u00f6zleri (Ciltli)"},"content":{"rendered":"<p>Duyduk duymad\u0131k demeyin, bu nas\u0131l s\u00f6z diye s\u00f6ylenmeyiiin! Emek olmadan yemek olmaz! E birazc\u0131k da kafa patlat\u0131n. \u015eaka \u015faka, biz sizin i\u00e7in kafam\u0131z\u0131 patlatt\u0131k ve atalar\u0131m\u0131z\u0131n ne demek istedi\u011fini sonunda bulduk!Ne demi\u015fler \u201cKom\u015fu kom\u015funun k\u00fcl\u00fcne muhta\u00e7t\u0131r.\u201d, \u201cSap d\u00f6ner, keser d\u00f6ner, g\u00fcn gelir hesap d\u00f6ner.\u201d, \u201c\u0130\u015fleyen demir pas tutmaz&#8230;\u201d Ayy, ne diyorum ben yahuu! Bunlar\u0131n hepsini kitab\u0131 okuyunca \u00f6\u011freneceksin zaten.Hadi daha ne duruyorsun, atalar\u0131m\u0131z\u0131 anlam\u0131n\u0131n yolu bu kitaptan ge\u00e7er!   <\/p>\n","protected":false},"excerpt":{"rendered":"<p>Duyduk duymad\u0131k demeyin, bu nas\u0131l s\u00f6z diye s\u00f6ylenmeyiiin! Emek olmadan yemek olmaz! E birazc\u0131k da kafa patlat\u0131n. \u015eaka \u015faka, biz sizin i\u00e7in kafam\u0131z\u0131 patlatt\u0131k ve atalar\u0131m\u0131z\u0131n<span class=\"excerpt-hellip\"> [\u2026]<\/span><\/p>\n","protected":false},"featured_media":0,"template":"","meta":{"_monsterinsights_skip_tracking":false,"_monsterinsights_sitenote_active":false,"_monsterinsights_sitenote_note":"","_monsterinsights_sitenote_category":0},"product_brand":[],"product_cat":[12291,18202],"product_tag":[],"class_list":{"0":"post-759927","1":"product","2":"type-product","3":"status-publish","5":"product_cat-edebiyat","6":"product_cat-hikaye","7":"pa_cilt-ciltli","8":"pa_tur-kitap","9":"pa_yayinevi-nesil-genc","10":"pa_yazar-yusuf-asal","12":"first","13":"instock","14":"sale","15":"shipping-taxable","16":"purchasable","17":"product-type-simple"},"_links":{"self":[{"href":"https:\/\/roveyayinevi.com.tr\/index.php\/wp-json\/wp\/v2\/product\/759927","targetHints":{"allow":["GET"]}}],"collection":[{"href":"https:\/\/roveyayinevi.com.tr\/index.php\/wp-json\/wp\/v2\/product"}],"about":[{"href":"https:\/\/roveyayinevi.com.tr\/index.php\/wp-json\/wp\/v2\/types\/product"}],"wp:attachment":[{"href":"https:\/\/roveyayinevi.com.tr\/index.php\/wp-json\/wp\/v2\/media?parent=759927"}],"wp:term":[{"taxonomy":"product_brand","embeddable":true,"href":"https:\/\/roveyayinevi.com.tr\/index.php\/wp-json\/wp\/v2\/product_brand?post=759927"},{"taxonomy":"product_cat","embeddable":true,"href":"https:\/\/roveyayinevi.com.tr\/index.php\/wp-json\/wp\/v2\/product_cat?post=759927"},{"taxonomy":"product_tag","embeddable":true,"href":"https:\/\/roveyayinevi.com.tr\/index.php\/wp-json\/wp\/v2\/product_tag?post=759927"}],"curies":[{"name":"wp","href":"https:\/\/api.w.org\/{rel}","templated":true}]}}