{"id":759925,"date":"2025-08-28T08:49:08","date_gmt":"2025-08-28T05:49:08","guid":{"rendered":"https:\/\/roveyayinevi.com.tr\/index.php\/urun\/evin-nerede-minik-ari\/"},"modified":"2026-04-16T03:12:58","modified_gmt":"2026-04-16T00:12:58","slug":"evin-nerede-minik-ari","status":"publish","type":"product","link":"https:\/\/roveyayinevi.com.tr\/index.php\/urun\/evin-nerede-minik-ari\/","title":{"rendered":"Evin Nerede Minik Ar\u0131?"},"content":{"rendered":"<p>Orman\u0131n kenar\u0131ndaki \u00e7ay\u0131rda arkada\u015flar\u0131yla ya\u015fayan Tatl\u0131kanat, g\u00fcnlerden bir g\u00fcn ormana i\u015f makinelerinin gelmesiyle birlikte yuvas\u0131n\u0131 b\u0131rakmak zorunda kal\u0131r. Kendine yeni bir yuva bulmak isteyen minik ar\u0131, macera dolu bir yolculu\u011fa \u00e7\u0131kar. Do\u011fa sevgisi ve dayan\u0131\u015fma \u00fczerine etkileyici bir \u00f6yk\u00fc\u2026 <\/p>\n","protected":false},"excerpt":{"rendered":"<p>Orman\u0131n kenar\u0131ndaki \u00e7ay\u0131rda arkada\u015flar\u0131yla ya\u015fayan Tatl\u0131kanat, g\u00fcnlerden bir g\u00fcn ormana i\u015f makinelerinin gelmesiyle birlikte yuvas\u0131n\u0131 b\u0131rakmak zorunda kal\u0131r. Kendine yeni bir yuva bulmak isteyen minik ar\u0131,<span class=\"excerpt-hellip\"> [\u2026]<\/span><\/p>\n","protected":false},"featured_media":0,"template":"","meta":{"_monsterinsights_skip_tracking":false,"_monsterinsights_sitenote_active":false,"_monsterinsights_sitenote_note":"","_monsterinsights_sitenote_category":0},"product_brand":[],"product_cat":[12274,12518],"product_tag":[],"class_list":{"0":"post-759925","1":"product","2":"type-product","3":"status-publish","5":"product_cat-cocuk-ve-genclik-kitaplari","6":"product_cat-okul-oncesi-kitaplar","7":"pa_cilt-ciltsiz","8":"pa_tur-kitap","9":"pa_yayinevi-is-bankasi-kultur-yayinlari","10":"pa_yazar-andrea-reitmeyer","12":"first","13":"instock","14":"sale","15":"shipping-taxable","16":"purchasable","17":"product-type-simple"},"_links":{"self":[{"href":"https:\/\/roveyayinevi.com.tr\/index.php\/wp-json\/wp\/v2\/product\/759925","targetHints":{"allow":["GET"]}}],"collection":[{"href":"https:\/\/roveyayinevi.com.tr\/index.php\/wp-json\/wp\/v2\/product"}],"about":[{"href":"https:\/\/roveyayinevi.com.tr\/index.php\/wp-json\/wp\/v2\/types\/product"}],"wp:attachment":[{"href":"https:\/\/roveyayinevi.com.tr\/index.php\/wp-json\/wp\/v2\/media?parent=759925"}],"wp:term":[{"taxonomy":"product_brand","embeddable":true,"href":"https:\/\/roveyayinevi.com.tr\/index.php\/wp-json\/wp\/v2\/product_brand?post=759925"},{"taxonomy":"product_cat","embeddable":true,"href":"https:\/\/roveyayinevi.com.tr\/index.php\/wp-json\/wp\/v2\/product_cat?post=759925"},{"taxonomy":"product_tag","embeddable":true,"href":"https:\/\/roveyayinevi.com.tr\/index.php\/wp-json\/wp\/v2\/product_tag?post=759925"}],"curies":[{"name":"wp","href":"https:\/\/api.w.org\/{rel}","templated":true}]}}