{"id":759918,"date":"2025-08-28T08:48:58","date_gmt":"2025-08-28T05:48:58","guid":{"rendered":"https:\/\/roveyayinevi.com.tr\/index.php\/urun\/doga-ve-yetistirme\/"},"modified":"2026-04-16T03:12:58","modified_gmt":"2026-04-16T00:12:58","slug":"doga-ve-yetistirme","status":"publish","type":"product","link":"https:\/\/roveyayinevi.com.tr\/index.php\/urun\/doga-ve-yetistirme\/","title":{"rendered":"Do\u011fa ve Yeti\u015ftirme"},"content":{"rendered":"<p>\u00c7ocuklar\u0131n duygusal geli\u015fimi hakk\u0131ndaki en son bilimsel verilerin e\u015fsiz bir sentezini sunan Do\u011fa ve Yeti\u015ftirme alan\u0131n \u00e7oksatarlar\u0131ndan biri. Ba\u011flanma teorisi, n\u00f6robilim, geli\u015fim psikolojisi ve k\u00fclt\u00fcrleraras\u0131 \u00e7al\u0131\u015fmalar gibi alanlardan \u00e7ok say\u0131da g\u00fcncel ve klasik \u00e7al\u0131\u015fmay\u0131 bir araya getiriyor. Anne karn\u0131ndaki ya\u015famdan okul \u00f6ncesi y\u0131llara ve ergenlik d\u00f6nemine uzanan temel geli\u015fim a\u015famalar\u0131n\u0131 ele al\u0131rken genler ve \u00e7evre, travma, ihmal ya da psikolojik dayan\u0131kl\u0131l\u0131k gibi \u00f6nemli konulara de\u011finiyor. Do\u011fa ve Yeti\u015ftirme, bilimsel a\u00e7\u0131dan g\u00fcvenilir ve kolay okunabilir bir kaynak sunmak amac\u0131yla farkl\u0131 disiplinlerden geni\u015f ara\u015ft\u0131rma yelpazesini kullanan deneyimli bir \u00e7ocuk terapisti taraf\u0131ndan yaz\u0131lm\u0131\u015ft\u0131r. \u0130nsan\u0131n ana rahmine d\u00fc\u015ft\u00fc\u011f\u00fc andan yeti\u015fkinli\u011fe uzanan yolculu\u011funa dair merak edilen sorular\u0131n \u00e7o\u011funa yan\u0131t veren kitap, \u00e7ocuk bak\u0131m\u0131 \u00f6\u011frencileri, \u00f6\u011fretmenler, sosyal hizmet uzmanlar\u0131, \u00e7ocuk dan\u0131\u015fmanl\u0131\u011f\u0131, psikiyatri ve psikoterapi alanlar\u0131nda e\u011fitim g\u00f6ren ya da \u00e7al\u0131\u015fanlar i\u00e7in temel bir ba\u015fvuru kayna\u011f\u0131d\u0131r.<\/p>\n","protected":false},"excerpt":{"rendered":"<p>\u00c7ocuklar\u0131n duygusal geli\u015fimi hakk\u0131ndaki en son bilimsel verilerin e\u015fsiz bir sentezini sunan Do\u011fa ve Yeti\u015ftirme alan\u0131n \u00e7oksatarlar\u0131ndan biri. Ba\u011flanma teorisi, n\u00f6robilim, geli\u015fim psikolojisi ve k\u00fclt\u00fcrleraras\u0131 \u00e7al\u0131\u015fmalar<span class=\"excerpt-hellip\"> [\u2026]<\/span><\/p>\n","protected":false},"featured_media":0,"template":"","meta":{"_monsterinsights_skip_tracking":false,"_monsterinsights_sitenote_active":false,"_monsterinsights_sitenote_note":"","_monsterinsights_sitenote_category":0},"product_brand":[],"product_cat":[20502,12357],"product_tag":[],"class_list":{"0":"post-759918","1":"product","2":"type-product","3":"status-publish","5":"product_cat-basvuru-kitaplari-psikoloji","6":"product_cat-psikoloji","7":"pa_cilt-ciltsiz","8":"pa_tur-kitap","9":"pa_yayinevi-is-bankasi-kultur-yayinlari","10":"pa_yazar-graham-music","12":"first","13":"instock","14":"sale","15":"shipping-taxable","16":"purchasable","17":"product-type-simple"},"_links":{"self":[{"href":"https:\/\/roveyayinevi.com.tr\/index.php\/wp-json\/wp\/v2\/product\/759918","targetHints":{"allow":["GET"]}}],"collection":[{"href":"https:\/\/roveyayinevi.com.tr\/index.php\/wp-json\/wp\/v2\/product"}],"about":[{"href":"https:\/\/roveyayinevi.com.tr\/index.php\/wp-json\/wp\/v2\/types\/product"}],"wp:attachment":[{"href":"https:\/\/roveyayinevi.com.tr\/index.php\/wp-json\/wp\/v2\/media?parent=759918"}],"wp:term":[{"taxonomy":"product_brand","embeddable":true,"href":"https:\/\/roveyayinevi.com.tr\/index.php\/wp-json\/wp\/v2\/product_brand?post=759918"},{"taxonomy":"product_cat","embeddable":true,"href":"https:\/\/roveyayinevi.com.tr\/index.php\/wp-json\/wp\/v2\/product_cat?post=759918"},{"taxonomy":"product_tag","embeddable":true,"href":"https:\/\/roveyayinevi.com.tr\/index.php\/wp-json\/wp\/v2\/product_tag?post=759918"}],"curies":[{"name":"wp","href":"https:\/\/api.w.org\/{rel}","templated":true}]}}