{"id":759904,"date":"2025-08-28T08:48:36","date_gmt":"2025-08-28T05:48:36","guid":{"rendered":"https:\/\/roveyayinevi.com.tr\/index.php\/urun\/kainatin-tilsim-i-muglaki\/"},"modified":"2026-04-16T03:12:57","modified_gmt":"2026-04-16T00:12:57","slug":"kainatin-tilsim-i-muglaki","status":"publish","type":"product","link":"https:\/\/roveyayinevi.com.tr\/index.php\/urun\/kainatin-tilsim-i-muglaki\/","title":{"rendered":"Kainat\u0131n T\u0131ls\u0131m-\u0131 Mu\u011flak\u0131"},"content":{"rendered":"<p>K\u00e2inat bir muamma&#8230; \u0130nsan, k\u00e2inat\u0131n \u00f6z\u00fc ve \u00f6zeti&#8230; D\u00fcnya, okunmas\u0131 gereken bir kitap&#8230; Modern zamanlar, \u015fimdilerde aray\u0131\u015fta&#8230; Modern insan aray\u0131\u015fta&#8230; \u00c7ok de\u011ferli sorular var: Ben kimim, nereden gelip, nereye gidiyorum? Hayat\u0131n anlam\u0131 ne, bu hayata hangi anlam\u0131 kat\u0131yorum? \u0130nsan\u0131n yery\u00fcz\u00fc ser\u00fcveninin hedefi ne? Bu kitap, buna benzer pek \u00e7ok soruya cevap veriyor. Anlam aray\u0131\u015f\u0131nda olanlara&#8230; Anlam kayb\u0131na son vermek isteyenlere&#8230; Bir buket tefekk\u00fcr. <\/p>\n","protected":false},"excerpt":{"rendered":"<p>K\u00e2inat bir muamma&#8230; \u0130nsan, k\u00e2inat\u0131n \u00f6z\u00fc ve \u00f6zeti&#8230; D\u00fcnya, okunmas\u0131 gereken bir kitap&#8230; Modern zamanlar, \u015fimdilerde aray\u0131\u015fta&#8230; Modern insan aray\u0131\u015fta&#8230; \u00c7ok de\u011ferli sorular var: Ben kimim,<span class=\"excerpt-hellip\"> [\u2026]<\/span><\/p>\n","protected":false},"featured_media":0,"template":"","meta":{"_monsterinsights_skip_tracking":false,"_monsterinsights_sitenote_active":false,"_monsterinsights_sitenote_note":"","_monsterinsights_sitenote_category":0},"product_brand":[],"product_cat":[12718,12719],"product_tag":[],"class_list":{"0":"post-759904","1":"product","2":"type-product","3":"status-publish","5":"product_cat-din","6":"product_cat-islam","7":"pa_cilt-ciltsiz","8":"pa_tur-kitap","9":"pa_yayinevi-foliant-yayinlari","10":"pa_yazar-sinan-yilmaz","12":"first","13":"instock","14":"sale","15":"shipping-taxable","16":"purchasable","17":"product-type-simple"},"_links":{"self":[{"href":"https:\/\/roveyayinevi.com.tr\/index.php\/wp-json\/wp\/v2\/product\/759904","targetHints":{"allow":["GET"]}}],"collection":[{"href":"https:\/\/roveyayinevi.com.tr\/index.php\/wp-json\/wp\/v2\/product"}],"about":[{"href":"https:\/\/roveyayinevi.com.tr\/index.php\/wp-json\/wp\/v2\/types\/product"}],"wp:attachment":[{"href":"https:\/\/roveyayinevi.com.tr\/index.php\/wp-json\/wp\/v2\/media?parent=759904"}],"wp:term":[{"taxonomy":"product_brand","embeddable":true,"href":"https:\/\/roveyayinevi.com.tr\/index.php\/wp-json\/wp\/v2\/product_brand?post=759904"},{"taxonomy":"product_cat","embeddable":true,"href":"https:\/\/roveyayinevi.com.tr\/index.php\/wp-json\/wp\/v2\/product_cat?post=759904"},{"taxonomy":"product_tag","embeddable":true,"href":"https:\/\/roveyayinevi.com.tr\/index.php\/wp-json\/wp\/v2\/product_tag?post=759904"}],"curies":[{"name":"wp","href":"https:\/\/api.w.org\/{rel}","templated":true}]}}