{"id":759903,"date":"2025-08-28T08:48:34","date_gmt":"2025-08-28T05:48:34","guid":{"rendered":"https:\/\/roveyayinevi.com.tr\/index.php\/urun\/durust-kervanci\/"},"modified":"2026-04-16T03:12:57","modified_gmt":"2026-04-16T00:12:57","slug":"durust-kervanci","status":"publish","type":"product","link":"https:\/\/roveyayinevi.com.tr\/index.php\/urun\/durust-kervanci\/","title":{"rendered":"D\u00fcr\u00fcst Kervanc\u0131"},"content":{"rendered":"<p>Badeg\u00fcl Nine\u2019nin torunu i\u00e7in etti\u011fi dua\u2026 K\u00fc\u00e7\u00fck Emin\u2019in \u00e7ocuk ya\u015fta anne ve babas\u0131n\u0131n vefat\u0131\u2026 Minik Haf\u0131z Eslem Arya\u2019n\u0131n mimar olma yolunda ya\u015fad\u0131\u011f\u0131 ser\u00fcven\u2026 Nurta\u015f k\u00f6y\u00fcnde do\u011fan M\u00fcnevver\u2019in avukat olmas\u0131\u2026 D\u00fcr\u00fcst antikac\u0131 Adem\u2019in \u00e7ok de\u011ferli bir y\u00fcz\u00fc\u011f\u00fc kaybetmesi\u2026 D\u00fcr\u00fcst t\u00fcccar Numan\u2019\u0131n d\u00fcr\u00fcst \u00e7ocuklar\u0131 Zakir ile \u015eakir\u2026 D\u00fcr\u00fcst kervanc\u0131 \u00d6mer Faruk\u2019un e\u015fkiyalar\u0131 yola getirmesi\u2026 Padi\u015fah Tahir\u2019in o\u011flu Z\u00fcbeyir\u2019in g\u00f6n\u00fcller padi\u015fah\u0131 olmas\u0131\u2026 Van\u2019\u0131n Tu\u015fba il\u00e7esinde b\u00fcy\u00fcyen Hamza\u2019n\u0131n \u00fcnl\u00fc bir bilim adam\u0131 olmas\u0131\u2026 Tarihten bug\u00fcne ya\u015fanm\u0131\u015f \u00f6yk\u00fcler\u2026<\/p>\n","protected":false},"excerpt":{"rendered":"<p>Badeg\u00fcl Nine\u2019nin torunu i\u00e7in etti\u011fi dua\u2026 K\u00fc\u00e7\u00fck Emin\u2019in \u00e7ocuk ya\u015fta anne ve babas\u0131n\u0131n vefat\u0131\u2026 Minik Haf\u0131z Eslem Arya\u2019n\u0131n mimar olma yolunda ya\u015fad\u0131\u011f\u0131 ser\u00fcven\u2026 Nurta\u015f k\u00f6y\u00fcnde do\u011fan<span class=\"excerpt-hellip\"> [\u2026]<\/span><\/p>\n","protected":false},"featured_media":0,"template":"","meta":{"_monsterinsights_skip_tracking":false,"_monsterinsights_sitenote_active":false,"_monsterinsights_sitenote_note":"","_monsterinsights_sitenote_category":0},"product_brand":[],"product_cat":[12291,18202],"product_tag":[],"class_list":{"0":"post-759903","1":"product","2":"type-product","3":"status-publish","5":"product_cat-edebiyat","6":"product_cat-hikaye","7":"pa_cilt-ciltsiz","8":"pa_tur-kitap","9":"pa_yayinevi-foliant-yayinlari","10":"pa_yazar-kadir-alpaslan","12":"first","13":"instock","14":"sale","15":"shipping-taxable","16":"purchasable","17":"product-type-simple"},"_links":{"self":[{"href":"https:\/\/roveyayinevi.com.tr\/index.php\/wp-json\/wp\/v2\/product\/759903","targetHints":{"allow":["GET"]}}],"collection":[{"href":"https:\/\/roveyayinevi.com.tr\/index.php\/wp-json\/wp\/v2\/product"}],"about":[{"href":"https:\/\/roveyayinevi.com.tr\/index.php\/wp-json\/wp\/v2\/types\/product"}],"wp:attachment":[{"href":"https:\/\/roveyayinevi.com.tr\/index.php\/wp-json\/wp\/v2\/media?parent=759903"}],"wp:term":[{"taxonomy":"product_brand","embeddable":true,"href":"https:\/\/roveyayinevi.com.tr\/index.php\/wp-json\/wp\/v2\/product_brand?post=759903"},{"taxonomy":"product_cat","embeddable":true,"href":"https:\/\/roveyayinevi.com.tr\/index.php\/wp-json\/wp\/v2\/product_cat?post=759903"},{"taxonomy":"product_tag","embeddable":true,"href":"https:\/\/roveyayinevi.com.tr\/index.php\/wp-json\/wp\/v2\/product_tag?post=759903"}],"curies":[{"name":"wp","href":"https:\/\/api.w.org\/{rel}","templated":true}]}}