{"id":759880,"date":"2025-08-28T08:47:57","date_gmt":"2025-08-28T05:47:57","guid":{"rendered":"https:\/\/roveyayinevi.com.tr\/index.php\/urun\/55-dakika\/"},"modified":"2026-01-30T03:51:34","modified_gmt":"2026-01-30T00:51:34","slug":"55-dakika","status":"publish","type":"product","link":"https:\/\/roveyayinevi.com.tr\/index.php\/urun\/55-dakika\/","title":{"rendered":"55 Dakika"},"content":{"rendered":"<p>Kad\u0131n, ud taksimini dinlerken, kendini unutmu\u015f, O toz pembe \u00e2leme dalm\u0131\u015ft\u0131. Onca el de\u011fmemi\u015f, sevgi dolu, soylu, ahlaki d\u00fc\u015f\u00fcnceyi uyand\u0131ran \u00fcmit ve arzu dolu y\u0131llar\u0131na u\u00e7uvermi\u015fti. Onu yakalamak i\u00e7in \u00f6zlem ve merak dolu y\u0131llar\u0131n derinliklerine dalm\u0131\u015ft\u0131. Dudaklar\u0131ndaki tebess\u00fcm, k\u0131rm\u0131z\u0131 bir g\u00fcl\u00fc and\u0131r\u0131yordu. M\u00fczi\u011fin ahengi ile da\u011flarda, ovalarda, nehirlerdeki t\u00fcrk\u00fcleri duydu. Ninni gibi gelmi\u015fti. G\u00f6z p\u0131narlar\u0131ndan akan inci deneleri, notalar \u00fczerinde tango yapmaya ba\u015flad\u0131. Udi Edip Erdem tellere vurduk\u00e7a mest oldu. Nefesi kesildi. Kalbi \u00e7arpt\u0131. Dili tutuldu. Bir i\u00e7 ge\u00e7irdikten sonra uyudu. Seher vakti, ezan seslerine kar\u0131\u015fm\u0131\u015f bir a\u011flama sesiyle silkindi. Camii avlusunda terkedilmi\u015f gibi hissetti kendini. Anne, kuca\u011f\u0131na hasret, v\u00fccudu \u00fc\u015f\u00fcm\u00fc\u015f, a\u00e7l\u0131ktan nefesi kokmu\u015ftu. Bu sevgiye muhta\u00e7 bedeni ald\u0131. Ba\u011fr\u0131na bast\u0131. Ninni s\u00f6yledi. G\u00f6kte denizi, yerde y\u0131ld\u0131z\u0131 g\u00f6rmek, g\u00f6kku\u015fa\u011f\u0131n\u0131 and\u0131ran kelebeklerle yar\u0131\u015fmak, ar\u0131larla kovan kovan dola\u015fmak, g\u00fcne\u015fin her do\u011fu\u015fu ve bat\u0131\u015f\u0131nda ate\u015f b\u00f6ce\u011fiyle dertle\u015fmek, bir \u00e7i\u00e7e\u011fe renk vermek, b\u00fcy\u00fcmesi i\u00e7in g\u00fcne\u015ften ve topraktan ald\u0131\u011f\u0131 g\u0131dayla beslemek sonra, iklim iklim bir daldan \u00f6teki dala f\u0131rlatmak m\u0131d\u0131r sevgi&#8230; Bilir misin? &#8230; Sana insan\u00ee duygular\u0131 hat\u0131rlatabilir sevgi&#8230; Bir \u00e7i\u00e7e\u011fi ezmeme\u011fi, ye\u015fili hissetmeyi, mavi ile ya\u015famay\u0131, eme\u011fi \u00f6\u011fretir sevgi&#8230; \u0130nsan isek her \u00e7e\u015fit ac\u0131y\u0131 payla\u015fmay\u0131 y\u00fcre\u011fimizin derinliklerinde korkarak saklad\u0131\u011f\u0131m\u0131z, iyiliklerimizi, g\u00fczelliklerimizin s\u0131cakl\u0131\u011f\u0131n\u0131, \u00f6zlem ve ger\u00e7e\u011fi, duygu ile mant\u0131\u011f\u0131 kar\u0131\u015ft\u0131rmamakt\u0131r. H\u00fcz\u00fcn ve mutluluk g\u00f6zya\u015flar\u0131 ile \u00e2n\u0131 insan gibi ya\u015fayabilmek, ya\u015fatabilmek, sevgi ta\u015f\u0131y\u0131p a\u015f\u0131layabilmektir. Sevgi, duygular ve d\u00fc\u015f\u00fcnceler ile raks etmek do\u011fumdan \u00f6l\u00fcme kadar ya\u015famay\u0131 bilmektir. \u201cSen, mutlaka kendini geli\u015ftirip, de\u011fi\u015fme yoluna gitmelisin.\u2019\u2019 O zaman kap\u0131lar sonuna kadar a\u00e7\u0131lacakt\u0131r. <\/p>\n","protected":false},"excerpt":{"rendered":"<p>Kad\u0131n, ud taksimini dinlerken, kendini unutmu\u015f, O toz pembe \u00e2leme dalm\u0131\u015ft\u0131. Onca el de\u011fmemi\u015f, sevgi dolu, soylu, ahlaki d\u00fc\u015f\u00fcnceyi uyand\u0131ran \u00fcmit ve arzu dolu y\u0131llar\u0131na u\u00e7uvermi\u015fti.<span class=\"excerpt-hellip\"> [\u2026]<\/span><\/p>\n","protected":false},"featured_media":0,"template":"","meta":{"_monsterinsights_skip_tracking":false,"_monsterinsights_sitenote_active":false,"_monsterinsights_sitenote_note":"","_monsterinsights_sitenote_category":0},"product_brand":[],"product_cat":[12364,12376],"product_tag":[],"class_list":{"0":"post-759880","1":"product","2":"type-product","3":"status-publish","5":"product_cat-genel-konular","6":"product_cat-kisisel-gelisim","7":"pa_cilt-ciltsiz","8":"pa_tur-kitap","9":"pa_yayinevi-vova-yayinlari","10":"pa_yazar-sureyya-aktas","12":"first","13":"instock","14":"sale","15":"shipping-taxable","16":"purchasable","17":"product-type-simple"},"_links":{"self":[{"href":"https:\/\/roveyayinevi.com.tr\/index.php\/wp-json\/wp\/v2\/product\/759880","targetHints":{"allow":["GET"]}}],"collection":[{"href":"https:\/\/roveyayinevi.com.tr\/index.php\/wp-json\/wp\/v2\/product"}],"about":[{"href":"https:\/\/roveyayinevi.com.tr\/index.php\/wp-json\/wp\/v2\/types\/product"}],"wp:attachment":[{"href":"https:\/\/roveyayinevi.com.tr\/index.php\/wp-json\/wp\/v2\/media?parent=759880"}],"wp:term":[{"taxonomy":"product_brand","embeddable":true,"href":"https:\/\/roveyayinevi.com.tr\/index.php\/wp-json\/wp\/v2\/product_brand?post=759880"},{"taxonomy":"product_cat","embeddable":true,"href":"https:\/\/roveyayinevi.com.tr\/index.php\/wp-json\/wp\/v2\/product_cat?post=759880"},{"taxonomy":"product_tag","embeddable":true,"href":"https:\/\/roveyayinevi.com.tr\/index.php\/wp-json\/wp\/v2\/product_tag?post=759880"}],"curies":[{"name":"wp","href":"https:\/\/api.w.org\/{rel}","templated":true}]}}