{"id":759872,"date":"2025-08-28T08:47:42","date_gmt":"2025-08-28T05:47:42","guid":{"rendered":"https:\/\/roveyayinevi.com.tr\/index.php\/urun\/bordeks-adasi-macerasi\/"},"modified":"2026-04-05T03:15:33","modified_gmt":"2026-04-05T00:15:33","slug":"bordeks-adasi-macerasi","status":"publish","type":"product","link":"https:\/\/roveyayinevi.com.tr\/index.php\/urun\/bordeks-adasi-macerasi\/","title":{"rendered":"Bordeks Adas\u0131 Maceras\u0131"},"content":{"rendered":"<p>Ku\u015fadas\u0131\u2019nda ya\u015fayan d\u00f6rt kafadar arkada\u015f, yaz tatillerini bir maceraya d\u00f6n\u00fc\u015ft\u00fcrmek ister ve plan yaparlar. Onlar\u0131 sinsice takip eden bir arkada\u015flar\u0131 daha vard\u0131r, okulun k\u00f6t\u00fc \u00e7ocu\u011fu. Bu macera planlad\u0131klar\u0131 gibi gitmez ve \u0131ss\u0131z bir adaya d\u00fc\u015ferler. Art\u0131k birbirlerinden ba\u015fka kimseleri yoktur. Hayatta kalmak i\u00e7in yiyecek bulma, bar\u0131nma ve bu adadan kurtulma en \u00f6nemlisi umutlar\u0131n\u0131 canl\u0131 tutmak i\u00e7in \u00e7aba harcamalar\u0131 gerekmektedir. Ancak adada bilmedikleri bir\u00e7ok tehlike de onlar\u0131 beklemektedir. Hayatta kalmak ve evlerine d\u00f6nebilmek i\u00e7in do\u011fayla, kendi i\u00e7 d\u00fcnyalar\u0131yla ve di\u011fer tehlikelerle m\u00fccadelelerini anlatan s\u00fcr\u00fckleyici bu maceraya siz de kat\u0131lmak ister misiniz? <\/p>\n","protected":false},"excerpt":{"rendered":"<p>Ku\u015fadas\u0131\u2019nda ya\u015fayan d\u00f6rt kafadar arkada\u015f, yaz tatillerini bir maceraya d\u00f6n\u00fc\u015ft\u00fcrmek ister ve plan yaparlar. Onlar\u0131 sinsice takip eden bir arkada\u015flar\u0131 daha vard\u0131r, okulun k\u00f6t\u00fc \u00e7ocu\u011fu. Bu<span class=\"excerpt-hellip\"> [\u2026]<\/span><\/p>\n","protected":false},"featured_media":0,"template":"","meta":{"_monsterinsights_skip_tracking":false,"_monsterinsights_sitenote_active":false,"_monsterinsights_sitenote_note":"","_monsterinsights_sitenote_category":0},"product_brand":[],"product_cat":[12274],"product_tag":[],"class_list":{"0":"post-759872","1":"product","2":"type-product","3":"status-publish","5":"product_cat-cocuk-ve-genclik-kitaplari","6":"pa_cilt-ciltsiz","7":"pa_tur-kitap","8":"pa_yayinevi-servet-yayinevi","9":"pa_yazar-ilker-gunacgun","11":"first","12":"instock","13":"sale","14":"shipping-taxable","15":"purchasable","16":"product-type-simple"},"_links":{"self":[{"href":"https:\/\/roveyayinevi.com.tr\/index.php\/wp-json\/wp\/v2\/product\/759872","targetHints":{"allow":["GET"]}}],"collection":[{"href":"https:\/\/roveyayinevi.com.tr\/index.php\/wp-json\/wp\/v2\/product"}],"about":[{"href":"https:\/\/roveyayinevi.com.tr\/index.php\/wp-json\/wp\/v2\/types\/product"}],"wp:attachment":[{"href":"https:\/\/roveyayinevi.com.tr\/index.php\/wp-json\/wp\/v2\/media?parent=759872"}],"wp:term":[{"taxonomy":"product_brand","embeddable":true,"href":"https:\/\/roveyayinevi.com.tr\/index.php\/wp-json\/wp\/v2\/product_brand?post=759872"},{"taxonomy":"product_cat","embeddable":true,"href":"https:\/\/roveyayinevi.com.tr\/index.php\/wp-json\/wp\/v2\/product_cat?post=759872"},{"taxonomy":"product_tag","embeddable":true,"href":"https:\/\/roveyayinevi.com.tr\/index.php\/wp-json\/wp\/v2\/product_tag?post=759872"}],"curies":[{"name":"wp","href":"https:\/\/api.w.org\/{rel}","templated":true}]}}