{"id":759838,"date":"2025-08-28T08:46:48","date_gmt":"2025-08-28T05:46:48","guid":{"rendered":"https:\/\/roveyayinevi.com.tr\/index.php\/urun\/yasamin-politikasi\/"},"modified":"2026-04-16T03:12:56","modified_gmt":"2026-04-16T00:12:56","slug":"yasamin-politikasi","status":"publish","type":"product","link":"https:\/\/roveyayinevi.com.tr\/index.php\/urun\/yasamin-politikasi\/","title":{"rendered":"Ya\u015fam\u0131n Politikas\u0131"},"content":{"rendered":"<p>T\u0131p alan\u0131 y\u00fczy\u0131llar boyunca anormallikleri tedavi etmeyi ama\u00e7lad\u0131. Bug\u00fcn gelinen noktada ise normalli\u011fin kendisi t\u0131bbi de\u011fi\u015fikliklere a\u00e7\u0131lm\u0131\u015f durumda. Bedenlerle ve zihinlerle ilgili yeni bir molek\u00fcler anlay\u0131\u015fla, temel ya\u015fam s\u00fcre\u00e7lerini molek\u00fcller, h\u00fccreler ve genler d\u00fczeyinde manip\u00fcle etmek i\u00e7in yeni tekniklerle donat\u0131lm\u0131\u015f olan t\u0131p, \u015fimdi g\u00f6z\u00fcn\u00fc insan\u0131n t\u00fcm ya\u015fam s\u00fcre\u00e7lerini de\u011fi\u015ftirmeye dikmi\u015f g\u00f6r\u00fcn\u00fcyor. Elinizdeki eser de t\u0131bb\u0131n, insan ya\u015fam\u0131n\u0131n ve biyo-teknolojinin yayg\u0131n bir bi\u00e7imde politikle\u015fmesine yol a\u00e7an ya\u015fam bilimleri ve biyo-t\u0131ptaki son geli\u015fmeleri masaya yat\u0131r\u0131yor. Pop\u00fcler bilimin abart\u0131l\u0131 s\u00f6zlerinden ve sosyal bilimin karamsar \u00e7\u0131kar\u0131mlar\u0131ndan ka\u00e7\u0131nan Nikolas Rose, genom bilimi, sinir bilimi, farmakoloji ve psiko-farmakolojideki geli\u015fmeleri ve bunlar\u0131n \u0131rksal politikalar\u0131, su\u00e7un denetlenme bi\u00e7imlerini ve psikiyatriyi nas\u0131l etkiledi\u011fini inceleyerek \u00e7a\u011fda\u015f molek\u00fcler biyopolitikay\u0131 t\u00fcm ayr\u0131nt\u0131lar\u0131yla analiz ediyor. Rose, biyot\u0131bb\u0131n bir iyile\u015ftirme prati\u011finden hayat\u0131n y\u00f6netimine nas\u0131l d\u00f6n\u00fc\u015ft\u00fc\u011f\u00fcn\u00fc, nas\u0131l hastal\u0131klardan \u00e7ok hastal\u0131klara yatk\u0131nl\u0131klar\u0131 tedavi etmeyi vurgular hale geldi\u011fini, hasta anlay\u0131\u015f\u0131m\u0131zdaki de\u011fi\u015fimi, yeni t\u0131bbi aktivizm bi\u00e7imlerinin ortaya \u00e7\u0131k\u0131\u015f\u0131n\u0131, biyo-sermayenin y\u00fckseli\u015fini ve biyo-iktidardaki d\u00f6n\u00fc\u015f\u00fcmleri ele al\u0131yor. Bu geli\u015fmelerin her biri oldu\u011fumuzu sand\u0131\u011f\u0131m\u0131z ve olmak istedi\u011fimiz ki\u015filer i\u00e7in hayati sonu\u00e7lar bar\u0131nd\u0131rd\u0131\u011f\u0131ndan, elinizdeki okuma zengin bir kaynak niteli\u011fi ta\u015f\u0131yor. <\/p>\n","protected":false},"excerpt":{"rendered":"<p>T\u0131p alan\u0131 y\u00fczy\u0131llar boyunca anormallikleri tedavi etmeyi ama\u00e7lad\u0131. Bug\u00fcn gelinen noktada ise normalli\u011fin kendisi t\u0131bbi de\u011fi\u015fikliklere a\u00e7\u0131lm\u0131\u015f durumda. Bedenlerle ve zihinlerle ilgili yeni bir molek\u00fcler anlay\u0131\u015fla,<span class=\"excerpt-hellip\"> [\u2026]<\/span><\/p>\n","protected":false},"featured_media":0,"template":"","meta":{"_monsterinsights_skip_tracking":false,"_monsterinsights_sitenote_active":false,"_monsterinsights_sitenote_note":"","_monsterinsights_sitenote_category":0},"product_brand":[],"product_cat":[12337],"product_tag":[],"class_list":{"0":"post-759838","1":"product","2":"type-product","3":"status-publish","5":"product_cat-politika-siyaset","6":"pa_cilt-ciltsiz","7":"pa_tur-kitap","8":"pa_yayinevi-ayrinti-yayinlari","9":"pa_yazar-nikolas-rose","11":"first","12":"instock","13":"sale","14":"shipping-taxable","15":"purchasable","16":"product-type-simple"},"_links":{"self":[{"href":"https:\/\/roveyayinevi.com.tr\/index.php\/wp-json\/wp\/v2\/product\/759838","targetHints":{"allow":["GET"]}}],"collection":[{"href":"https:\/\/roveyayinevi.com.tr\/index.php\/wp-json\/wp\/v2\/product"}],"about":[{"href":"https:\/\/roveyayinevi.com.tr\/index.php\/wp-json\/wp\/v2\/types\/product"}],"wp:attachment":[{"href":"https:\/\/roveyayinevi.com.tr\/index.php\/wp-json\/wp\/v2\/media?parent=759838"}],"wp:term":[{"taxonomy":"product_brand","embeddable":true,"href":"https:\/\/roveyayinevi.com.tr\/index.php\/wp-json\/wp\/v2\/product_brand?post=759838"},{"taxonomy":"product_cat","embeddable":true,"href":"https:\/\/roveyayinevi.com.tr\/index.php\/wp-json\/wp\/v2\/product_cat?post=759838"},{"taxonomy":"product_tag","embeddable":true,"href":"https:\/\/roveyayinevi.com.tr\/index.php\/wp-json\/wp\/v2\/product_tag?post=759838"}],"curies":[{"name":"wp","href":"https:\/\/api.w.org\/{rel}","templated":true}]}}