{"id":759831,"date":"2025-08-28T08:46:35","date_gmt":"2025-08-28T05:46:35","guid":{"rendered":"https:\/\/roveyayinevi.com.tr\/index.php\/urun\/turk-muzigi-klasikleri-ciltli\/"},"modified":"2026-04-16T03:12:56","modified_gmt":"2026-04-16T00:12:56","slug":"turk-muzigi-klasikleri-ciltli","status":"publish","type":"product","link":"https:\/\/roveyayinevi.com.tr\/index.php\/urun\/turk-muzigi-klasikleri-ciltli\/","title":{"rendered":"T\u00fcrk M\u00fczi\u011fi Klasikleri (Ciltli)"},"content":{"rendered":"<p>Hi\u00e7 \u015f\u00fcphe yok ki klasik musikimiz, medeniyetimizin \u00f6nemli sanat dallar\u0131ndan biri, belki de en \u00f6nde gelenidir. \u201cMakam ve usul\u201d temeline dayal\u0131 musikimizin, \u201c\u00fcslup, tav\u0131r ve aral\u0131k\u201d gibi hayati sayabilece\u011fimiz bu \u00fc\u00e7 \u00f6zelli\u011fini k\u00e2\u011f\u0131t \u00fczerine aksettirmenin zorluklar\u0131 bilinmektedir. Bu nedenle de musikimiz \u00e7ok eskiden beri \u00e7e\u015fitli nota yaz\u0131m\u0131na sahip olmas\u0131na ra\u011fmen \u201cme\u015fk\u201d sistemini en sa\u011fl\u0131kl\u0131 yol olarak benimsemi\u015f ve uzun y\u0131llar devaml\u0131l\u0131\u011f\u0131n\u0131 bu yol ile sa\u011flam\u0131\u015ft\u0131r. Dolay\u0131s\u0131yla me\u015fk i\u00e7in sa\u011flam bir kaynak olarak bilinen (Fem-i Muhsin) bir \u00fcstattan eserleri ge\u00e7mi\u015f olmak, \u00f6nemli bir ayr\u0131cal\u0131k kabul edilmi\u015ftir.G\u00fcn\u00fcm\u00fcz\u00fcn teknolojisi, sahip oldu\u011fumuz ses kay\u0131tlar\u0131yla bize bu imk\u00e2n\u0131 sunmaktad\u0131r. Bu yoldan hareketle 74 makamdan pe\u015frev, k\u00e2r, k\u00e2r\u00e7e,k\u00e2r-\u0131 n\u00e2t\u0131k, beste, a\u011f\u0131r semai, y\u00fcr\u00fck semai ve saz semai\u2019si gibi y\u00fcksek san\u2019at de\u011ferine sahip 461 klasik formdaki eser, yetkin kurum ve solistlerin icras\u0131na g\u00f6re bire bir notaya al\u0131nd\u0131. (G\u00fcn\u00fcm\u00fczde bile sa\u011fl\u0131kl\u0131 bir notaya ula\u015fman\u0131n zorlu\u011fu da malumdur.)Eserlerin b\u00fcy\u00fck bir b\u00f6l\u00fcm\u00fcn\u00fc kurucumuz Nevzat Atl\u0131\u011f ve 13 y\u0131l kadar halefi olarak \u015fefli\u011fini yapt\u0131\u011f\u0131m Cumhurba\u015fkanl\u0131\u011f\u0131 Klasik T\u00fcrk M\u00fczi\u011fi Korosu ile vermi\u015f oldu\u011fumuz konser kay\u0131tlar\u0131 ve sahip oldu\u011fum geni\u015f ses ar\u015fivi olu\u015fturdu. Yine M\u00fcnir Nureddin Sel\u00e7uk, K\u00e2ni Karaca, Al\u00e2eddin Yava\u015f\u00e7a, Bekir S\u0131tk\u0131 Sezgin, Meral U\u011furlu, M\u00fcnip Utand\u0131 ve di\u011fer de\u011ferli solistlerimizin ve topluluklar\u0131n icra ettikleri nadide makamlardaki eserler, bu \u00e7al\u0131\u015fmaya temel te\u015fkil etti.74 Makam 461 Eser ba\u015fl\u0131kl\u0131 bu kitap bu y\u00f6nleriyle, nota yay\u0131nc\u0131l\u0131\u011f\u0131 konusunda ciddi bir bo\u015flu\u011fu dolduracak \u00f6zelli\u011fe sahiptir.<\/p>\n","protected":false},"excerpt":{"rendered":"<p>Hi\u00e7 \u015f\u00fcphe yok ki klasik musikimiz, medeniyetimizin \u00f6nemli sanat dallar\u0131ndan biri, belki de en \u00f6nde gelenidir. \u201cMakam ve usul\u201d temeline dayal\u0131 musikimizin, \u201c\u00fcslup, tav\u0131r ve aral\u0131k\u201d<span class=\"excerpt-hellip\"> [\u2026]<\/span><\/p>\n","protected":false},"featured_media":0,"template":"","meta":{"_monsterinsights_skip_tracking":false,"_monsterinsights_sitenote_active":false,"_monsterinsights_sitenote_note":"","_monsterinsights_sitenote_category":0},"product_brand":[],"product_cat":[14556],"product_tag":[],"class_list":{"0":"post-759831","1":"product","2":"type-product","3":"status-publish","5":"product_cat-muzik","6":"pa_cilt-ciltli","7":"pa_tur-kitap","8":"pa_yayinevi-otuken-nesriyat","9":"pa_yazar-m-fatih-salgar","11":"first","12":"instock","13":"sale","14":"shipping-taxable","15":"purchasable","16":"product-type-simple"},"_links":{"self":[{"href":"https:\/\/roveyayinevi.com.tr\/index.php\/wp-json\/wp\/v2\/product\/759831","targetHints":{"allow":["GET"]}}],"collection":[{"href":"https:\/\/roveyayinevi.com.tr\/index.php\/wp-json\/wp\/v2\/product"}],"about":[{"href":"https:\/\/roveyayinevi.com.tr\/index.php\/wp-json\/wp\/v2\/types\/product"}],"wp:attachment":[{"href":"https:\/\/roveyayinevi.com.tr\/index.php\/wp-json\/wp\/v2\/media?parent=759831"}],"wp:term":[{"taxonomy":"product_brand","embeddable":true,"href":"https:\/\/roveyayinevi.com.tr\/index.php\/wp-json\/wp\/v2\/product_brand?post=759831"},{"taxonomy":"product_cat","embeddable":true,"href":"https:\/\/roveyayinevi.com.tr\/index.php\/wp-json\/wp\/v2\/product_cat?post=759831"},{"taxonomy":"product_tag","embeddable":true,"href":"https:\/\/roveyayinevi.com.tr\/index.php\/wp-json\/wp\/v2\/product_tag?post=759831"}],"curies":[{"name":"wp","href":"https:\/\/api.w.org\/{rel}","templated":true}]}}