{"id":759791,"date":"2025-08-28T08:45:20","date_gmt":"2025-08-28T05:45:20","guid":{"rendered":"https:\/\/roveyayinevi.com.tr\/index.php\/urun\/mit-gercegi\/"},"modified":"2026-04-16T03:12:40","modified_gmt":"2026-04-16T00:12:40","slug":"mit-gercegi","status":"publish","type":"product","link":"https:\/\/roveyayinevi.com.tr\/index.php\/urun\/mit-gercegi\/","title":{"rendered":"Mit Ger\u00e7e\u011fi"},"content":{"rendered":"<p>Ger\u00e7ek, do\u011fumdan \u00f6l\u00fcme kadar bu hayattaki tek hakiki pusulam\u0131zd\u0131r.   T\u00fcrkiye kar\u015f\u0131t\u0131 Ezoterik casusluk \u00f6rg\u00fct\u00fc nas\u0131l \u00e7\u00f6kertildi? D\u00f6v\u00fc\u015f Kul\u00fcb\u00fc\u2019ndeki gibi testten ge\u00e7ilerek girilen gizli \u00f6rg\u00fct hangisi? M\u0130T, ABD\u2019nin \u2018\u00fc\u00e7 harflisi\u2019 CIA\u2019e nas\u0131l bak\u0131yor? M\u0130T\u2019in; PKK, FET\u00d6, DEA\u015e ve El Kaide raporlar\u0131nda neler var? 23. Ba\u015fkan Hakan Fidan\u2019\u0131n Anglosakson uzmanl\u0131\u011f\u0131 nereden geliyor? M\u0130T\u2019te Mason karde\u015f, Mason localar\u0131nda M\u0130T\u2019\u00e7i birader var m\u0131? CIA\u2019in istihbarat kursundaki \u00e7arp\u0131c\u0131 ayr\u0131nt\u0131: Bur\u00e7 operasyonu\u2026 S\u00fcperman\u2019in istihbarat yetenekleri, M\u0130T\u2019in istihbarat yetkileri\u2026 Tarsus\u2019taki esrarengiz kaz\u0131n\u0131n \u015fifreleri\u2026 Hakan Fidan\u2019\u0131n entelekt\u00fcel s\u0131rlar\u0131\u2026 M\u0130T\u2019e girmek isteyen Y ve Z ku\u015fa\u011f\u0131na tavsiyeler\u2026   Serinin birinci cildi M\u0130T Efsanesi\u2019nin izinden giden bu kitap; T\u00fcrk istihbarat te\u015fkilat\u0131n\u0131n 21. y\u00fczy\u0131ldaki gayriresm\u00ee ger\u00e7eklerini, zamana diren\u00e7li bir \u00fcslupla gelecek nesillere aktar\u0131yor ve ya\u015fanm\u0131\u015f hakikatlerin s\u0131r perdesini aral\u0131yor.   Gazeteci ve romanc\u0131 Ferhat \u00dcnl\u00fc, M\u0130T\u2019in son 23 y\u0131l\u0131n\u0131n kilometre ta\u015flar\u0131n\u0131; belgeyle, bilgiyle ve -kendi \u015fahit olduklar\u0131 da d\u00e2hil- ya\u015fanm\u0131\u015fl\u0131klarla okura sunuyor.   Elinizdeki kitab\u0131 okurken \u2018Ger\u00e7ek olaylardan esinlenmi\u015f\u2019 bir istihbarat filmini izliyormu\u015f hissine kap\u0131lacaks\u0131n\u0131z.   M\u0130T Ger\u00e7e\u011fi; t\u00fcm nesilleri, b\u00fcy\u00fcl\u00fc bir istihbarat \u015f\u00f6lenine davet ediyor.<\/p>\n","protected":false},"excerpt":{"rendered":"<p>Ger\u00e7ek, do\u011fumdan \u00f6l\u00fcme kadar bu hayattaki tek hakiki pusulam\u0131zd\u0131r. T\u00fcrkiye kar\u015f\u0131t\u0131 Ezoterik casusluk \u00f6rg\u00fct\u00fc nas\u0131l \u00e7\u00f6kertildi? D\u00f6v\u00fc\u015f Kul\u00fcb\u00fc\u2019ndeki gibi testten ge\u00e7ilerek girilen gizli \u00f6rg\u00fct hangisi? M\u0130T,<span class=\"excerpt-hellip\"> [\u2026]<\/span><\/p>\n","protected":false},"featured_media":0,"template":"","meta":{"_monsterinsights_skip_tracking":false,"_monsterinsights_sitenote_active":false,"_monsterinsights_sitenote_note":"","_monsterinsights_sitenote_category":0},"product_brand":[],"product_cat":[12337],"product_tag":[],"class_list":{"0":"post-759791","1":"product","2":"type-product","3":"status-publish","5":"product_cat-politika-siyaset","6":"pa_cilt-ciltsiz","7":"pa_tur-kitap","8":"pa_yayinevi-tk-yayinlari","9":"pa_yazar-ferhat-unlu","11":"first","12":"instock","13":"sale","14":"shipping-taxable","15":"purchasable","16":"product-type-simple"},"_links":{"self":[{"href":"https:\/\/roveyayinevi.com.tr\/index.php\/wp-json\/wp\/v2\/product\/759791","targetHints":{"allow":["GET"]}}],"collection":[{"href":"https:\/\/roveyayinevi.com.tr\/index.php\/wp-json\/wp\/v2\/product"}],"about":[{"href":"https:\/\/roveyayinevi.com.tr\/index.php\/wp-json\/wp\/v2\/types\/product"}],"wp:attachment":[{"href":"https:\/\/roveyayinevi.com.tr\/index.php\/wp-json\/wp\/v2\/media?parent=759791"}],"wp:term":[{"taxonomy":"product_brand","embeddable":true,"href":"https:\/\/roveyayinevi.com.tr\/index.php\/wp-json\/wp\/v2\/product_brand?post=759791"},{"taxonomy":"product_cat","embeddable":true,"href":"https:\/\/roveyayinevi.com.tr\/index.php\/wp-json\/wp\/v2\/product_cat?post=759791"},{"taxonomy":"product_tag","embeddable":true,"href":"https:\/\/roveyayinevi.com.tr\/index.php\/wp-json\/wp\/v2\/product_tag?post=759791"}],"curies":[{"name":"wp","href":"https:\/\/api.w.org\/{rel}","templated":true}]}}