{"id":759742,"date":"2025-08-28T08:43:46","date_gmt":"2025-08-28T05:43:46","guid":{"rendered":"https:\/\/roveyayinevi.com.tr\/index.php\/urun\/labofem-bitkilerle-iyi-gecinme-rehberi-ciltli\/"},"modified":"2026-04-16T03:12:39","modified_gmt":"2026-04-16T00:12:39","slug":"labofem-bitkilerle-iyi-gecinme-rehberi-ciltli","status":"publish","type":"product","link":"https:\/\/roveyayinevi.com.tr\/index.php\/urun\/labofem-bitkilerle-iyi-gecinme-rehberi-ciltli\/","title":{"rendered":"Labofem: Bitkilerle \u0130yi Ge\u00e7inme Rehberi (Ciltli)"},"content":{"rendered":"<p>Bitkilere ilgi duyuyor ama nereden ba\u015flayaca\u011f\u0131n\u0131z\u0131 bilemiyor musunuz? \u201cKakt\u00fcs\u00fc bile \u00f6ld\u00fcr\u00fcr\u00fcm ben!\u201d diyenlerden misiniz? Yoksa onlarca saks\u0131n\u0131n aras\u0131nda kaybolmu\u015f, hangisine hangi topra\u011f\u0131, besini verece\u011finizi \u015fa\u015f\u0131rm\u0131\u015f halde misiniz?   Hangi durumda olursan\u0131z olun, Fem G\u00fc\u00e7l\u00fct\u00fcrk ve Labofem: Bitkilerle \u0130yi Ge\u00e7inme Rehberi yard\u0131m\u0131n\u0131za ko\u015facak!   \u201cNe zaman ki hayat\u0131m\u0131za yeni ithal bitkiler, boy boy kakt\u00fcsler, saks\u0131lar ve sosyal medyada i\u00e7inde #jungle etiketi ge\u00e7en g\u00f6nderiler, bakt\u0131k\u00e7a a\u011fz\u0131m\u0131z\u0131n suyunun akt\u0131\u011f\u0131 bitki dolu evlerden dekorasyon fikirleri girdi, i\u015fte o zaman durum ciddiye bindi! Sukulentler, tropikal, subtropikal bitkiler, ak\u0131ll\u0131 saks\u0131lar, ask\u0131l\u0131 saks\u0131lar, s\u00fcpermarketlerin kasa yan\u0131nda kar\u015f\u0131m\u0131za \u00e7\u0131kan renkli po\u015fetler i\u00e7inde \u00e7e\u015fit \u00e7e\u015fit torflar, topraklar, hangisini ne zaman ve niye kullanaca\u011f\u0131m\u0131z endi\u015fesiyle se\u00e7meye \u00e7al\u0131\u015ft\u0131\u011f\u0131m\u0131z besinler derken kafalar iyice kar\u0131\u015ft\u0131. Herkes kendine g\u00f6re bir toprak kar\u0131\u015f\u0131m\u0131 \u00f6nerdi. Bir\u00e7o\u011fu hezimetle sonu\u00e7land\u0131.   Bu kitapta \u2018Bitkilerinizle konu\u015fun, \u00e7akran\u0131z\u0131 temizleyin, do\u011fayla b\u00fct\u00fcnle\u015fin,\u2019 gibi mu\u011flak ki\u015fisel geli\u015fim ifadeleri yerine, ald\u0131\u011f\u0131m aile ve okul e\u011fitimi gere\u011fi b\u00fcnyeme i\u015flemi\u015f daha nokta at\u0131\u015f\u0131, daha teknik tavsiyeler, ki\u015fisel merak\u0131mla ara\u015ft\u0131rmalar\u0131m\u0131n ve y\u0131llara dayal\u0131 tecr\u00fcbelerimle harmanlanm\u0131\u015f bitki bak\u0131m\u0131n\u0131n ipu\u00e7lar\u0131n\u0131 bulacaks\u0131n\u0131z.\u201d                                                                                                       Fem G\u00fc\u00e7l\u00fct\u00fcrk <\/p>\n","protected":false},"excerpt":{"rendered":"<p>Bitkilere ilgi duyuyor ama nereden ba\u015flayaca\u011f\u0131n\u0131z\u0131 bilemiyor musunuz? \u201cKakt\u00fcs\u00fc bile \u00f6ld\u00fcr\u00fcr\u00fcm ben!\u201d diyenlerden misiniz? Yoksa onlarca saks\u0131n\u0131n aras\u0131nda kaybolmu\u015f, hangisine hangi topra\u011f\u0131, besini verece\u011finizi \u015fa\u015f\u0131rm\u0131\u015f halde<span class=\"excerpt-hellip\"> [\u2026]<\/span><\/p>\n","protected":false},"featured_media":0,"template":"","meta":{"_monsterinsights_skip_tracking":false,"_monsterinsights_sitenote_active":false,"_monsterinsights_sitenote_note":"","_monsterinsights_sitenote_category":0},"product_brand":[],"product_cat":[45260,15563],"product_tag":[],"class_list":{"0":"post-759742","1":"product","2":"type-product","3":"status-publish","5":"product_cat-bahce-duzenlemesi","6":"product_cat-hobi","7":"pa_cilt-ciltli","8":"pa_tur-kitap","9":"pa_yayinevi-mundi","10":"pa_yazar-bedriye-fem-gucluturk","12":"first","13":"instock","14":"sale","15":"shipping-taxable","16":"purchasable","17":"product-type-simple"},"_links":{"self":[{"href":"https:\/\/roveyayinevi.com.tr\/index.php\/wp-json\/wp\/v2\/product\/759742","targetHints":{"allow":["GET"]}}],"collection":[{"href":"https:\/\/roveyayinevi.com.tr\/index.php\/wp-json\/wp\/v2\/product"}],"about":[{"href":"https:\/\/roveyayinevi.com.tr\/index.php\/wp-json\/wp\/v2\/types\/product"}],"wp:attachment":[{"href":"https:\/\/roveyayinevi.com.tr\/index.php\/wp-json\/wp\/v2\/media?parent=759742"}],"wp:term":[{"taxonomy":"product_brand","embeddable":true,"href":"https:\/\/roveyayinevi.com.tr\/index.php\/wp-json\/wp\/v2\/product_brand?post=759742"},{"taxonomy":"product_cat","embeddable":true,"href":"https:\/\/roveyayinevi.com.tr\/index.php\/wp-json\/wp\/v2\/product_cat?post=759742"},{"taxonomy":"product_tag","embeddable":true,"href":"https:\/\/roveyayinevi.com.tr\/index.php\/wp-json\/wp\/v2\/product_tag?post=759742"}],"curies":[{"name":"wp","href":"https:\/\/api.w.org\/{rel}","templated":true}]}}