{"id":759738,"date":"2025-08-28T08:43:39","date_gmt":"2025-08-28T05:43:39","guid":{"rendered":"https:\/\/roveyayinevi.com.tr\/index.php\/urun\/dil-ve-kultur-uzerine-antropolojik-okumalar\/"},"modified":"2026-04-16T03:12:39","modified_gmt":"2026-04-16T00:12:39","slug":"dil-ve-kultur-uzerine-antropolojik-okumalar","status":"publish","type":"product","link":"https:\/\/roveyayinevi.com.tr\/index.php\/urun\/dil-ve-kultur-uzerine-antropolojik-okumalar\/","title":{"rendered":"Dil ve K\u00fclt\u00fcr \u00dczerine Antropolojik Okumalar"},"content":{"rendered":"<p>Dil\/k\u00fclt\u00fcr dizgesi kavram\u0131, insan bilimcilerin kuramda ve alanda ortaya koymu\u015f olduklar\u0131 \u00f6nemli bir belirlemeyi i\u00e7erir. Yine ayn\u0131 kavram insan bilimlerinde s\u00fcr\u00fcp giden bir tart\u0131\u015fmay\u0131 da yeniden g\u00fcndeme getirmektedir. Acaba dil ve k\u00fclt\u00fcr aras\u0131ndaki s\u0131k\u0131 ili\u015fki nereden kaynaklan\u0131yor? K\u00fclt\u00fcr m\u00fc dili, yoksa dil mi k\u00fclt\u00fcr\u00fc bi\u00e7imlendiriyor, ko\u015fulland\u0131r\u0131yor? Kendi uzmanl\u0131k alanlar\u0131nda \u00f6nemli ki\u015filerden \u00e7evrilerek bu kitapta bir araya getirilen makalelerde, insan\u0131n hem tekd\u00fcze hem de \u00e7ok y\u00f6nl\u00fc kimli\u011fine y\u00f6nelik bu geni\u015f kapsaml\u0131 sorulara yan\u0131t aranmaktad\u0131r.<\/p>\n","protected":false},"excerpt":{"rendered":"<p>Dil\/k\u00fclt\u00fcr dizgesi kavram\u0131, insan bilimcilerin kuramda ve alanda ortaya koymu\u015f olduklar\u0131 \u00f6nemli bir belirlemeyi i\u00e7erir. Yine ayn\u0131 kavram insan bilimlerinde s\u00fcr\u00fcp giden bir tart\u0131\u015fmay\u0131 da yeniden<span class=\"excerpt-hellip\"> [\u2026]<\/span><\/p>\n","protected":false},"featured_media":0,"template":"","meta":{"_monsterinsights_skip_tracking":false,"_monsterinsights_sitenote_active":false,"_monsterinsights_sitenote_note":"","_monsterinsights_sitenote_category":0},"product_brand":[],"product_cat":[15499,13488],"product_tag":[],"class_list":{"0":"post-759738","1":"product","2":"type-product","3":"status-publish","5":"product_cat-antropoloji","6":"product_cat-toplum-ve-insan","7":"pa_cilt-ciltsiz","8":"pa_tur-kitap","9":"pa_yayinevi-koyusiyah-kitap","10":"pa_yazar-yalcin-izbul","12":"first","13":"instock","14":"sale","15":"shipping-taxable","16":"purchasable","17":"product-type-simple"},"_links":{"self":[{"href":"https:\/\/roveyayinevi.com.tr\/index.php\/wp-json\/wp\/v2\/product\/759738","targetHints":{"allow":["GET"]}}],"collection":[{"href":"https:\/\/roveyayinevi.com.tr\/index.php\/wp-json\/wp\/v2\/product"}],"about":[{"href":"https:\/\/roveyayinevi.com.tr\/index.php\/wp-json\/wp\/v2\/types\/product"}],"wp:attachment":[{"href":"https:\/\/roveyayinevi.com.tr\/index.php\/wp-json\/wp\/v2\/media?parent=759738"}],"wp:term":[{"taxonomy":"product_brand","embeddable":true,"href":"https:\/\/roveyayinevi.com.tr\/index.php\/wp-json\/wp\/v2\/product_brand?post=759738"},{"taxonomy":"product_cat","embeddable":true,"href":"https:\/\/roveyayinevi.com.tr\/index.php\/wp-json\/wp\/v2\/product_cat?post=759738"},{"taxonomy":"product_tag","embeddable":true,"href":"https:\/\/roveyayinevi.com.tr\/index.php\/wp-json\/wp\/v2\/product_tag?post=759738"}],"curies":[{"name":"wp","href":"https:\/\/api.w.org\/{rel}","templated":true}]}}