{"id":759733,"date":"2025-08-28T08:43:30","date_gmt":"2025-08-28T05:43:30","guid":{"rendered":"https:\/\/roveyayinevi.com.tr\/index.php\/urun\/gundelik-yasamda-dharma\/"},"modified":"2026-04-07T03:19:09","modified_gmt":"2026-04-07T00:19:09","slug":"gundelik-yasamda-dharma","status":"publish","type":"product","link":"https:\/\/roveyayinevi.com.tr\/index.php\/urun\/gundelik-yasamda-dharma\/","title":{"rendered":"G\u00fcndelik Ya\u015famda Dharma"},"content":{"rendered":"<p>Ya\u015fam Sevinciyle Dolu Bir Hayat \u0130\u00e7in Pratik Uygulamalar Dharma Sanskrit dilinde bir\u00e7ok anlam\u0131 olan bir s\u00f6zc\u00fck; i\u00e7sel \u00e7a\u011fr\u0131, i\u00e7inizdeki ses, kim oldu\u011funuzun \u00f6z\u00fc ve ifadesi\u2026 Bu \u00e7a\u011fr\u0131y\u0131 anlar, i\u00e7inizdeki sese nas\u0131l kar\u015f\u0131l\u0131k verece\u011finizi bilirseniz dharman\u0131z\u0131, yani \u00f6z\u00fcn\u00fcz\u00fc bulursunuz ve ifade edersiniz. Dharman\u0131zda oldu\u011funuzda kendinizi g\u00fcvende, yarat\u0131c\u0131, huzurlu, mutlu hissedersiniz ve amac\u0131n\u0131z do\u011frultusunda ilerlersiniz. Michelangelo, bir heykelin zaten mermer k\u00fctlesinin i\u00e7inde yer ald\u0131\u011f\u0131n\u0131, heykelin ortaya \u00e7\u0131kmas\u0131 i\u00e7in yap\u0131lmas\u0131 gerekenin mermerdeki fazlal\u0131klar\u0131 atmak oldu\u011funu s\u00f6ylemi\u015fti. Dharman\u0131z i\u00e7in de ayn\u0131 \u015fey ge\u00e7erlidir; fazlal\u0131klar\u0131 atmak&#8230; Bu da \u00f6z\u00fcn\u00fcz\u00fcn derinlere g\u00f6m\u00fclmesine neden olan \u00f6nyarg\u0131lar\u0131n\u0131z\u0131, ba\u015fkalar\u0131n\u0131n \u00f6nceliklerini, beklentilerini ve yarg\u0131lar\u0131n\u0131 bir kenara b\u0131rakman\u0131z demektir. Hint as\u0131ll\u0131 Amerikal\u0131 yazar, Harvard T\u0131p Fak\u00fcltesi misafir \u00f6\u011fretim \u00fcyesi Suneel Gupta bunu nas\u0131l yapabilece\u011finizi \u00e7ok ilgin\u00e7 hik\u00e2yeler e\u015fli\u011finde anlat\u0131yor. &#8220;Bir\u00e7o\u011fumuzun kendimizi kaybolmu\u015f hissetti\u011fi bir d\u00fcnyada Suneel Gupta ihtiyac\u0131m\u0131z olan rehberdir. Do\u011fu bilgeli\u011finden ve \u00e7a\u011fda\u015f bilimden yararlanarak, i\u00e7sel \u00e7a\u011fr\u0131m\u0131z\u0131 g\u00fcnl\u00fck eylemlerimizle uyumlu hale getirmek i\u00e7in pratik stratejiler sunuyor. G\u00fc\u00e7l\u00fc bir kitap, vazge\u00e7ilmez bir kaynak.\u201d \u2014 Daniel H. Pink, New York Times \u00e7oksatan yazar\u0131 &#8220;Bu kitap \u015fu anda hepimizin ihtiyac\u0131 olan bir t\u00fcr reset d\u00fc\u011fmesi. E\u011fer kendinizi bunalm\u0131\u015f, s\u0131k\u0131\u015fm\u0131\u015f veya bo\u015flukta hissediyorsan\u0131z sizi ate\u015fleyecek k\u0131v\u0131lc\u0131m\u0131n\u0131z\u0131 yeniden bulman\u0131n anahtar\u0131d\u0131r. T\u00fcm samimiyetimle tavsiye ederim.&#8221; \u2014 Reid Hoffman, LinkedIn Kurucu Orta\u011f\u0131<\/p>\n","protected":false},"excerpt":{"rendered":"<p>Ya\u015fam Sevinciyle Dolu Bir Hayat \u0130\u00e7in Pratik Uygulamalar Dharma Sanskrit dilinde bir\u00e7ok anlam\u0131 olan bir s\u00f6zc\u00fck; i\u00e7sel \u00e7a\u011fr\u0131, i\u00e7inizdeki ses, kim oldu\u011funuzun \u00f6z\u00fc ve ifadesi\u2026 Bu<span class=\"excerpt-hellip\"> [\u2026]<\/span><\/p>\n","protected":false},"featured_media":0,"template":"","meta":{"_monsterinsights_skip_tracking":false,"_monsterinsights_sitenote_active":false,"_monsterinsights_sitenote_note":"","_monsterinsights_sitenote_category":0},"product_brand":[],"product_cat":[12364,12376],"product_tag":[],"class_list":{"0":"post-759733","1":"product","2":"type-product","3":"status-publish","5":"product_cat-genel-konular","6":"product_cat-kisisel-gelisim","7":"pa_cilt-ciltsiz","8":"pa_tur-kitap","9":"pa_yayinevi-kuraldisi-yayinevi","10":"pa_yazar-suneel-gupta","12":"first","13":"instock","14":"sale","15":"shipping-taxable","16":"purchasable","17":"product-type-simple"},"_links":{"self":[{"href":"https:\/\/roveyayinevi.com.tr\/index.php\/wp-json\/wp\/v2\/product\/759733","targetHints":{"allow":["GET"]}}],"collection":[{"href":"https:\/\/roveyayinevi.com.tr\/index.php\/wp-json\/wp\/v2\/product"}],"about":[{"href":"https:\/\/roveyayinevi.com.tr\/index.php\/wp-json\/wp\/v2\/types\/product"}],"wp:attachment":[{"href":"https:\/\/roveyayinevi.com.tr\/index.php\/wp-json\/wp\/v2\/media?parent=759733"}],"wp:term":[{"taxonomy":"product_brand","embeddable":true,"href":"https:\/\/roveyayinevi.com.tr\/index.php\/wp-json\/wp\/v2\/product_brand?post=759733"},{"taxonomy":"product_cat","embeddable":true,"href":"https:\/\/roveyayinevi.com.tr\/index.php\/wp-json\/wp\/v2\/product_cat?post=759733"},{"taxonomy":"product_tag","embeddable":true,"href":"https:\/\/roveyayinevi.com.tr\/index.php\/wp-json\/wp\/v2\/product_tag?post=759733"}],"curies":[{"name":"wp","href":"https:\/\/api.w.org\/{rel}","templated":true}]}}