{"id":759723,"date":"2025-08-28T08:43:09","date_gmt":"2025-08-28T05:43:09","guid":{"rendered":"https:\/\/roveyayinevi.com.tr\/index.php\/urun\/kitabina-gore\/"},"modified":"2026-04-16T03:12:39","modified_gmt":"2026-04-16T00:12:39","slug":"kitabina-gore","status":"publish","type":"product","link":"https:\/\/roveyayinevi.com.tr\/index.php\/urun\/kitabina-gore\/","title":{"rendered":"Kitab\u0131na G\u00f6re"},"content":{"rendered":"<p>BAZEN B\u0130R\u0130N\u0130 GER\u00c7EKTEN TANIMAK \u0130\u00c7\u0130N SATIR ARALARINI OKUMANIZ GEREK\u0130R. \u0130sabella Marlowe kendini \u00e7ok \u00e7aresiz hissediyordu. \u00dcniversiteden sonra yay\u0131nc\u0131l\u0131k kariyerine at\u0131ld\u0131\u011f\u0131nda, yirmi be\u015f ya\u015f\u0131na geldi\u011finde bile h\u00e2l\u00e2 anne babas\u0131yla ya\u015famak zorunda kalaca\u011f\u0131n\u0131 ve yay\u0131nevindeki say\u0131l\u0131 siyahi \u00e7al\u0131\u015fandan biri olaca\u011f\u0131n\u0131 tahmin etmemi\u015fti. \u00c7ok \u00e7al\u0131\u015fan ama az kazanan, hakk\u0131n\u0131 aramakla kendini susturmak aras\u0131nda s\u0131k\u0131\u015f\u0131p kalan Izzy, yay\u0131nc\u0131l\u0131k sekt\u00f6r\u00fcn\u00fcn bu kadar k\u00f6t\u00fc olabilece\u011fine inanmak istemiyordu. Bir g\u00fcn patronunun, \u00fcnl\u00fc bir yazar\u0131n uzun zamand\u0131r beklenen dosyas\u0131n\u0131 teslim etmedi\u011finden \u015fik\u00e2yet etti\u011fini duydu\u011funda, bunu de\u011ferini kan\u0131tlamak ve nihayet hak etti\u011fi sayg\u0131y\u0131 g\u00f6rmek i\u00e7in bir f\u0131rsat olarak g\u00f6rd\u00fc. Tek yapmas\u0131 gereken yazar\u0131n Santa Barbaradaki malik\u00e2nesine gitmek ve ona bir dizi y\u00fcreklendirici konu\u015fma yapmakt\u0131. Ne kadar zor olabilirdi ki? Ne var ki \u0130zzy k\u0131sa s\u00fcrede durumun boyunu a\u015ft\u0131\u011f\u0131n\u0131 anlad\u0131. Beau Towers, skandal bir an\u0131 kitab\u0131 kaleme almaya kalk\u0131\u015fm\u0131\u015f, s\u0131radan bir \u00fcnl\u00fc de\u011fildi. Alayc\u0131, i\u00e7ine kapan\u0131k \u2014ve \u015fu i\u015fe bak\u0131n kien az \u0130zzy kadar \u00e7aresizdi. Fakat ne kadar so\u011fuk ve mesafeli olursa olsun, \u0130zzy&#8217;nin Beau&#8217;nun kitab\u0131n\u0131 yazmas\u0131na ihtiyac\u0131 vard\u0131 ve onun te\u015fvikleri sayesinde, \u00fcnl\u00fc adam\u0131n hik\u00e2yesi k\u00e2\u011f\u0131da akmaya ba\u015flad\u0131. K\u0131sa s\u00fcrede, ikili sand\u0131klar\u0131ndan \u00e7ok daha fazla ortak noktalar\u0131 oldu\u011funu ke\u015ffedecek ve teslim tarihleri yakla\u015ft\u0131\u011f\u0131nda, aralar\u0131nda yepyeni bir \u015feyin filizlendi\u011fini fark edecekti. \u00c7oksatar yazar Jasmine Guillory&#8217;nin kalp yakan romantik anlat\u0131s\u0131, klasikle\u015fmi\u015f bir masal\u0131 yepyeni bir jenerasyonla bulu\u015fturuyor.<\/p>\n","protected":false},"excerpt":{"rendered":"<p>BAZEN B\u0130R\u0130N\u0130 GER\u00c7EKTEN TANIMAK \u0130\u00c7\u0130N SATIR ARALARINI OKUMANIZ GEREK\u0130R. \u0130sabella Marlowe kendini \u00e7ok \u00e7aresiz hissediyordu. \u00dcniversiteden sonra yay\u0131nc\u0131l\u0131k kariyerine at\u0131ld\u0131\u011f\u0131nda, yirmi be\u015f ya\u015f\u0131na geldi\u011finde bile h\u00e2l\u00e2<span class=\"excerpt-hellip\"> [\u2026]<\/span><\/p>\n","protected":false},"featured_media":0,"template":"","meta":{"_monsterinsights_skip_tracking":false,"_monsterinsights_sitenote_active":false,"_monsterinsights_sitenote_note":"","_monsterinsights_sitenote_category":0},"product_brand":[],"product_cat":[12291,12711],"product_tag":[],"class_list":{"0":"post-759723","1":"product","2":"type-product","3":"status-publish","5":"product_cat-edebiyat","6":"product_cat-roman-oyku","7":"pa_cilt-ciltsiz","8":"pa_tur-kitap","9":"pa_yayinevi-beta-byou","10":"pa_yazar-jasmine-guillory","12":"first","13":"instock","14":"sale","15":"shipping-taxable","16":"purchasable","17":"product-type-simple"},"_links":{"self":[{"href":"https:\/\/roveyayinevi.com.tr\/index.php\/wp-json\/wp\/v2\/product\/759723","targetHints":{"allow":["GET"]}}],"collection":[{"href":"https:\/\/roveyayinevi.com.tr\/index.php\/wp-json\/wp\/v2\/product"}],"about":[{"href":"https:\/\/roveyayinevi.com.tr\/index.php\/wp-json\/wp\/v2\/types\/product"}],"wp:attachment":[{"href":"https:\/\/roveyayinevi.com.tr\/index.php\/wp-json\/wp\/v2\/media?parent=759723"}],"wp:term":[{"taxonomy":"product_brand","embeddable":true,"href":"https:\/\/roveyayinevi.com.tr\/index.php\/wp-json\/wp\/v2\/product_brand?post=759723"},{"taxonomy":"product_cat","embeddable":true,"href":"https:\/\/roveyayinevi.com.tr\/index.php\/wp-json\/wp\/v2\/product_cat?post=759723"},{"taxonomy":"product_tag","embeddable":true,"href":"https:\/\/roveyayinevi.com.tr\/index.php\/wp-json\/wp\/v2\/product_tag?post=759723"}],"curies":[{"name":"wp","href":"https:\/\/api.w.org\/{rel}","templated":true}]}}