{"id":759722,"date":"2025-08-28T08:43:08","date_gmt":"2025-08-28T05:43:08","guid":{"rendered":"https:\/\/roveyayinevi.com.tr\/index.php\/urun\/ekolojik-tasarim-kurami\/"},"modified":"2026-04-16T03:12:39","modified_gmt":"2026-04-16T00:12:39","slug":"ekolojik-tasarim-kurami","status":"publish","type":"product","link":"https:\/\/roveyayinevi.com.tr\/index.php\/urun\/ekolojik-tasarim-kurami\/","title":{"rendered":"Ekolojik Tasar\u0131m Kuram\u0131"},"content":{"rendered":"<p>G\u00f6ky\u00fcz\u00fc yerine 2.5 metrelik bir tavana bakmak, d\u00f6rt ad\u0131m sonra evin di\u011fer ucuna ula\u015f\u0131p gerid\u00f6nmek zorunda kalmak, bir pencereden gelen \u0131\u015f\u0131k ile ayd\u0131nlanmak, t\u00fcm bir \u00f6mr\u00fc ayn\u0131 koltuk\u00fczerinde ge\u00e7irmek canl\u0131 do\u011fas\u0131na ayk\u0131r\u0131d\u0131r. Biz bu ayk\u0131r\u0131l\u0131\u011f\u0131 \u00f6nce kendimiz reddederek, t\u00fcrl\u00fcbahaneler ve gerek\u00e7eler ile t\u00fcm insanl\u0131\u011f\u0131 kand\u0131rmay\u0131 ba\u015fard\u0131k. Sonras\u0131nda da t\u00fcm ya\u015fam\u0131 buinan\u00e7 do\u011frultusunda de\u011fi\u015ftirmeye ve d\u00f6n\u00fc\u015ft\u00fcrmeye kalkt\u0131k.Kendine ac\u0131mas\u0131z olan canl\u0131lar olarak bir ba\u015fkas\u0131na merhametli olmam\u0131z da d\u00fc\u015f\u00fcn\u00fclemezdi.Sadece g\u0131da olarak adland\u0131rd\u0131\u011f\u0131m\u0131z canl\u0131lar\u0131, apartman daireleri gibi besi \u00e7iftliklerine kapatt\u0131k,bitkileri topraktan kopartt\u0131k, yapay vitamin ve minerallerle su i\u00e7inde ya\u015famaya zorlanannebatatlar\u0131 g\u0131da sayd\u0131k. Kendimize kulland\u0131\u011f\u0131m\u0131z antibiyotikler gibi t\u00fcm bu canl\u0131lara da kimyasalila\u00e7lar verdik. Hapsolmu\u015f, zehirlenmi\u015f, ya\u015fam alanlar\u0131ndan kopar\u0131lm\u0131\u015f fiziksel ve ruhsal olarakhastalanm\u0131\u015f canl\u0131lardan beslenerek var olmaya \u00e7al\u0131\u015fan insanlar olarak kendimizden, in\u015fa etti\u011fimizduvarlar aras\u0131nda, bar\u0131\u015f\u00e7\u0131l, \u00f6zg\u00fcr d\u00fc\u015f\u00fcnceye sahip, a\u00e7\u0131k fikirli bir ya\u015fam ya\u015famas\u0131n\u0131 bekledik.\u015eimdilerde ise bu beklentilerimizi ekolojik kayg\u0131lar ile peki\u015ftiriyoruz.Ekolojik tasar\u0131m kayg\u0131s\u0131 b\u00fct\u00fcnc\u00fcl bir ya\u015fam kayg\u0131s\u0131d\u0131r. \u00c7\u00fcnk\u00fc ekoloji, par\u00e7alara ay\u0131rabilece\u011fimizbir oyun hamuru de\u011fildir. Biz bunu k\u0131s\u0131mlara ay\u0131r\u0131p, uzmanl\u0131klarla b\u00f6lmeye ba\u015flad\u0131\u011f\u0131m\u0131zdakendimizi kand\u0131rmaya da ba\u015flar\u0131z. Yap\u0131lacak tasar\u0131m d\u00fcnya i\u00e7in yap\u0131lmak zorundad\u0131r. Zateninsan i\u00e7in yap\u0131lan bir i\u015fin d\u00fcnyadan ayr\u0131lmas\u0131 son derece sapk\u0131ncad\u0131r.Bu bizim d\u00fcnya d\u0131\u015f\u0131 veya d\u00fcnya \u00fcst\u00fcn varl\u0131klar oldu\u011fumuzu d\u00fc\u015f\u00fcnmemize benzer. Sanki kaynak olarak kulland\u0131\u011f\u0131m\u0131z bir gezegene gelen varl\u0131klar gibi davranmam\u0131z bu gezegende herhangi bir sorunu \u00e7\u00f6zmez. Siz bir ya\u015fam alan\u0131 tasarlamak i\u00e7in yola \u00e7\u0131k\u0131p, ya\u015famdan insan\u0131 ay\u0131klay\u0131p, di\u011fer canl\u0131lar\u0131 yok sayd\u0131\u011f\u0131n\u0131zda, ancak g\u00fcn\u00fcm\u00fcz \u015fehirlerine ula\u015fabilirsiniz. Bu \u015fehirlerin hali ise ortada&#8230; Bizler i\u00e7in as\u0131l ya\u015fam d\u00fcnyadad\u0131r, d\u00fcnyan\u0131n kendisidir ve bu ya\u015fam\u0131n s\u00fcrmesi t\u00fcm aile bireylerine ba\u011fl\u0131d\u0131r. Ekolojik tasar\u0131m konusunda kendimize bir soruyu yeniden sormam\u0131z gerekir; \u201cEkolojik tasar\u0131m kimin i\u00e7indir?\u201d Odak noktas\u0131na bir ba\u015f\u0131na insan\u0131 koydu\u011funuz hi\u00e7bir tasar\u0131m bi\u00e7imi ekoloji ile ba\u011fda\u015fmaz. Malzeme, teknik, co\u011frafya farketmeksizin do\u011fru mesaj\u0131 veremez, dengeli bir enerjiye sahip olamaz. Dolay\u0131s\u0131 ile de talep edeni tatmin etmez, var olma amac\u0131n\u0131 ger\u00e7ekle\u015ftirmez.<\/p>\n","protected":false},"excerpt":{"rendered":"<p>G\u00f6ky\u00fcz\u00fc yerine 2.5 metrelik bir tavana bakmak, d\u00f6rt ad\u0131m sonra evin di\u011fer ucuna ula\u015f\u0131p gerid\u00f6nmek zorunda kalmak, bir pencereden gelen \u0131\u015f\u0131k ile ayd\u0131nlanmak, t\u00fcm bir \u00f6mr\u00fc<span class=\"excerpt-hellip\"> [\u2026]<\/span><\/p>\n","protected":false},"featured_media":0,"template":"","meta":{"_monsterinsights_skip_tracking":false,"_monsterinsights_sitenote_active":false,"_monsterinsights_sitenote_note":"","_monsterinsights_sitenote_category":0},"product_brand":[],"product_cat":[23323,12364],"product_tag":[],"class_list":{"0":"post-759722","1":"product","2":"type-product","3":"status-publish","5":"product_cat-ekoloji","6":"product_cat-genel-konular","7":"pa_cilt-ciltsiz","8":"pa_tur-kitap","9":"pa_yayinevi-yeni-insan-yayinlari","10":"pa_yazar-melih-asanli","12":"first","13":"instock","14":"sale","15":"shipping-taxable","16":"purchasable","17":"product-type-simple"},"_links":{"self":[{"href":"https:\/\/roveyayinevi.com.tr\/index.php\/wp-json\/wp\/v2\/product\/759722","targetHints":{"allow":["GET"]}}],"collection":[{"href":"https:\/\/roveyayinevi.com.tr\/index.php\/wp-json\/wp\/v2\/product"}],"about":[{"href":"https:\/\/roveyayinevi.com.tr\/index.php\/wp-json\/wp\/v2\/types\/product"}],"wp:attachment":[{"href":"https:\/\/roveyayinevi.com.tr\/index.php\/wp-json\/wp\/v2\/media?parent=759722"}],"wp:term":[{"taxonomy":"product_brand","embeddable":true,"href":"https:\/\/roveyayinevi.com.tr\/index.php\/wp-json\/wp\/v2\/product_brand?post=759722"},{"taxonomy":"product_cat","embeddable":true,"href":"https:\/\/roveyayinevi.com.tr\/index.php\/wp-json\/wp\/v2\/product_cat?post=759722"},{"taxonomy":"product_tag","embeddable":true,"href":"https:\/\/roveyayinevi.com.tr\/index.php\/wp-json\/wp\/v2\/product_tag?post=759722"}],"curies":[{"name":"wp","href":"https:\/\/api.w.org\/{rel}","templated":true}]}}