{"id":759708,"date":"2025-08-28T08:42:44","date_gmt":"2025-08-28T05:42:44","guid":{"rendered":"https:\/\/roveyayinevi.com.tr\/index.php\/urun\/cocuklar-icin-sudoku-3lu-set\/"},"modified":"2026-03-19T03:14:56","modified_gmt":"2026-03-19T00:14:56","slug":"cocuklar-icin-sudoku-3lu-set","status":"publish","type":"product","link":"https:\/\/roveyayinevi.com.tr\/index.php\/urun\/cocuklar-icin-sudoku-3lu-set\/","title":{"rendered":"\u00c7ocuklar \u0130\u00e7in Sudoku 3&#8217;l\u00fc Set"},"content":{"rendered":"<p>\u00c7ocuklar i\u00e7in 4&#215;4, 6&#215;6 ve 9&#215;9 h\u00fccrelerle kolay, orta, zor seviyelerde sudokular haz\u0131rlad\u0131k. Sudoku \u00e7ocuklarda hem yarat\u0131c\u0131l\u0131k hem de stratejik d\u00fc\u015f\u00fcnebilme yetisini a\u015f\u0131lamaktad\u0131r. K\u00fc\u00e7\u00fck ya\u015flardaki \u00e7ocuklar\u0131n beyinsel geli\u015fimi i\u00e7in sudoku \u00f6nerilmektedir. Sudoku konsantrasyon ve dikkat toplama becerisini geli\u015ftirmektedir. Ayn\u0131 zamanda karar verme becerisini artt\u0131rmaktad\u0131r.<\/p>\n","protected":false},"excerpt":{"rendered":"<p>\u00c7ocuklar i\u00e7in 4&#215;4, 6&#215;6 ve 9&#215;9 h\u00fccrelerle kolay, orta, zor seviyelerde sudokular haz\u0131rlad\u0131k. Sudoku \u00e7ocuklarda hem yarat\u0131c\u0131l\u0131k hem de stratejik d\u00fc\u015f\u00fcnebilme yetisini a\u015f\u0131lamaktad\u0131r. K\u00fc\u00e7\u00fck ya\u015flardaki \u00e7ocuklar\u0131n<span class=\"excerpt-hellip\"> [\u2026]<\/span><\/p>\n","protected":false},"featured_media":0,"template":"","meta":{"_monsterinsights_skip_tracking":false,"_monsterinsights_sitenote_active":false,"_monsterinsights_sitenote_note":"","_monsterinsights_sitenote_category":0},"product_brand":[],"product_cat":[12492,12274],"product_tag":[],"class_list":{"0":"post-759708","1":"product","2":"type-product","3":"status-publish","5":"product_cat-bilmece-bulmaca","6":"product_cat-cocuk-ve-genclik-kitaplari","7":"pa_cilt-ciltsiz","8":"pa_tur-kitap10","9":"pa_yayinevi-mavi-boncuk","10":"pa_yazar-kolektif","12":"first","13":"instock","14":"sale","15":"shipping-taxable","16":"purchasable","17":"product-type-simple"},"_links":{"self":[{"href":"https:\/\/roveyayinevi.com.tr\/index.php\/wp-json\/wp\/v2\/product\/759708","targetHints":{"allow":["GET"]}}],"collection":[{"href":"https:\/\/roveyayinevi.com.tr\/index.php\/wp-json\/wp\/v2\/product"}],"about":[{"href":"https:\/\/roveyayinevi.com.tr\/index.php\/wp-json\/wp\/v2\/types\/product"}],"wp:attachment":[{"href":"https:\/\/roveyayinevi.com.tr\/index.php\/wp-json\/wp\/v2\/media?parent=759708"}],"wp:term":[{"taxonomy":"product_brand","embeddable":true,"href":"https:\/\/roveyayinevi.com.tr\/index.php\/wp-json\/wp\/v2\/product_brand?post=759708"},{"taxonomy":"product_cat","embeddable":true,"href":"https:\/\/roveyayinevi.com.tr\/index.php\/wp-json\/wp\/v2\/product_cat?post=759708"},{"taxonomy":"product_tag","embeddable":true,"href":"https:\/\/roveyayinevi.com.tr\/index.php\/wp-json\/wp\/v2\/product_tag?post=759708"}],"curies":[{"name":"wp","href":"https:\/\/api.w.org\/{rel}","templated":true}]}}