{"id":759688,"date":"2025-08-28T08:42:15","date_gmt":"2025-08-28T05:42:15","guid":{"rendered":"https:\/\/roveyayinevi.com.tr\/index.php\/urun\/halide-ve-cahit-arfin-almanya-mektuplari\/"},"modified":"2026-04-16T03:12:38","modified_gmt":"2026-04-16T00:12:38","slug":"halide-ve-cahit-arfin-almanya-mektuplari","status":"publish","type":"product","link":"https:\/\/roveyayinevi.com.tr\/index.php\/urun\/halide-ve-cahit-arfin-almanya-mektuplari\/","title":{"rendered":"Halide ve Cahit Arf&#8217;\u0131n Almanya Mektuplar\u0131"},"content":{"rendered":"<p>T\u00fcrk matematik tarihinin en \u00f6nemli simalar\u0131ndan biri olan Cahit Arf ve tarih \u00f6\u011fretmeni e\u015fi Halide Arf ile cebir ve say\u0131lar teorisi alanlar\u0131nda \u015f\u00f6hreti d\u00fcnyaya yay\u0131lm\u0131\u015f olan Alman matematik\u00e7i Helmut Hasse\u2019nin biyografilerini ve Arf \u00e7iftinin Hasse ile mektupla\u015fmalar\u0131n\u0131 konu edinen bu \u00e7al\u0131\u015fma, ilim d\u00fcnyas\u0131na katk\u0131da bulunmu\u015f ve say\u0131s\u0131z \u00f6\u011frenci yeti\u015ftirmi\u015f \u00fc\u00e7 ki\u015fi aras\u0131ndaki meslek\u00ee ve k\u00fclt\u00fcrel bilgi payla\u015f\u0131m\u0131n\u0131 ortaya koymaktad\u0131r.Cahit Arf, Sel\u00e2nik Posta Telgraf \u0130daresi memuru ve \u0130ttihat ve Terakki Cemiyeti Sel\u00e2nik \u015eubesi \u00fcyelerinden Yusuf Bey\u2019in o\u011flu olup, 11 Ekim 1910 tarihinde o d\u00f6nemler bir Osmanl\u0131 \u015fehri olan Sel\u00e2nik\u2019te\u2019ki Islahhane mahallesinde d\u00fcnyaya gelmi\u015ftir. Ailesi, Osmanl\u0131 Devleti\u2019nin Balkanlara yay\u0131ld\u0131\u011f\u0131 d\u00f6nemde Konya b\u00f6lgesinden getirilen T\u00fcrk boylar\u0131ndand\u0131r. 1912\u2019de Balkanlarda ba\u015flayan sava\u015f sebebiyle t\u00fcm aile \u0130stanbul\u2019a g\u00f6\u00e7 etmi\u015ftir. Kandilli K\u0131z Lisesi\u2019nden emekli olan tarih \u00f6\u011fretmeni Halide Arf ise Mill\u00ee M\u00fccadele D\u00f6nemi\u2019nde \u015fehit edilen E\u015fme Kaymakam\u0131 Ahmet \u015eevki Bey\u2019in k\u0131z\u0131d\u0131r.Farkl\u0131 millet ve k\u00fclt\u00fcrlere mensup Hasse ile Arf \u00e7iftinin, bu \u00fc\u00e7 g\u00fczide ilim insan\u0131n\u0131n otuz alt\u0131 y\u0131l s\u00fcren mektupla\u015fmalar\u0131 kimi zaman basit bir hat\u0131r sormaktan ibaretken kimi zaman da ciddi konular\u0131n tart\u0131\u015f\u0131ld\u0131\u011f\u0131 bir platforma d\u00f6n\u00fc\u015fm\u00fc\u015ft\u00fcr. Mektuplarda akademi camias\u0131ndaki faaliyet ve g\u00f6zlemlerin yan\u0131 s\u0131ra, y\u0131llar boyu tarih, edebiyat, sanat ve muhtelif sosyal konularda Almanca, Frans\u0131zca, \u0130ngilizce ve T\u00fcrk\u00e7e olarak hayli ilgi \u00e7ekici bilgiler payla\u015f\u0131lm\u0131\u015ft\u0131r. \u00d6zellikle Halide Arf\u2019\u0131n bir tarih \u00f6\u011fretmeni olarak T\u00fcrk tarihi ve k\u00fclt\u00fcr\u00fcn\u00fc tan\u0131tmaya ba\u015flamas\u0131yla Hasse cephesinde ilgin\u00e7 bir de\u011fi\u015fiklik g\u00f6r\u00fclmektedir. Hasse gibi alan\u0131nda d\u00fcnyaca tan\u0131nm\u0131\u015f bir Alman matematik\u00e7inin T\u00fcrk k\u00fclt\u00fcr\u00fcn\u00fc tan\u0131mas\u0131 ile T\u00fcrk\u00e7e \u00f6\u011frenip mektuplar\u0131n\u0131 T\u00fcrk\u00e7e kaleme almaya ba\u015flamas\u0131, ilerleyen y\u0131llarda T\u00fcrkiye\u2019de misafir profes\u00f6r olarak bulunmas\u0131 ve vefat\u0131ndan \u00f6nce son bir kez daha T\u00fcrkiye\u2019yi g\u00f6rmek istemesi gibi detaylar m\u00fchimdir.<\/p>\n","protected":false},"excerpt":{"rendered":"<p>T\u00fcrk matematik tarihinin en \u00f6nemli simalar\u0131ndan biri olan Cahit Arf ve tarih \u00f6\u011fretmeni e\u015fi Halide Arf ile cebir ve say\u0131lar teorisi alanlar\u0131nda \u015f\u00f6hreti d\u00fcnyaya yay\u0131lm\u0131\u015f olan<span class=\"excerpt-hellip\"> [\u2026]<\/span><\/p>\n","protected":false},"featured_media":0,"template":"","meta":{"_monsterinsights_skip_tracking":false,"_monsterinsights_sitenote_active":false,"_monsterinsights_sitenote_note":"","_monsterinsights_sitenote_category":0},"product_brand":[],"product_cat":[14009,12291],"product_tag":[],"class_list":{"0":"post-759688","1":"product","2":"type-product","3":"status-publish","5":"product_cat-biyografi-otobiyografi-edebiyat","6":"product_cat-edebiyat","7":"pa_cilt-ciltsiz","8":"pa_tur-kitap","9":"pa_yayinevi-otuken-nesriyat","10":"pa_yazar-emir-onguner","12":"first","13":"instock","14":"sale","15":"shipping-taxable","16":"purchasable","17":"product-type-simple"},"_links":{"self":[{"href":"https:\/\/roveyayinevi.com.tr\/index.php\/wp-json\/wp\/v2\/product\/759688","targetHints":{"allow":["GET"]}}],"collection":[{"href":"https:\/\/roveyayinevi.com.tr\/index.php\/wp-json\/wp\/v2\/product"}],"about":[{"href":"https:\/\/roveyayinevi.com.tr\/index.php\/wp-json\/wp\/v2\/types\/product"}],"wp:attachment":[{"href":"https:\/\/roveyayinevi.com.tr\/index.php\/wp-json\/wp\/v2\/media?parent=759688"}],"wp:term":[{"taxonomy":"product_brand","embeddable":true,"href":"https:\/\/roveyayinevi.com.tr\/index.php\/wp-json\/wp\/v2\/product_brand?post=759688"},{"taxonomy":"product_cat","embeddable":true,"href":"https:\/\/roveyayinevi.com.tr\/index.php\/wp-json\/wp\/v2\/product_cat?post=759688"},{"taxonomy":"product_tag","embeddable":true,"href":"https:\/\/roveyayinevi.com.tr\/index.php\/wp-json\/wp\/v2\/product_tag?post=759688"}],"curies":[{"name":"wp","href":"https:\/\/api.w.org\/{rel}","templated":true}]}}