{"id":759678,"date":"2025-08-28T08:41:59","date_gmt":"2025-08-28T05:41:59","guid":{"rendered":"https:\/\/roveyayinevi.com.tr\/index.php\/urun\/her-gune-bir-oyun-365-akil-ve-zeka-oyunu\/"},"modified":"2026-04-16T03:12:38","modified_gmt":"2026-04-16T00:12:38","slug":"her-gune-bir-oyun-365-akil-ve-zeka-oyunu","status":"publish","type":"product","link":"https:\/\/roveyayinevi.com.tr\/index.php\/urun\/her-gune-bir-oyun-365-akil-ve-zeka-oyunu\/","title":{"rendered":"Her G\u00fcne Bir Oyun 365 Ak\u0131l ve Zeka Oyunu"},"content":{"rendered":"<p>Maceraya haz\u0131r m\u0131s\u0131n ? Bu kitap , beynimizin her b\u00f6l\u00fcm\u00fcn\u00fc test edebilece\u011fimiz \u015fekilde tasarlanm\u0131\u015f 365 farkl\u0131 ve zeka oyunu i\u00e7ermektedir. Her bir oyun birbirinden farkl\u0131d\u0131r. E\u011flence ba\u015flas\u0131n. <\/p>\n","protected":false},"excerpt":{"rendered":"<p>Maceraya haz\u0131r m\u0131s\u0131n ? Bu kitap , beynimizin her b\u00f6l\u00fcm\u00fcn\u00fc test edebilece\u011fimiz \u015fekilde tasarlanm\u0131\u015f 365 farkl\u0131 ve zeka oyunu i\u00e7ermektedir. Her bir oyun birbirinden farkl\u0131d\u0131r. E\u011flence<span class=\"excerpt-hellip\"> [\u2026]<\/span><\/p>\n","protected":false},"featured_media":0,"template":"","meta":{"_monsterinsights_skip_tracking":false,"_monsterinsights_sitenote_active":false,"_monsterinsights_sitenote_note":"","_monsterinsights_sitenote_category":0},"product_brand":[],"product_cat":[12274,15842],"product_tag":[],"class_list":{"0":"post-759678","1":"product","2":"type-product","3":"status-publish","5":"product_cat-cocuk-ve-genclik-kitaplari","6":"product_cat-egitici-kitaplar","7":"pa_cilt-ciltsiz","8":"pa_tur-kitap","9":"pa_yayinevi-bookalemun-yayinevi","10":"pa_yazar-can-demir","12":"first","13":"instock","14":"sale","15":"shipping-taxable","16":"purchasable","17":"product-type-simple"},"_links":{"self":[{"href":"https:\/\/roveyayinevi.com.tr\/index.php\/wp-json\/wp\/v2\/product\/759678","targetHints":{"allow":["GET"]}}],"collection":[{"href":"https:\/\/roveyayinevi.com.tr\/index.php\/wp-json\/wp\/v2\/product"}],"about":[{"href":"https:\/\/roveyayinevi.com.tr\/index.php\/wp-json\/wp\/v2\/types\/product"}],"wp:attachment":[{"href":"https:\/\/roveyayinevi.com.tr\/index.php\/wp-json\/wp\/v2\/media?parent=759678"}],"wp:term":[{"taxonomy":"product_brand","embeddable":true,"href":"https:\/\/roveyayinevi.com.tr\/index.php\/wp-json\/wp\/v2\/product_brand?post=759678"},{"taxonomy":"product_cat","embeddable":true,"href":"https:\/\/roveyayinevi.com.tr\/index.php\/wp-json\/wp\/v2\/product_cat?post=759678"},{"taxonomy":"product_tag","embeddable":true,"href":"https:\/\/roveyayinevi.com.tr\/index.php\/wp-json\/wp\/v2\/product_tag?post=759678"}],"curies":[{"name":"wp","href":"https:\/\/api.w.org\/{rel}","templated":true}]}}