{"id":759665,"date":"2025-08-28T08:41:40","date_gmt":"2025-08-28T05:41:40","guid":{"rendered":"https:\/\/roveyayinevi.com.tr\/index.php\/urun\/adanin-insanlari\/"},"modified":"2026-04-16T03:12:37","modified_gmt":"2026-04-16T00:12:37","slug":"adanin-insanlari","status":"publish","type":"product","link":"https:\/\/roveyayinevi.com.tr\/index.php\/urun\/adanin-insanlari\/","title":{"rendered":"Adan\u0131n \u0130nsanlar\u0131"},"content":{"rendered":"<p>VAS\u0130L\u0130K\u0130 KS\u0130DA  \/ B\u00dcY\u00dcKADA RUM \u0130LKOKULU \u00d6\u011eRETMEN\u0130 B\u00fcy\u00fckada\u2019da b\u00fct\u00fcn esnaf Rum\u2019du\u2026 Ekmek f\u0131r\u0131n\u0131 Yamalakini\u2019ndi. B\u00fcy\u00fckada f\u0131r\u0131n\u0131 Niko Mundis\u2019indi. Bakkal\u0131m\u0131z Barba Thoma idi. Ba\u015fka bir bakkal Grigoris Usulcuo\u011flu\u2019ydu. Bal\u0131k\u00e7\u0131 olarak Bekiaris ve Mavilas vard\u0131. Adan\u0131n kasab\u0131 Barba Kapetanakis idi. Nikos Nikolaidis adan\u0131n mimar\u0131yd\u0131. Yapt\u0131\u011f\u0131 binalar adan\u0131n en g\u00fczel binalar\u0131 olarak an\u0131l\u0131rlar h\u00e2l\u00e2. Barba Yorgo Yapitzio\u011flu adan\u0131n manav\u0131yd\u0131. \u0130simleri ve soyisimleri ile hat\u0131rlamam\u0131n sebebi, ben bunlar\u0131n ayn\u0131 zamanda \u00f6\u011fretmenleriydim. Ad ve soyad olarak ezberimde kalm\u0131\u015f\u2026   YALIM ERALP \/ EMEKL\u0130 B\u00dcY\u00dcKEL\u00c7\u0130 Rumlar gittikten sonra, yeme i\u00e7me d\u0131\u015f\u0131nda e\u011flence bitti. Buradaki Rumlar buraya bamba\u015fka bir hava veriyorlard\u0131. Bug\u00fcn, ada daha fakir, daha az mozai\u011fi olan, e\u011flence ve yemek k\u00fclt\u00fcr\u00fc daha zay\u0131f, bal\u0131k k\u00fclt\u00fcr\u00fcnden \u00e7ok kebap k\u00fclt\u00fcr\u00fc olan bir yer. Kalite d\u00fc\u015ft\u00fc. Adalar k\u00fclt\u00fcr d\u00fczeyi y\u00fcksek, yemek yeme d\u00fczeyi, m\u00fczikli tavernalar\u0131 ile bal\u0131k lokantalar\u0131 ile \u00e7ok daha \u015f\u0131kt\u0131. \u0130n\u015fallah d\u00f6nerler. Tabii ki ke\u015fke kriz olmasayd\u0131. Ama d\u00f6neceklerse de kalabal\u0131klar halinde d\u00f6ns\u00fcnler. Adalara d\u00f6nerlerse kalite y\u00fckselir\u2026   AD\u0130L BAL\u0130 \/ ARA\u015eTIRMACI YAZAR Eskiden bunlar konu\u015fulmaz ve anlat\u0131lmazd\u0131. Mesela sen \u015fimdi kitaplar\u0131nda bir\u00e7ok \u015fey aktar\u0131yorsun ya bunlar\u0131 okuyarak ben de bir\u00e7ok yeni bilgi \u00f6\u011frendim. Pandeli hakk\u0131nda, Tarabya\u2019daki Filiz, Garaj hakk\u0131nda\u2026 Bunlar \u00e7ok \u00f6nemli \u015feyler. Bu bilgiler aktar\u0131lmal\u0131. Anneler babalar bunlar\u0131 anlatm\u0131yorlard\u0131. Ni\u00e7in kalk\u0131p Kosova\u2019dan buraya geldi\u011fimizi anlatmazlard\u0131. Kitaplar da yoktu \u00e7ok fazla\u2026 Bu anlamda bu yapt\u0131\u011f\u0131n i\u015flerin \u00e7ok \u00f6nemli oldu\u011funu d\u00fc\u015f\u00fcn\u00fcyorum\u2026 <\/p>\n","protected":false},"excerpt":{"rendered":"<p>VAS\u0130L\u0130K\u0130 KS\u0130DA \/ B\u00dcY\u00dcKADA RUM \u0130LKOKULU \u00d6\u011eRETMEN\u0130 B\u00fcy\u00fckada\u2019da b\u00fct\u00fcn esnaf Rum\u2019du\u2026 Ekmek f\u0131r\u0131n\u0131 Yamalakini\u2019ndi. B\u00fcy\u00fckada f\u0131r\u0131n\u0131 Niko Mundis\u2019indi. Bakkal\u0131m\u0131z Barba Thoma idi. Ba\u015fka bir bakkal Grigoris<span class=\"excerpt-hellip\"> [\u2026]<\/span><\/p>\n","protected":false},"featured_media":0,"template":"","meta":{"_monsterinsights_skip_tracking":false,"_monsterinsights_sitenote_active":false,"_monsterinsights_sitenote_note":"","_monsterinsights_sitenote_category":0},"product_brand":[],"product_cat":[18545,12291],"product_tag":[],"class_list":{"0":"post-759665","1":"product","2":"type-product","3":"status-publish","5":"product_cat-anlati","6":"product_cat-edebiyat","7":"pa_cilt-ciltsiz","8":"pa_tur-kitap","9":"pa_yayinevi-inkilap-kitabevi","10":"pa_yazar-meri-cevik-simyonidis","12":"first","13":"instock","14":"sale","15":"shipping-taxable","16":"purchasable","17":"product-type-simple"},"_links":{"self":[{"href":"https:\/\/roveyayinevi.com.tr\/index.php\/wp-json\/wp\/v2\/product\/759665","targetHints":{"allow":["GET"]}}],"collection":[{"href":"https:\/\/roveyayinevi.com.tr\/index.php\/wp-json\/wp\/v2\/product"}],"about":[{"href":"https:\/\/roveyayinevi.com.tr\/index.php\/wp-json\/wp\/v2\/types\/product"}],"wp:attachment":[{"href":"https:\/\/roveyayinevi.com.tr\/index.php\/wp-json\/wp\/v2\/media?parent=759665"}],"wp:term":[{"taxonomy":"product_brand","embeddable":true,"href":"https:\/\/roveyayinevi.com.tr\/index.php\/wp-json\/wp\/v2\/product_brand?post=759665"},{"taxonomy":"product_cat","embeddable":true,"href":"https:\/\/roveyayinevi.com.tr\/index.php\/wp-json\/wp\/v2\/product_cat?post=759665"},{"taxonomy":"product_tag","embeddable":true,"href":"https:\/\/roveyayinevi.com.tr\/index.php\/wp-json\/wp\/v2\/product_tag?post=759665"}],"curies":[{"name":"wp","href":"https:\/\/api.w.org\/{rel}","templated":true}]}}