{"id":759664,"date":"2025-08-28T08:41:38","date_gmt":"2025-08-28T05:41:38","guid":{"rendered":"https:\/\/roveyayinevi.com.tr\/index.php\/urun\/frege-ve-anlam-ve-gonderim-uzerine-icin-bir-kilavuz\/"},"modified":"2026-04-16T03:12:37","modified_gmt":"2026-04-16T00:12:37","slug":"frege-ve-anlam-ve-gonderim-uzerine-icin-bir-kilavuz","status":"publish","type":"product","link":"https:\/\/roveyayinevi.com.tr\/index.php\/urun\/frege-ve-anlam-ve-gonderim-uzerine-icin-bir-kilavuz\/","title":{"rendered":"Frege ve Anlam ve G\u00f6nderim \u00dczerine \u0130\u00e7in Bir K\u0131lavuz"},"content":{"rendered":"<p>Analitik felsefenin kurucular\u0131ndan ve modern mant\u0131\u011f\u0131n \u00f6nc\u00fclerinden Gottlob Frege, her \u015feyden \u00f6nce bir matematik\u00e7idir, ancak dil felsefesine de \u00f6nemli katk\u0131larda bulunmu\u015ftur. Wittgenstein, Carnap, Russell gibi filozoflar \u00fczerinde g\u00fc\u00e7l\u00fc bir etkisi vard\u0131r. Frege\u2019nin teknik ve soyut kavramlarla ilerleyen metinleri okur a\u00e7\u0131s\u0131ndan ba\u015flang\u0131\u00e7ta olduk\u00e7a zorlay\u0131c\u0131d\u0131r ve Mark Textor\u2019un bu \u00e7al\u0131\u015fmas\u0131, \u00f6\u011frencilerin ve felsefe merakl\u0131lar\u0131n\u0131n bahsi ge\u00e7en zorlu\u011fu a\u015f\u0131p Frege d\u00fc\u015f\u00fcncesine n\u00fcfuz etmesine yard\u0131mc\u0131 olmay\u0131 hedefliyor. Frege\u2019nin felsefi \u00e7al\u0131\u015fmalar\u0131n\u0131n arka plan\u0131n\u0131 aktararak i\u015fe ba\u015flayan Textor, sonras\u0131nda Frege\u2019nin ana makalelerine ve arg\u00fcmanlar\u0131na odaklan\u0131yor. Devam\u0131nda anlam ve g\u00f6nderim aras\u0131ndaki ayr\u0131m\u0131 a\u00e7\u0131mlayan Textor, son olarak Frege\u2019nin \u00e7al\u0131\u015fmalar\u0131n\u0131n mant\u0131k ve dil felsefesi i\u00e7in s\u00fcregelen \u00f6nemini ve konumunu tespit ediyor. Frege ile ilk kez kar\u015f\u0131la\u015fanlar i\u00e7in ideal nitelikteki bu \u00e7al\u0131\u015fma; dil felsefesi, felsefi mant\u0131k ve analitik felsefe tarihine ilgi duyanlar i\u00e7in vazge\u00e7ilmez bir k\u0131lavuz niteli\u011fi ta\u015f\u0131yor.<\/p>\n","protected":false},"excerpt":{"rendered":"<p>Analitik felsefenin kurucular\u0131ndan ve modern mant\u0131\u011f\u0131n \u00f6nc\u00fclerinden Gottlob Frege, her \u015feyden \u00f6nce bir matematik\u00e7idir, ancak dil felsefesine de \u00f6nemli katk\u0131larda bulunmu\u015ftur. Wittgenstein, Carnap, Russell gibi filozoflar<span class=\"excerpt-hellip\"> [\u2026]<\/span><\/p>\n","protected":false},"featured_media":0,"template":"","meta":{"_monsterinsights_skip_tracking":false,"_monsterinsights_sitenote_active":false,"_monsterinsights_sitenote_note":"","_monsterinsights_sitenote_category":0},"product_brand":[],"product_cat":[12388],"product_tag":[],"class_list":{"0":"post-759664","1":"product","2":"type-product","3":"status-publish","5":"product_cat-felsefe","6":"pa_cilt-ciltsiz","7":"pa_tur-kitap","8":"pa_yayinevi-babil-kitap","9":"pa_yazar-mark-textor","11":"first","12":"instock","13":"sale","14":"shipping-taxable","15":"purchasable","16":"product-type-simple"},"_links":{"self":[{"href":"https:\/\/roveyayinevi.com.tr\/index.php\/wp-json\/wp\/v2\/product\/759664","targetHints":{"allow":["GET"]}}],"collection":[{"href":"https:\/\/roveyayinevi.com.tr\/index.php\/wp-json\/wp\/v2\/product"}],"about":[{"href":"https:\/\/roveyayinevi.com.tr\/index.php\/wp-json\/wp\/v2\/types\/product"}],"wp:attachment":[{"href":"https:\/\/roveyayinevi.com.tr\/index.php\/wp-json\/wp\/v2\/media?parent=759664"}],"wp:term":[{"taxonomy":"product_brand","embeddable":true,"href":"https:\/\/roveyayinevi.com.tr\/index.php\/wp-json\/wp\/v2\/product_brand?post=759664"},{"taxonomy":"product_cat","embeddable":true,"href":"https:\/\/roveyayinevi.com.tr\/index.php\/wp-json\/wp\/v2\/product_cat?post=759664"},{"taxonomy":"product_tag","embeddable":true,"href":"https:\/\/roveyayinevi.com.tr\/index.php\/wp-json\/wp\/v2\/product_tag?post=759664"}],"curies":[{"name":"wp","href":"https:\/\/api.w.org\/{rel}","templated":true}]}}