{"id":759663,"date":"2025-08-28T08:41:37","date_gmt":"2025-08-28T05:41:37","guid":{"rendered":"https:\/\/roveyayinevi.com.tr\/index.php\/urun\/pinokyo-24\/"},"modified":"2026-04-16T03:12:37","modified_gmt":"2026-04-16T00:12:37","slug":"pinokyo-24","status":"publish","type":"product","link":"https:\/\/roveyayinevi.com.tr\/index.php\/urun\/pinokyo-24\/","title":{"rendered":"Pinokyo"},"content":{"rendered":"<p>Ya\u015fl\u0131 ve yaln\u0131z bir marangoz olan Gepetto, bir odundan kukla yapar ve ona Pinokyo ismini verir. Pinokyo, etten kemikten olmasa da tahtadan bir \u00e7ocuk haline gelir. Gepetto onu \u00e7ocu\u011fu gibi benimser ve okula g\u00f6nderir. Yaramaz bir \u00e7ocuk olan Pinokyo, babas\u0131n\u0131n s\u00f6z\u00fcn\u00fc dinlemez, okuldan ka\u00e7\u0131p ba\u015f\u0131bo\u015f dola\u015f\u0131r, \u00e7evresinin etkisi ile bir\u00e7ok hata yapar, emek vermeden kazanmak ister ve ba\u015f\u0131na bir s\u00fcr\u00fc felaket gelir. Pinokyo verdi\u011fi s\u00f6zleri tutmayan ve yalan s\u00f6yleyen bir \u00e7ocuktur, ya\u015fad\u0131\u011f\u0131 olaylar Pinokyo\u00b4yu \u00e7al\u0131\u015fkan ve uslu bir \u00e7ocuk yapmaya yetecek mi? Hep birlikte g\u00f6relim! <\/p>\n","protected":false},"excerpt":{"rendered":"<p>Ya\u015fl\u0131 ve yaln\u0131z bir marangoz olan Gepetto, bir odundan kukla yapar ve ona Pinokyo ismini verir. Pinokyo, etten kemikten olmasa da tahtadan bir \u00e7ocuk haline gelir.<span class=\"excerpt-hellip\"> [\u2026]<\/span><\/p>\n","protected":false},"featured_media":0,"template":"","meta":{"_monsterinsights_skip_tracking":false,"_monsterinsights_sitenote_active":false,"_monsterinsights_sitenote_note":"","_monsterinsights_sitenote_category":0},"product_brand":[],"product_cat":[12274,12467],"product_tag":[],"class_list":{"0":"post-759663","1":"product","2":"type-product","3":"status-publish","5":"product_cat-cocuk-ve-genclik-kitaplari","6":"product_cat-dunya-klasikleri","7":"pa_cilt-ciltsiz","8":"pa_tur-kitap","9":"pa_yayinevi-pars-yayinlari","10":"pa_yazar-carlo-collodi","12":"first","13":"instock","14":"sale","15":"shipping-taxable","16":"purchasable","17":"product-type-simple"},"_links":{"self":[{"href":"https:\/\/roveyayinevi.com.tr\/index.php\/wp-json\/wp\/v2\/product\/759663","targetHints":{"allow":["GET"]}}],"collection":[{"href":"https:\/\/roveyayinevi.com.tr\/index.php\/wp-json\/wp\/v2\/product"}],"about":[{"href":"https:\/\/roveyayinevi.com.tr\/index.php\/wp-json\/wp\/v2\/types\/product"}],"wp:attachment":[{"href":"https:\/\/roveyayinevi.com.tr\/index.php\/wp-json\/wp\/v2\/media?parent=759663"}],"wp:term":[{"taxonomy":"product_brand","embeddable":true,"href":"https:\/\/roveyayinevi.com.tr\/index.php\/wp-json\/wp\/v2\/product_brand?post=759663"},{"taxonomy":"product_cat","embeddable":true,"href":"https:\/\/roveyayinevi.com.tr\/index.php\/wp-json\/wp\/v2\/product_cat?post=759663"},{"taxonomy":"product_tag","embeddable":true,"href":"https:\/\/roveyayinevi.com.tr\/index.php\/wp-json\/wp\/v2\/product_tag?post=759663"}],"curies":[{"name":"wp","href":"https:\/\/api.w.org\/{rel}","templated":true}]}}