{"id":759641,"date":"2025-08-28T08:41:06","date_gmt":"2025-08-28T05:41:06","guid":{"rendered":"https:\/\/roveyayinevi.com.tr\/index.php\/urun\/alman-dehasi-ciltli\/"},"modified":"2026-04-16T03:12:37","modified_gmt":"2026-04-16T00:12:37","slug":"alman-dehasi-ciltli","status":"publish","type":"product","link":"https:\/\/roveyayinevi.com.tr\/index.php\/urun\/alman-dehasi-ciltli\/","title":{"rendered":"Alman Dehas\u0131 (Ciltli)"},"content":{"rendered":"<p>MODERN D\u00dcNYAYI \u0130N\u015eA EDEN B\u0130R ULUS VE B\u0130NLERCE \u0130NSAN\u2026 PETER WATSON\u2019DAN ALMANLARIN SON 250 YILLIK ENTELEKT\u00dcEL TAR\u0130H\u0130N\u0130 \u0130RDELEYEN B\u0130R ESER.   \u201cDevasa bir eser. . . . Destans\u0131. . . . Watson, Alman dehas\u0131n\u0131 derin kaynaklardan \u00e7\u0131kar\u0131p okurlar sunuyor.\u201d The Guardian   Bat\u0131 uluslar\u0131 aras\u0131nda Almanya uzun y\u0131llar boyunca siyasi ve k\u00fclt\u00fcrel a\u00e7\u0131dan zay\u0131f bir yap\u0131ya sahipti. Bu durum 1750&#8217;de Bach&#8217;\u0131n \u00f6l\u00fcm\u00fcnden 1933&#8217;te Hitler&#8217;in y\u00fckseli\u015fine kadar ge\u00e7en s\u00fcrede tamamen de\u011fi\u015fti ve Almanya neredeyse yery\u00fcz\u00fcndeki b\u00fct\u00fcn devletlerden daha etkili ve bask\u0131n bir entelekt\u00fcel, k\u00fclt\u00fcrel, kimi zaman siyasi ve askeri g\u00fc\u00e7 haline geldi. Alman sanat\u00e7\u0131lar, yazarlar, filozoflar, bilim insanlar\u0131 ve m\u00fchendisler, 20. y\u00fczy\u0131l\u0131n ilk on y\u0131llar\u0131nda daha yeni birle\u015fmi\u015f \u00fclkelerini, hayal bile edilemeyecek zirvelere ta\u015f\u0131d\u0131lar. 1933&#8217;e gelindi\u011finde Almanlar di\u011fer t\u00fcm uluslardan daha fazla Nobel \u00f6d\u00fcl\u00fc kazanm\u0131\u015flard\u0131. Fakat bu deha, Adolf Hitler&#8217;in ve fa\u015fist \u00dc\u00e7\u00fcnc\u00fc Reich&#8217;\u0131n y\u00fckseli\u015fi ve ard\u0131ndan \u00e7\u00f6k\u00fc\u015f\u00fc ile en parlak d\u00f6neminde yok oldu ve o zamandan beri Almanya d\u00fcnyaya katk\u0131lar\u0131n\u0131 g\u00f6lgede b\u0131rakan bir k\u00f6t\u00fcl\u00fck miras\u0131 ile an\u0131l\u0131r oldu. Bu b\u00fcy\u00fcleyici k\u00fclt\u00fcr tarihinde Peter Watson, Alman dehas\u0131n\u0131n k\u00f6kenlerini, 18. y\u00fczy\u0131l\u0131n ortalar\u0131ndan itibaren nas\u0131l geli\u015fip hayatlar\u0131m\u0131z\u0131 d\u00f6n\u00fc\u015ft\u00fcrd\u00fc\u011f\u00fcn\u00fc ve en \u00f6nemlisi, d\u00fcnyam\u0131z\u0131 h\u00e2l\u00e2 nas\u0131l \u015fekillendirmeye devam etti\u011fini ortaya \u00e7\u0131kar\u0131yor. Alman Dehas\u0131: Avrupa\u2019n\u0131n \u00dc\u00e7\u00fcnc\u00fc R\u00f6nesans\u0131, \u0130kinci Bilim Devrimi ve Yirmi Y\u00fczy\u0131l arkeolojiden fizi\u011fe, mimariden edebiyata, biyolojiden sinemaya modern d\u00fcnyan\u0131n son 250 sene i\u00e7erisinde ge\u00e7irdi\u011fi geli\u015fim ve d\u00f6n\u00fc\u015f\u00fcm s\u00fcrecinde Almanlar\u0131n nas\u0131l \u00f6n saflarda yer ald\u0131\u011f\u0131n\u0131 g\u00f6steren heyecan verici bir ke\u015fif yolculu\u011fu sunuyor. <\/p>\n","protected":false},"excerpt":{"rendered":"<p>MODERN D\u00dcNYAYI \u0130N\u015eA EDEN B\u0130R ULUS VE B\u0130NLERCE \u0130NSAN\u2026 PETER WATSON\u2019DAN ALMANLARIN SON 250 YILLIK ENTELEKT\u00dcEL TAR\u0130H\u0130N\u0130 \u0130RDELEYEN B\u0130R ESER. \u201cDevasa bir eser. . . .<span class=\"excerpt-hellip\"> [\u2026]<\/span><\/p>\n","protected":false},"featured_media":0,"template":"","meta":{"_monsterinsights_skip_tracking":false,"_monsterinsights_sitenote_active":false,"_monsterinsights_sitenote_note":"","_monsterinsights_sitenote_category":0},"product_brand":[],"product_cat":[20351,12388],"product_tag":[],"class_list":{"0":"post-759641","1":"product","2":"type-product","3":"status-publish","5":"product_cat-dusunce","6":"product_cat-felsefe","7":"pa_cilt-ciltli","8":"pa_tur-kitap","9":"pa_yayinevi-kronik-kitap","10":"pa_yazar-peter-watson","12":"first","13":"instock","14":"sale","15":"shipping-taxable","16":"purchasable","17":"product-type-simple"},"_links":{"self":[{"href":"https:\/\/roveyayinevi.com.tr\/index.php\/wp-json\/wp\/v2\/product\/759641","targetHints":{"allow":["GET"]}}],"collection":[{"href":"https:\/\/roveyayinevi.com.tr\/index.php\/wp-json\/wp\/v2\/product"}],"about":[{"href":"https:\/\/roveyayinevi.com.tr\/index.php\/wp-json\/wp\/v2\/types\/product"}],"wp:attachment":[{"href":"https:\/\/roveyayinevi.com.tr\/index.php\/wp-json\/wp\/v2\/media?parent=759641"}],"wp:term":[{"taxonomy":"product_brand","embeddable":true,"href":"https:\/\/roveyayinevi.com.tr\/index.php\/wp-json\/wp\/v2\/product_brand?post=759641"},{"taxonomy":"product_cat","embeddable":true,"href":"https:\/\/roveyayinevi.com.tr\/index.php\/wp-json\/wp\/v2\/product_cat?post=759641"},{"taxonomy":"product_tag","embeddable":true,"href":"https:\/\/roveyayinevi.com.tr\/index.php\/wp-json\/wp\/v2\/product_tag?post=759641"}],"curies":[{"name":"wp","href":"https:\/\/api.w.org\/{rel}","templated":true}]}}