{"id":759638,"date":"2025-08-28T08:41:02","date_gmt":"2025-08-28T05:41:02","guid":{"rendered":"https:\/\/roveyayinevi.com.tr\/index.php\/urun\/muhsin-yazicioglu-ashab-i-kehfin-delikanlisi\/"},"modified":"2026-04-16T03:12:37","modified_gmt":"2026-04-16T00:12:37","slug":"muhsin-yazicioglu-ashab-i-kehfin-delikanlisi","status":"publish","type":"product","link":"https:\/\/roveyayinevi.com.tr\/index.php\/urun\/muhsin-yazicioglu-ashab-i-kehfin-delikanlisi\/","title":{"rendered":"Muhsin Yaz\u0131c\u0131o\u011flu &amp; Ashab-\u0131 Kehfin Delikanl\u0131s\u0131"},"content":{"rendered":"<p>\u0130mam Maturidi, yery\u00fcz\u00fcnde tevhid\u2019den daha g\u00fczel ve onu can\u0131 g\u00f6n\u00fclden benimsemekten daha de\u011ferli bir \u015fey yoktur buyurur.Ashab-\u0131 Kehf tevhid yolunda pazarl\u0131ks\u0131z y\u00fcr\u00fcyen se\u00e7ilmi\u015flerdir\u2026L\u00fctf\u00fc \u015eahsuvaro\u011flu, &#8220;Ashab-\u0131 Kehf&#8217;in Delikanl\u0131s\u0131&#8221; adl\u0131 bir \u015fiir yazar\u2026 \u015eiiri, &#8220;g\u00fcl\u00fc\u015f\u00fc en g\u00fczel olana&#8221; ithaf eder. Ashab-\u0131 Kehf&#8217;in Delikanl\u0131s\u0131, g\u00fcl\u00fc\u015f\u00fc en g\u00fczel olan Muhsin Yaz\u0131c\u0131o\u011flu\u2019dur. \u00c7\u00fcnk\u00fc o t\u0131pk\u0131 Ashab-\u0131 Kehf gibi tevhid yolunda kar\u015f\u0131l\u0131ks\u0131z y\u00fcr\u00fcyen bir can dostudur.Muhsin Ba\u015fkan\u0131m, g\u00fczel ba\u015fkan\u0131m Sohbeti sohbetlerin en g\u00fczeli Kime derdimizi anlataca\u011f\u0131z \u015fimdi Kiminle s\u0131rda\u015f olaca\u011f\u0131z bundan sonras\u0131.\u015eahsuvaro\u011flu, Ashab-\u0131 Kehf&#8217;in delikanl\u0131s\u0131 Muhsin Yaz\u0131c\u0131o\u011flu\u2019n\u0131n ard\u0131ndan mateme d\u00fc\u015fmez. Ashab-\u0131 Kehf&#8217;in delikanl\u0131s\u0131\u2019na umutla sorar dirili\u015f vaktini ;Ey Ashab-\u0131 Kehf&#8217;in delikanl\u0131s\u0131 S\u00f6yle dirili\u015f hangi \u00e7a\u011flara S\u00f6yle bir dahaki g\u00fcl\u00fc\u015f\u00fcn Acaba hangi zamana\u2026 <\/p>\n","protected":false},"excerpt":{"rendered":"<p>\u0130mam Maturidi, yery\u00fcz\u00fcnde tevhid\u2019den daha g\u00fczel ve onu can\u0131 g\u00f6n\u00fclden benimsemekten daha de\u011ferli bir \u015fey yoktur buyurur.Ashab-\u0131 Kehf tevhid yolunda pazarl\u0131ks\u0131z y\u00fcr\u00fcyen se\u00e7ilmi\u015flerdir\u2026L\u00fctf\u00fc \u015eahsuvaro\u011flu, &#8220;Ashab-\u0131 Kehf&#8217;in<span class=\"excerpt-hellip\"> [\u2026]<\/span><\/p>\n","protected":false},"featured_media":0,"template":"","meta":{"_monsterinsights_skip_tracking":false,"_monsterinsights_sitenote_active":false,"_monsterinsights_sitenote_note":"","_monsterinsights_sitenote_category":0},"product_brand":[],"product_cat":[14009,12291],"product_tag":[],"class_list":{"0":"post-759638","1":"product","2":"type-product","3":"status-publish","5":"product_cat-biyografi-otobiyografi-edebiyat","6":"product_cat-edebiyat","7":"pa_cilt-ciltsiz","8":"pa_tur-kitap","9":"pa_yayinevi-biyografi-net-yayincilik","10":"pa_yazar-lutfu-sahsuvaroglu","12":"first","13":"instock","14":"sale","15":"shipping-taxable","16":"purchasable","17":"product-type-simple"},"_links":{"self":[{"href":"https:\/\/roveyayinevi.com.tr\/index.php\/wp-json\/wp\/v2\/product\/759638","targetHints":{"allow":["GET"]}}],"collection":[{"href":"https:\/\/roveyayinevi.com.tr\/index.php\/wp-json\/wp\/v2\/product"}],"about":[{"href":"https:\/\/roveyayinevi.com.tr\/index.php\/wp-json\/wp\/v2\/types\/product"}],"wp:attachment":[{"href":"https:\/\/roveyayinevi.com.tr\/index.php\/wp-json\/wp\/v2\/media?parent=759638"}],"wp:term":[{"taxonomy":"product_brand","embeddable":true,"href":"https:\/\/roveyayinevi.com.tr\/index.php\/wp-json\/wp\/v2\/product_brand?post=759638"},{"taxonomy":"product_cat","embeddable":true,"href":"https:\/\/roveyayinevi.com.tr\/index.php\/wp-json\/wp\/v2\/product_cat?post=759638"},{"taxonomy":"product_tag","embeddable":true,"href":"https:\/\/roveyayinevi.com.tr\/index.php\/wp-json\/wp\/v2\/product_tag?post=759638"}],"curies":[{"name":"wp","href":"https:\/\/api.w.org\/{rel}","templated":true}]}}

Muhsin Yazıcıoğlu &amp; Ashab-ı Kehfin Delikanlısı

<p>İmam Maturidi, yeryüzünde tevhid’den daha güzel ve onu canı gönülden benimsemekten daha değerli bir şey yoktur buyurur.Ashab-ı Kehf tevhid yolunda pazarlıksız yürüyen seçilmişlerdir…Lütfü Şahsuvaroğlu, &#8220;Ashab-ı Kehf&#8217;in Delikanlısı&#8221; adlı bir şiir yazar… Şiiri, &#8220;gülüşü en güzel olana&#8221; ithaf eder. Ashab-ı Kehf&#8217;in Delikanlısı, gülüşü en güzel olan Muhsin Yazıcıoğlu’dur. Çünkü o tıpkı Ashab-ı Kehf gibi tevhid yolunda karşılıksız yürüyen bir can dostudur.Muhsin Başkanım, güzel başkanım Sohbeti sohbetlerin en güzeli Kime derdimizi anlatacağız şimdi Kiminle sırdaş olacağız bundan sonrası.Şahsuvaroğlu, Ashab-ı Kehf&#8217;in delikanlısı Muhsin Yazıcıoğlu’nın ardından mateme düşmez. Ashab-ı Kehf&#8217;in delikanlısı’na umutla sorar diriliş vaktini ;Ey Ashab-ı Kehf&#8217;in delikanlısı Söyle diriliş hangi çağlara Söyle bir dahaki gülüşün Acaba hangi zamana… </p>

<p>İmam Maturidi, yeryüzünde tevhid’den daha güzel ve onu canı gönülden benimsemekten daha değerli bir şey yoktur buyurur.Ashab-ı Kehf tevhid yolunda pazarlıksız yürüyen seçilmişlerdir…Lütfü Şahsuvaroğlu, &#8220;Ashab-ı Kehf&#8217;in<span class="excerpt-hellip"> […]</span></p>
