{"id":759610,"date":"2025-08-28T08:39:29","date_gmt":"2025-08-28T05:39:29","guid":{"rendered":"https:\/\/roveyayinevi.com.tr\/index.php\/urun\/aysegul-isinla-bizi\/"},"modified":"2026-04-16T03:12:36","modified_gmt":"2026-04-16T00:12:36","slug":"aysegul-isinla-bizi","status":"publish","type":"product","link":"https:\/\/roveyayinevi.com.tr\/index.php\/urun\/aysegul-isinla-bizi\/","title":{"rendered":"Ay\u015feg\u00fcl I\u015f\u0131nla Bizi"},"content":{"rendered":"<p>Elinizdeki kitap d\u00fcnya \u00e7ap\u0131ndaki ba\u015far\u0131lar ya da bir ya\u015fam\u00f6yk\u00fcs\u00fcn\u00fcn d\u00f6k\u00fcm\u00fcnden ibaret de\u011fil. Bu kitap, k\u00fcresel bir teknoloji liderinin, Ay\u015feg\u00fcl \u0130ldeniz\u2019in \u0130zmir\u2019de ba\u015flay\u0131p y\u00fcz\u00fc a\u015fk\u0131n \u00fclkeden ge\u00e7erek Silikon Vadisi\u2019ne uzanan kariyerinin ilham verici hik\u00e2yesini anlat\u0131yor.     Afrika\u2019dan Amerika\u2019ya gitti\u011fi \u00fclkelerde, tan\u0131k oldu\u011fu hik\u00e2yelerde, dokundu\u011fu insanlarda d\u00fcnya ve toplum i\u00e7in \u00fcretti\u011fi teknolojik d\u00f6n\u00fc\u015f\u00fcmlerin izini s\u00fcren Ay\u015feg\u00fcl \u0130ldeniz, global ak\u0131ll\u0131 teknolojilerin mimarlar\u0131ndan biridir. Doymak bilmeyen merak\u0131yla hayat\u0131n hakk\u0131n\u0131 vermeye inanan bir teknoloji lideri Ay\u015feg\u00fcl \u0130ldeniz. Arkeolojiden sinemaya, kitaplar\u0131n d\u00fcnyas\u0131ndan b\u00fcy\u00fcc\u00fc d\u00fckk\u00e2n\u0131na uzanan bu anlat\u0131y\u0131 okurken \u201cseksen g\u00fcnde devri\u00e2lem\u201d ya\u015fayacak, ba\u015far\u0131n\u0131n ve gelece\u011fi yaratman\u0131n sonsuz heyecan\u0131na ortak olacaks\u0131n\u0131z.   Ay\u015feg\u00fcl I\u015f\u0131nla Bizi, hem ilham verici bir portre, hem de k\u0131\u015fk\u0131rt\u0131c\u0131 bir ya\u015fam hik\u00e2yesi.   \u201cJulio Cort\u00e1zar kadar cool, Tenten kadar macerac\u0131, Marguerite Duras kadar zaman\u00fcst\u00fc, Pippi Uzun\u00e7orap kadar cesur, Michel Foucault kadar muhalif olmak istiyordum&#8230; Tabii ki yapabilirsiniz, hem de \u015fahane \u015feyler yapabilirsiniz, hatta hemen yapmal\u0131s\u0131n\u0131z.\u201d <\/p>\n","protected":false},"excerpt":{"rendered":"<p>Elinizdeki kitap d\u00fcnya \u00e7ap\u0131ndaki ba\u015far\u0131lar ya da bir ya\u015fam\u00f6yk\u00fcs\u00fcn\u00fcn d\u00f6k\u00fcm\u00fcnden ibaret de\u011fil. Bu kitap, k\u00fcresel bir teknoloji liderinin, Ay\u015feg\u00fcl \u0130ldeniz\u2019in \u0130zmir\u2019de ba\u015flay\u0131p y\u00fcz\u00fc a\u015fk\u0131n \u00fclkeden ge\u00e7erek<span class=\"excerpt-hellip\"> [\u2026]<\/span><\/p>\n","protected":false},"featured_media":0,"template":"","meta":{"_monsterinsights_skip_tracking":false,"_monsterinsights_sitenote_active":false,"_monsterinsights_sitenote_note":"","_monsterinsights_sitenote_category":0},"product_brand":[],"product_cat":[13043,17647],"product_tag":[],"class_list":{"0":"post-759610","1":"product","2":"type-product","3":"status-publish","5":"product_cat-ekonomi","6":"product_cat-is-dunyasi","7":"pa_cilt-ciltsiz","8":"pa_tur-kitap","9":"pa_yayinevi-dogan-kitap","10":"pa_yazar-aysegul-ildeniz","12":"first","13":"instock","14":"sale","15":"shipping-taxable","16":"purchasable","17":"product-type-simple"},"_links":{"self":[{"href":"https:\/\/roveyayinevi.com.tr\/index.php\/wp-json\/wp\/v2\/product\/759610","targetHints":{"allow":["GET"]}}],"collection":[{"href":"https:\/\/roveyayinevi.com.tr\/index.php\/wp-json\/wp\/v2\/product"}],"about":[{"href":"https:\/\/roveyayinevi.com.tr\/index.php\/wp-json\/wp\/v2\/types\/product"}],"wp:attachment":[{"href":"https:\/\/roveyayinevi.com.tr\/index.php\/wp-json\/wp\/v2\/media?parent=759610"}],"wp:term":[{"taxonomy":"product_brand","embeddable":true,"href":"https:\/\/roveyayinevi.com.tr\/index.php\/wp-json\/wp\/v2\/product_brand?post=759610"},{"taxonomy":"product_cat","embeddable":true,"href":"https:\/\/roveyayinevi.com.tr\/index.php\/wp-json\/wp\/v2\/product_cat?post=759610"},{"taxonomy":"product_tag","embeddable":true,"href":"https:\/\/roveyayinevi.com.tr\/index.php\/wp-json\/wp\/v2\/product_tag?post=759610"}],"curies":[{"name":"wp","href":"https:\/\/api.w.org\/{rel}","templated":true}]}}