{"id":759602,"date":"2025-08-28T08:39:18","date_gmt":"2025-08-28T05:39:18","guid":{"rendered":"https:\/\/roveyayinevi.com.tr\/index.php\/urun\/bu-sorular-tam-benlik\/"},"modified":"2026-04-16T03:12:36","modified_gmt":"2026-04-16T00:12:36","slug":"bu-sorular-tam-benlik","status":"publish","type":"product","link":"https:\/\/roveyayinevi.com.tr\/index.php\/urun\/bu-sorular-tam-benlik\/","title":{"rendered":"Bu Sorular Tam Benlik"},"content":{"rendered":"<p>&#8221;Bu sorular tam benlik&#8221; diyenler el kald\u0131rs\u0131n!Matematik sorular\u0131n\u0131n \u00e7\u00f6z\u00fcld\u00fck\u00e7e ba\u011f\u0131ml\u0131l\u0131k yapabilece\u011fini ileri s\u00fcren S\u00fcmeyra Bal\u0131k\u00e7\u0131&#8217;n\u0131n kaleme ald\u0131\u011f\u0131 Bu Sorular Tam Benlik, ilkokul matematik dersi kazan\u0131mlar\u0131n\u0131 heyecan verici bir roman kurgusuyla ve e\u011flenceli oyunlar e\u015fli\u011finde sunan bir ba\u015fvuru kitab\u0131. \u00dc\u00e7 yak\u0131n arkada\u015f\u0131n yolunu \u015fifrelenmi\u015f kap\u0131larla \u00f6r\u00fcl\u00fc bir bodrum kat\u0131na \u00e7\u0131karan yazar, &#8221;merakl\u0131&#8221; okurlar\u0131 ara\u015ft\u0131rma yapmaya ve kar\u015f\u0131la\u015ft\u0131klar\u0131 gizemli durumlar\u0131 matemati\u011fin yard\u0131m\u0131yla ayd\u0131nlatmaya \u00e7a\u011f\u0131r\u0131yor.G\u00f6k\u00e7e Yava\u015f \u00d6nal&#8217;\u0131n ele avuca s\u0131\u011fmaz desenleriyle b\u00fct\u00fcnlenen bu renkli ser\u00fcven, \u00e7\u00f6z\u00fcme kavu\u015fan her matematik sorusunun insana ba\u015far\u0131 ile elde edilen i\u00e7sel bir mutluluk ve kendine g\u00fcven hissi verdi\u011fini g\u00f6steriyor. Ge\u00e7mi\u015ften g\u00fcn\u00fcm\u00fcze uzanan tarih\u00ee bir okul binas\u0131 ve gizem dolu bodrum kat\u0131&#8230;Bodrumun labirenti and\u0131ran odalar\u0131nda g\u00fcn y\u00fcz\u00fcne \u00e7\u0131kmay\u0131 bekleyen s\u0131rlar&#8230; \u00dc\u00e7 g\u00f6zl\u00fc bir dev, belki de kocaman bir ku\u015f!Zeynep, S\u0131la ve Arda bir g\u00fcn saklamba\u00e7 oynamak i\u00e7in okullar\u0131n\u0131n girilmesi yasak olan bodrum kat\u0131na inerler. Orada esrarengiz bir kap\u0131 ile kar\u015f\u0131la\u015fan kafadarlar, kendilerini aniden soluksuz bir maceran\u0131n i\u00e7inde bulurlar. Art arda \u00f6nlerine \u00e7\u0131kan kap\u0131lar\u0131n her biri ilgin\u00e7 mekanizmalarla kilitlenmi\u015ftir. Kar\u015f\u0131la\u015ft\u0131klar\u0131 manzara ile \u00f6nce k\u00f6\u015feye s\u0131k\u0131\u015ft\u0131klar\u0131n\u0131 d\u00fc\u015f\u00fcnen \u00e7ocuklar k\u0131sa s\u00fcre sonra say\u0131lar\u0131n rehberli\u011finde ya\u015fad\u0131klar\u0131 ak\u0131l tutulmas\u0131ndan h\u0131zl\u0131ca kurtulurlar. Ne de olsa matematik t\u00fcm kilitleri a\u00e7maya ve kap\u0131lar\u0131n ard\u0131nda yatan gizleri a\u00e7\u0131kl\u0131\u011fa kavu\u015fturmaya muktedirdir.Bu Sorular Tam Benlik, matematik dersine kar\u015f\u0131 refleks olarak geli\u015ftirilebilecek endi\u015fe ve \u00f6nyarg\u0131lar\u0131n \u00f6n\u00fcne ge\u00e7meyi hedefliyor.Matemati\u011fi sevin ya da sevmeyin, bu kitab\u0131n i\u00e7indeki sorular\u0131n t\u0131k\u0131r t\u0131k\u0131r \u00e7\u00f6z\u00fcme ula\u015ft\u0131\u011f\u0131na tan\u0131kl\u0131k ettik\u00e7e say\u0131lar\u0131n g\u00fcc\u00fcne kay\u0131ts\u0131z kalamayacaks\u0131n\u0131z&#8230;<\/p>\n","protected":false},"excerpt":{"rendered":"<p>&#8221;Bu sorular tam benlik&#8221; diyenler el kald\u0131rs\u0131n!Matematik sorular\u0131n\u0131n \u00e7\u00f6z\u00fcld\u00fck\u00e7e ba\u011f\u0131ml\u0131l\u0131k yapabilece\u011fini ileri s\u00fcren S\u00fcmeyra Bal\u0131k\u00e7\u0131&#8217;n\u0131n kaleme ald\u0131\u011f\u0131 Bu Sorular Tam Benlik, ilkokul matematik dersi kazan\u0131mlar\u0131n\u0131 heyecan<span class=\"excerpt-hellip\"> [\u2026]<\/span><\/p>\n","protected":false},"featured_media":0,"template":"","meta":{"_monsterinsights_skip_tracking":false,"_monsterinsights_sitenote_active":false,"_monsterinsights_sitenote_note":"","_monsterinsights_sitenote_category":0},"product_brand":[],"product_cat":[12274,15842],"product_tag":[],"class_list":{"0":"post-759602","1":"product","2":"type-product","3":"status-publish","5":"product_cat-cocuk-ve-genclik-kitaplari","6":"product_cat-egitici-kitaplar","7":"pa_cilt-ciltsiz","8":"pa_tur-kitap","9":"pa_yayinevi-tudem-yayinlari","10":"pa_yazar-sumeyra-balikci","12":"first","13":"instock","14":"sale","15":"shipping-taxable","16":"purchasable","17":"product-type-simple"},"_links":{"self":[{"href":"https:\/\/roveyayinevi.com.tr\/index.php\/wp-json\/wp\/v2\/product\/759602","targetHints":{"allow":["GET"]}}],"collection":[{"href":"https:\/\/roveyayinevi.com.tr\/index.php\/wp-json\/wp\/v2\/product"}],"about":[{"href":"https:\/\/roveyayinevi.com.tr\/index.php\/wp-json\/wp\/v2\/types\/product"}],"wp:attachment":[{"href":"https:\/\/roveyayinevi.com.tr\/index.php\/wp-json\/wp\/v2\/media?parent=759602"}],"wp:term":[{"taxonomy":"product_brand","embeddable":true,"href":"https:\/\/roveyayinevi.com.tr\/index.php\/wp-json\/wp\/v2\/product_brand?post=759602"},{"taxonomy":"product_cat","embeddable":true,"href":"https:\/\/roveyayinevi.com.tr\/index.php\/wp-json\/wp\/v2\/product_cat?post=759602"},{"taxonomy":"product_tag","embeddable":true,"href":"https:\/\/roveyayinevi.com.tr\/index.php\/wp-json\/wp\/v2\/product_tag?post=759602"}],"curies":[{"name":"wp","href":"https:\/\/api.w.org\/{rel}","templated":true}]}}