{"id":759592,"date":"2025-08-28T08:39:05","date_gmt":"2025-08-28T05:39:05","guid":{"rendered":"https:\/\/roveyayinevi.com.tr\/index.php\/urun\/sehre-dokunmak\/"},"modified":"2026-04-16T03:12:36","modified_gmt":"2026-04-16T00:12:36","slug":"sehre-dokunmak","status":"publish","type":"product","link":"https:\/\/roveyayinevi.com.tr\/index.php\/urun\/sehre-dokunmak\/","title":{"rendered":"\u015eehre Dokunmak"},"content":{"rendered":"<p>Mek\u00e2nlar \u015fehirleri, \u015fehirler medeniyetleri ortaya \u00e7\u0131kar\u0131r. Mek\u00e2nlar medeniyetlerin kunda\u011f\u0131; \u015fehirler, b\u00fcy\u00fcy\u00fcp serpildi\u011fi be\u015fikleridir. Bir \u015fehri, bir mahalleyi, bir soka\u011f\u0131, bir evi tan\u0131yabilmek, sevebilmek ve onunla temas edebilmek i\u00e7in duyular\u0131m\u0131z\u0131n devreye girmesi gerekir.  \u015eehre dokunmak, insan\u0131n bedeninin ve uzuvlar\u0131n\u0131n t\u0131pk\u0131 yasak elmaya dokunmas\u0131 gibi asla kendini frenleyemeyece\u011fi bir duygudur. Medeniyet eserleri ile dolu olan geleneksel \u015fehir mimarisinin en g\u00fczel \u00f6rneklerine ev sahipli\u011fi yapan \u015fehirler, kendisine dokunulmas\u0131na m\u00fcsaade eden \u015fehirlerdir. \u015eehirler dokunma hissi olu\u015fturabiliyorsa g\u00fcven veren ve sevilen bir \u015fehir olur.  Yazar, sahip oldu\u011fu be\u015f duyu \u00fczerine in\u015fa etti\u011fi dizisinde \u201c\u015eehir Kokusu\u201d ve \u201c\u015eehrin Sesi\u201d eserlerine bir yenisini daha ekliyor. \u201c\u015eehre Dokunmak\u201d kitab\u0131 ile Mehmet Mazak, insan ve \u015fehir aras\u0131ndaki dokunma duyusunu anlat\u0131yor. <\/p>\n","protected":false},"excerpt":{"rendered":"<p>Mek\u00e2nlar \u015fehirleri, \u015fehirler medeniyetleri ortaya \u00e7\u0131kar\u0131r. Mek\u00e2nlar medeniyetlerin kunda\u011f\u0131; \u015fehirler, b\u00fcy\u00fcy\u00fcp serpildi\u011fi be\u015fikleridir. Bir \u015fehri, bir mahalleyi, bir soka\u011f\u0131, bir evi tan\u0131yabilmek, sevebilmek ve onunla temas<span class=\"excerpt-hellip\"> [\u2026]<\/span><\/p>\n","protected":false},"featured_media":0,"template":"","meta":{"_monsterinsights_skip_tracking":false,"_monsterinsights_sitenote_active":false,"_monsterinsights_sitenote_note":"","_monsterinsights_sitenote_category":0},"product_brand":[],"product_cat":[13072,12291],"product_tag":[],"class_list":{"0":"post-759592","1":"product","2":"type-product","3":"status-publish","5":"product_cat-arastirma-inceleme-referans","6":"product_cat-edebiyat","7":"pa_cilt-ciltsiz","8":"pa_tur-kitap","9":"pa_yayinevi-yeditepe-yayinevi","10":"pa_yazar-mehmet-mazak","12":"first","13":"instock","14":"sale","15":"shipping-taxable","16":"purchasable","17":"product-type-simple"},"_links":{"self":[{"href":"https:\/\/roveyayinevi.com.tr\/index.php\/wp-json\/wp\/v2\/product\/759592","targetHints":{"allow":["GET"]}}],"collection":[{"href":"https:\/\/roveyayinevi.com.tr\/index.php\/wp-json\/wp\/v2\/product"}],"about":[{"href":"https:\/\/roveyayinevi.com.tr\/index.php\/wp-json\/wp\/v2\/types\/product"}],"wp:attachment":[{"href":"https:\/\/roveyayinevi.com.tr\/index.php\/wp-json\/wp\/v2\/media?parent=759592"}],"wp:term":[{"taxonomy":"product_brand","embeddable":true,"href":"https:\/\/roveyayinevi.com.tr\/index.php\/wp-json\/wp\/v2\/product_brand?post=759592"},{"taxonomy":"product_cat","embeddable":true,"href":"https:\/\/roveyayinevi.com.tr\/index.php\/wp-json\/wp\/v2\/product_cat?post=759592"},{"taxonomy":"product_tag","embeddable":true,"href":"https:\/\/roveyayinevi.com.tr\/index.php\/wp-json\/wp\/v2\/product_tag?post=759592"}],"curies":[{"name":"wp","href":"https:\/\/api.w.org\/{rel}","templated":true}]}}