{"id":759582,"date":"2025-08-28T08:38:51","date_gmt":"2025-08-28T05:38:51","guid":{"rendered":"https:\/\/roveyayinevi.com.tr\/index.php\/urun\/george-ve-buyuk-patlama\/"},"modified":"2026-04-16T03:12:36","modified_gmt":"2026-04-16T00:12:36","slug":"george-ve-buyuk-patlama","status":"publish","type":"product","link":"https:\/\/roveyayinevi.com.tr\/index.php\/urun\/george-ve-buyuk-patlama\/","title":{"rendered":"George ve B\u00fcy\u00fck Patlama"},"content":{"rendered":"<p>T\u00fcm zamanlar\u0131n en b\u00fcy\u00fck bilim deneylerinden biri ger\u00e7ekle\u015fmek \u00fczere. George ve Annie, bu g\u00f6steriyi en \u00f6n s\u0131radan izleyecekler! Annie\u2019nin babas\u0131 Eric, Evren\u2019in ba\u015flang\u0131c\u0131n\u0131, yani B\u00fcy\u00fck Patlama\u2019y\u0131 ara\u015ft\u0131ran B\u00fcy\u00fck Hadron \u00c7arp\u0131\u015ft\u0131r\u0131c\u0131s\u0131\u2019n\u0131n liderli\u011fini \u00fcstlendi. S\u00fcper bilgisayar\u0131 Kozmos sayesinde hi\u00e7bir sorun \u00e7\u0131kmayacak gibi g\u00f6r\u00fcn\u00fcyor&#8230;&#8230;ta ki George ve Annie, bu iddial\u0131 deneyi yok edecek hain bir komployu fark edene dek! George, bir yandan en \u00fccra g\u00f6kadalara yolculuk ederken di\u011fer yandan da kuantum d\u00fcnyas\u0131na dal\u0131yor. \u00c7\u00fcnk\u00fc Annie ve o, bilimi baltalamaya \u00e7al\u0131\u015fan bir grubu alt etmek zorunda&#8230; Dahi PROFES\u00d6R STEPHEN HAWKING ve k\u0131z\u0131 LUCY HAWKING ile s\u00fcr\u00fckleyici bir uzay yolculu\u011funa \u00e7\u0131kacaks\u0131n\u0131z! <\/p>\n","protected":false},"excerpt":{"rendered":"<p>T\u00fcm zamanlar\u0131n en b\u00fcy\u00fck bilim deneylerinden biri ger\u00e7ekle\u015fmek \u00fczere. George ve Annie, bu g\u00f6steriyi en \u00f6n s\u0131radan izleyecekler! Annie\u2019nin babas\u0131 Eric, Evren\u2019in ba\u015flang\u0131c\u0131n\u0131, yani B\u00fcy\u00fck Patlama\u2019y\u0131<span class=\"excerpt-hellip\"> [\u2026]<\/span><\/p>\n","protected":false},"featured_media":0,"template":"","meta":{"_monsterinsights_skip_tracking":false,"_monsterinsights_sitenote_active":false,"_monsterinsights_sitenote_note":"","_monsterinsights_sitenote_category":0},"product_brand":[],"product_cat":[13829,12274],"product_tag":[],"class_list":{"0":"post-759582","1":"product","2":"type-product","3":"status-publish","5":"product_cat-bilimsel-kitaplar","6":"product_cat-cocuk-ve-genclik-kitaplari","7":"pa_cilt-ciltsiz","8":"pa_tur-kitap","9":"pa_yayinevi-x-libris","10":"pa_yazar-lucy-stephen-hawking","12":"first","13":"instock","14":"sale","15":"shipping-taxable","16":"purchasable","17":"product-type-simple"},"_links":{"self":[{"href":"https:\/\/roveyayinevi.com.tr\/index.php\/wp-json\/wp\/v2\/product\/759582","targetHints":{"allow":["GET"]}}],"collection":[{"href":"https:\/\/roveyayinevi.com.tr\/index.php\/wp-json\/wp\/v2\/product"}],"about":[{"href":"https:\/\/roveyayinevi.com.tr\/index.php\/wp-json\/wp\/v2\/types\/product"}],"wp:attachment":[{"href":"https:\/\/roveyayinevi.com.tr\/index.php\/wp-json\/wp\/v2\/media?parent=759582"}],"wp:term":[{"taxonomy":"product_brand","embeddable":true,"href":"https:\/\/roveyayinevi.com.tr\/index.php\/wp-json\/wp\/v2\/product_brand?post=759582"},{"taxonomy":"product_cat","embeddable":true,"href":"https:\/\/roveyayinevi.com.tr\/index.php\/wp-json\/wp\/v2\/product_cat?post=759582"},{"taxonomy":"product_tag","embeddable":true,"href":"https:\/\/roveyayinevi.com.tr\/index.php\/wp-json\/wp\/v2\/product_tag?post=759582"}],"curies":[{"name":"wp","href":"https:\/\/api.w.org\/{rel}","templated":true}]}}