{"id":759580,"date":"2025-08-28T08:38:48","date_gmt":"2025-08-28T05:38:48","guid":{"rendered":"https:\/\/roveyayinevi.com.tr\/index.php\/urun\/televizyona-dair\/"},"modified":"2026-04-16T03:12:35","modified_gmt":"2026-04-16T00:12:35","slug":"televizyona-dair","status":"publish","type":"product","link":"https:\/\/roveyayinevi.com.tr\/index.php\/urun\/televizyona-dair\/","title":{"rendered":"Televizyona Dair"},"content":{"rendered":"<p>Televizyona Dair Umberto Eco\u2019nun, 20. y\u00fczy\u0131l\u0131n kitle ileti\u015fim evrenine damgas\u0131n\u0131 vuran, \u201ckonu\u015fan o tuhaf kutu\u201dya ve \u00fcretimlerine adad\u0131\u011f\u0131 yaz\u0131lar\u0131n\u0131 okurla bulu\u015fturuyor. Ara\u015ft\u0131rmac\u0131, yazar, filozof, k\u00f6\u015fe yazar\u0131, g\u00f6stergebilimci, yay\u0131nc\u0131l\u0131k d\u00fcnyas\u0131n\u0131n \u00f6nemli akt\u00f6r\u00fc olman\u0131n yan\u0131 s\u0131ra \u0130talyan radyo televizyonu RAI\u2019nin kamu hizmeti yay\u0131nc\u0131l\u0131\u011f\u0131nda da g\u00f6rev alm\u0131\u015f Eco\u2019nun televizyona, televizyon diline, televizyonun devreye soktu\u011fu ileti\u015fim bi\u00e7imlerine ve bu ileti\u015fim bi\u00e7imlerini destekleyen teknolojilere, televizyonun \u00fcretti\u011fi hayal g\u00fcc\u00fcne, bunun sonucunda ortaya \u00e7\u0131kan k\u00fclt\u00fcrel, estetik, etik, e\u011fitsel ve \u00f6zellikle de politik neticelere y\u00f6nelik yaz\u0131lar\u0131 yakla\u015f\u0131k 60 y\u0131l gibi geni\u015f bir zaman aral\u0131\u011f\u0131nda kaleme al\u0131nd\u0131: \u0130talya\u2019da ilk televizyon yay\u0131nlar\u0131n\u0131n ba\u015flad\u0131\u011f\u0131 1956 y\u0131l\u0131ndan televizyonun toplumsal k\u00fclt\u00fcr \u00fcretiminde ve d\u00f6n\u00fc\u015f\u00fcm\u00fcnde bask\u0131n denemeyece\u011fi bir d\u00f6neme, ekran\u0131n internet ve sosyal a\u011flarla birle\u015fti\u011fi 2015 y\u0131l\u0131na uzanan yaz\u0131lar\u0131 kapsayan bu kitap, Umberto Eco k\u00fclliyat\u0131n\u0131n \u00f6nemli bir halkas\u0131n\u0131 olu\u015fturuyor.     \u201cEco, kendisini inan\u0131lmaz derecede k\u0131zd\u0131rmas\u0131na ra\u011fmen yine de bu ola\u011fan\u00fcst\u00fc ileti\u015fim arac\u0131na tutkundur. \u00d6yle ki r\u00f6portajlar\u0131n pek \u00e7o\u011funda, g\u00fcn\u00fcn son saatlerini ge\u00e7mi\u015fin hangi deviyle ge\u00e7irdi\u011fi, ak\u015famlar\u0131 ne yapt\u0131\u011f\u0131 soruldu\u011funda neredeyse hep ayn\u0131 yan\u0131t\u0131 vermi\u015ftir: Ailece Komiser Columbo ya da Don Matteo izleyerek.\u201d   Gianfranco Marrone <\/p>\n","protected":false},"excerpt":{"rendered":"<p>Televizyona Dair Umberto Eco\u2019nun, 20. y\u00fczy\u0131l\u0131n kitle ileti\u015fim evrenine damgas\u0131n\u0131 vuran, \u201ckonu\u015fan o tuhaf kutu\u201dya ve \u00fcretimlerine adad\u0131\u011f\u0131 yaz\u0131lar\u0131n\u0131 okurla bulu\u015fturuyor. Ara\u015ft\u0131rmac\u0131, yazar, filozof, k\u00f6\u015fe yazar\u0131,<span class=\"excerpt-hellip\"> [\u2026]<\/span><\/p>\n","protected":false},"featured_media":0,"template":"","meta":{"_monsterinsights_skip_tracking":false,"_monsterinsights_sitenote_active":false,"_monsterinsights_sitenote_note":"","_monsterinsights_sitenote_category":0},"product_brand":[],"product_cat":[12777,12291],"product_tag":[],"class_list":{"0":"post-759580","1":"product","2":"type-product","3":"status-publish","5":"product_cat-deneme","6":"product_cat-edebiyat","7":"pa_cilt-ciltsiz","8":"pa_tur-kitap","9":"pa_yayinevi-can-yayinlari","10":"pa_yazar-umberto-eco","12":"first","13":"instock","14":"sale","15":"shipping-taxable","16":"purchasable","17":"product-type-simple"},"_links":{"self":[{"href":"https:\/\/roveyayinevi.com.tr\/index.php\/wp-json\/wp\/v2\/product\/759580","targetHints":{"allow":["GET"]}}],"collection":[{"href":"https:\/\/roveyayinevi.com.tr\/index.php\/wp-json\/wp\/v2\/product"}],"about":[{"href":"https:\/\/roveyayinevi.com.tr\/index.php\/wp-json\/wp\/v2\/types\/product"}],"wp:attachment":[{"href":"https:\/\/roveyayinevi.com.tr\/index.php\/wp-json\/wp\/v2\/media?parent=759580"}],"wp:term":[{"taxonomy":"product_brand","embeddable":true,"href":"https:\/\/roveyayinevi.com.tr\/index.php\/wp-json\/wp\/v2\/product_brand?post=759580"},{"taxonomy":"product_cat","embeddable":true,"href":"https:\/\/roveyayinevi.com.tr\/index.php\/wp-json\/wp\/v2\/product_cat?post=759580"},{"taxonomy":"product_tag","embeddable":true,"href":"https:\/\/roveyayinevi.com.tr\/index.php\/wp-json\/wp\/v2\/product_tag?post=759580"}],"curies":[{"name":"wp","href":"https:\/\/api.w.org\/{rel}","templated":true}]}}