{"id":759577,"date":"2025-08-28T08:38:45","date_gmt":"2025-08-28T05:38:45","guid":{"rendered":"https:\/\/roveyayinevi.com.tr\/index.php\/urun\/dayaniklilik-sporculari-ozelinde-sporcu-beslenmesi-ve-glikojen-rezervleri\/"},"modified":"2026-04-16T03:12:35","modified_gmt":"2026-04-16T00:12:35","slug":"dayaniklilik-sporculari-ozelinde-sporcu-beslenmesi-ve-glikojen-rezervleri","status":"publish","type":"product","link":"https:\/\/roveyayinevi.com.tr\/index.php\/urun\/dayaniklilik-sporculari-ozelinde-sporcu-beslenmesi-ve-glikojen-rezervleri\/","title":{"rendered":"Dayan\u0131kl\u0131l\u0131k Sporcular\u0131 \u00d6zelinde Sporcu Beslenmesi ve Glikojen Rezervleri"},"content":{"rendered":"<p>\u0130\u00e7indekiler :   1.B\u00d6L\u00dcM: EGZERS\u0130Z   2.B\u00d6L\u00dcM: BES\u0130N KAYNAKLARI   3. B\u00d6L\u00dcM: OPT\u0130MAL D\u0130YET\u0130N B\u0130LE\u015eENLER\u0130   4. B\u00d6L\u00dcM: EGZERS\u0130Z, ANTRENMAN VE YARI\u015eMALAR \u0130\u00c7\u0130N D\u0130YET ALIMI   5.B\u00d6L\u00dcM: TAKVIYELER (SUPPLEMENTS ) VE PERFORMANS ARTTIRICILAR   6. B\u00d6L\u00dcM: EGZERS\u0130Z VE ANTRENMANA FARKLI D\u0130YET UYGULAMALARI <\/p>\n","protected":false},"excerpt":{"rendered":"<p>\u0130\u00e7indekiler : 1.B\u00d6L\u00dcM: EGZERS\u0130Z 2.B\u00d6L\u00dcM: BES\u0130N KAYNAKLARI 3. B\u00d6L\u00dcM: OPT\u0130MAL D\u0130YET\u0130N B\u0130LE\u015eENLER\u0130 4. B\u00d6L\u00dcM: EGZERS\u0130Z, ANTRENMAN VE YARI\u015eMALAR \u0130\u00c7\u0130N D\u0130YET ALIMI 5.B\u00d6L\u00dcM: TAKVIYELER (SUPPLEMENTS ) VE<span class=\"excerpt-hellip\"> [\u2026]<\/span><\/p>\n","protected":false},"featured_media":0,"template":"","meta":{"_monsterinsights_skip_tracking":false,"_monsterinsights_sitenote_active":false,"_monsterinsights_sitenote_note":"","_monsterinsights_sitenote_category":0},"product_brand":[],"product_cat":[15563,15564],"product_tag":[],"class_list":{"0":"post-759577","1":"product","2":"type-product","3":"status-publish","5":"product_cat-hobi","6":"product_cat-spor","7":"pa_cilt-ciltsiz","8":"pa_tur-kitap","9":"pa_yayinevi-gazi-kitabevi","10":"pa_yazar-serdar-serare","12":"first","13":"instock","14":"sale","15":"shipping-taxable","16":"purchasable","17":"product-type-simple"},"_links":{"self":[{"href":"https:\/\/roveyayinevi.com.tr\/index.php\/wp-json\/wp\/v2\/product\/759577","targetHints":{"allow":["GET"]}}],"collection":[{"href":"https:\/\/roveyayinevi.com.tr\/index.php\/wp-json\/wp\/v2\/product"}],"about":[{"href":"https:\/\/roveyayinevi.com.tr\/index.php\/wp-json\/wp\/v2\/types\/product"}],"wp:attachment":[{"href":"https:\/\/roveyayinevi.com.tr\/index.php\/wp-json\/wp\/v2\/media?parent=759577"}],"wp:term":[{"taxonomy":"product_brand","embeddable":true,"href":"https:\/\/roveyayinevi.com.tr\/index.php\/wp-json\/wp\/v2\/product_brand?post=759577"},{"taxonomy":"product_cat","embeddable":true,"href":"https:\/\/roveyayinevi.com.tr\/index.php\/wp-json\/wp\/v2\/product_cat?post=759577"},{"taxonomy":"product_tag","embeddable":true,"href":"https:\/\/roveyayinevi.com.tr\/index.php\/wp-json\/wp\/v2\/product_tag?post=759577"}],"curies":[{"name":"wp","href":"https:\/\/api.w.org\/{rel}","templated":true}]}}