{"id":759568,"date":"2025-08-28T08:38:31","date_gmt":"2025-08-28T05:38:31","guid":{"rendered":"https:\/\/roveyayinevi.com.tr\/index.php\/urun\/insanin-sarkisi\/"},"modified":"2026-04-16T03:12:35","modified_gmt":"2026-04-16T00:12:35","slug":"insanin-sarkisi","status":"publish","type":"product","link":"https:\/\/roveyayinevi.com.tr\/index.php\/urun\/insanin-sarkisi\/","title":{"rendered":"\u0130nsan\u0131n \u015eark\u0131s\u0131"},"content":{"rendered":"<p>Onuncu y\u00fczy\u0131lda ya\u015fayan el-M\u00fctenebbi, Araplar\u0131n Dante\u2019si ya da Shakespeare\u2019\u0131 olarak tarif edilebilir. El-M\u00fctenebbi\u2019nin \u015fiirleri, kendi d\u00f6neminin Arap co\u011frafyas\u0131nda ya\u015fanan insani ili\u015fkiler, h\u0131rslar, makam kavgalar\u0131, a\u015fklar, ayr\u0131l\u0131klar ve insana \u00f6zg\u00fc hayal k\u0131r\u0131klar\u0131, i\u00e7e kapan\u0131\u015flar ve vazge\u00e7i\u015fler \u00fczerinden t\u00fcm insanl\u0131\u011fa ait duygular\u0131 sosyopsikolojik ve felsefi biz \u00f6z\u00fcmsemeyle, ustal\u0131kla anlat\u0131r. Onun herkese ait bu duygular\u0131 derin bir anlay\u0131\u015f ve g\u00fc\u00e7l\u00fc bir \u00fcslupla yaz\u0131ya d\u00f6kmesi, \u015fiirini \u00e7a\u011fda\u015flar\u0131n\u0131n \u015fiirinden ay\u0131r\u0131r ve t\u00fcm \u00e7a\u011flara ait k\u0131lar. \u015eairin kendi duygular\u0131yla y\u00fczle\u015fmedeki samimiyeti, d\u00fcr\u00fcstl\u00fc\u011f\u00fc ve bu duygular\u0131 herhangi \u015fekilde soyuta saklamadan her insan\u0131n anlayabilece\u011fi \u015fekilde \u015fiirle\u015ftirmesi, onu okuruna ve her \u00e7a\u011f\u0131n insan\u0131na yakla\u015ft\u0131r\u0131r. Kendini arayan, kendinde olman\u0131n \u00f6neminin bilincinde olan ve bunu arzulayan hi\u00e7bir birey, el-M\u00fctenebbi\u2019nin \u015fiirlerine kay\u0131ts\u0131z kalamayacakt\u0131r. \u201cBuras\u0131 cinlerin oyun sahas\u0131 Ama terc\u00fcmans\u0131z dola\u015fmaz S\u00fcleyman bile\u201d<\/p>\n","protected":false},"excerpt":{"rendered":"<p>Onuncu y\u00fczy\u0131lda ya\u015fayan el-M\u00fctenebbi, Araplar\u0131n Dante\u2019si ya da Shakespeare\u2019\u0131 olarak tarif edilebilir. El-M\u00fctenebbi\u2019nin \u015fiirleri, kendi d\u00f6neminin Arap co\u011frafyas\u0131nda ya\u015fanan insani ili\u015fkiler, h\u0131rslar, makam kavgalar\u0131, a\u015fklar, ayr\u0131l\u0131klar<span class=\"excerpt-hellip\"> [\u2026]<\/span><\/p>\n","protected":false},"featured_media":0,"template":"","meta":{"_monsterinsights_skip_tracking":false,"_monsterinsights_sitenote_active":false,"_monsterinsights_sitenote_note":"","_monsterinsights_sitenote_category":0},"product_brand":[],"product_cat":[12291,12509],"product_tag":[],"class_list":{"0":"post-759568","1":"product","2":"type-product","3":"status-publish","5":"product_cat-edebiyat","6":"product_cat-siir","7":"pa_cilt-ciltsiz","8":"pa_tur-kitap","9":"pa_yayinevi-everest-yayinlari","10":"pa_yazar-el-mutenebbi","12":"first","13":"instock","14":"sale","15":"shipping-taxable","16":"purchasable","17":"product-type-simple"},"_links":{"self":[{"href":"https:\/\/roveyayinevi.com.tr\/index.php\/wp-json\/wp\/v2\/product\/759568","targetHints":{"allow":["GET"]}}],"collection":[{"href":"https:\/\/roveyayinevi.com.tr\/index.php\/wp-json\/wp\/v2\/product"}],"about":[{"href":"https:\/\/roveyayinevi.com.tr\/index.php\/wp-json\/wp\/v2\/types\/product"}],"wp:attachment":[{"href":"https:\/\/roveyayinevi.com.tr\/index.php\/wp-json\/wp\/v2\/media?parent=759568"}],"wp:term":[{"taxonomy":"product_brand","embeddable":true,"href":"https:\/\/roveyayinevi.com.tr\/index.php\/wp-json\/wp\/v2\/product_brand?post=759568"},{"taxonomy":"product_cat","embeddable":true,"href":"https:\/\/roveyayinevi.com.tr\/index.php\/wp-json\/wp\/v2\/product_cat?post=759568"},{"taxonomy":"product_tag","embeddable":true,"href":"https:\/\/roveyayinevi.com.tr\/index.php\/wp-json\/wp\/v2\/product_tag?post=759568"}],"curies":[{"name":"wp","href":"https:\/\/api.w.org\/{rel}","templated":true}]}}