{"id":759565,"date":"2025-08-28T08:38:28","date_gmt":"2025-08-28T05:38:28","guid":{"rendered":"https:\/\/roveyayinevi.com.tr\/index.php\/urun\/the-lausanne-legacy-a-century-of-peace-and-pathways-to-tomorrow\/"},"modified":"2026-04-16T03:12:35","modified_gmt":"2026-04-16T00:12:35","slug":"the-lausanne-legacy-a-century-of-peace-and-pathways-to-tomorrow","status":"publish","type":"product","link":"https:\/\/roveyayinevi.com.tr\/index.php\/urun\/the-lausanne-legacy-a-century-of-peace-and-pathways-to-tomorrow\/","title":{"rendered":"The Lausanne Legacy: A Century Of Peace And Pathways To Tomorrow"},"content":{"rendered":"<p>\u0130\u00e7indekiler :     1.THE CONTEMPORARY IMPORTANCE OF THE LAUSANNEPEACE TREATY FOR THE INTERNATIONAL AND REGIONAL SECURITY ORDER IN ITS CENTENNIAL \/ LOZAN BARI\u015e ANTLA\u015eMASI\u2019NIN Y\u00dcZ\u00dcNC\u00dc YILINDA ULUSLARARASI VE B\u00d6LGESEL G\u00dcVENL\u0130K D\u00dcZEN\u0130 A\u00c7ISINDAN \u00c7A\u011eDA\u015e \u00d6NEM\u01302.THE IMPACT OF THE TREATY OF LAUSANNE ON THE GEOSTRATEGIC LANDSCAPE OF THE BLACK SEA: AN EXAMINATION OF THE TREATY\u2019S EFFECT ON THE GEOPOLITICAL AND SECURITY DYNAMICS IN THE BLACK SEA REGION \/ LOZAN ANTLA\u015eMASININ KARADEN\u0130Z\u2019\u0130N CO\u011eRAF\u0130 STRATEJ\u0130K YAPISINA ETK\u0130S\u0130: ANTLA\u015eMANIN KARADEN\u0130Z B\u00d6LGES\u0130NDEK\u0130 JEOPOL\u0130T\u0130K VE G\u00dcVENL\u0130K D\u0130NAM\u0130KLER\u0130 \u00dcZER\u0130NDEK\u0130 ETK\u0130S\u0130N\u0130N \u0130NCELENMES\u01303. LOZAN ANTLA\u015eMASININ EGE DEN\u0130Z\u0130\u2019NDEK\u0130 G\u00dcVENL\u0130K D\u0130NAM\u0130KLER\u0130N\u0130 \u015eEK\u0130LLEND\u0130RMEDEK\u0130 ROL\u00dc \/ THE ROLE OF THE LAUSANNE TREATY IN SHAPING THE SECURITY DYNAMICS OF THE AEGEAN SEA  4.IS LAUSANNE REGIME BASE FOR T\u00dcRK\u0130YE\u2019S \u201cGRAND STRATEGY\u201d? \/ LOZAN REJ\u0130M\u0130 T\u00dcRK\u0130YE\u2019N\u0130N \u2018B\u00dcY\u00dcK STRATEJ\u0130S\u0130\u2019 \u0130\u00c7\u0130N B\u0130R TEMEL M\u0130?5. LOZAN ANTLA\u015eMASININ \u0130K\u0130NC\u0130 Y\u00dcZYILI \/ THE SECOND CENTURY OF THE LAUSANNE TREATY <\/p>\n","protected":false},"excerpt":{"rendered":"<p>\u0130\u00e7indekiler : 1.THE CONTEMPORARY IMPORTANCE OF THE LAUSANNEPEACE TREATY FOR THE INTERNATIONAL AND REGIONAL SECURITY ORDER IN ITS CENTENNIAL \/ LOZAN BARI\u015e ANTLA\u015eMASI\u2019NIN Y\u00dcZ\u00dcNC\u00dc YILINDA ULUSLARARASI<span class=\"excerpt-hellip\"> [\u2026]<\/span><\/p>\n","protected":false},"featured_media":0,"template":"","meta":{"_monsterinsights_skip_tracking":false,"_monsterinsights_sitenote_active":false,"_monsterinsights_sitenote_note":"","_monsterinsights_sitenote_category":0},"product_brand":[],"product_cat":[13005,40995],"product_tag":[],"class_list":{"0":"post-759565","1":"product","2":"type-product","3":"status-publish","5":"product_cat-bilim-muhendislik","6":"product_cat-sosyal-bilimler","7":"pa_cilt-ciltsiz","8":"pa_tur-kitap","9":"pa_yayinevi-gazi-kitabevi","10":"pa_yazar-kolektif","12":"first","13":"instock","14":"sale","15":"shipping-taxable","16":"purchasable","17":"product-type-simple"},"_links":{"self":[{"href":"https:\/\/roveyayinevi.com.tr\/index.php\/wp-json\/wp\/v2\/product\/759565","targetHints":{"allow":["GET"]}}],"collection":[{"href":"https:\/\/roveyayinevi.com.tr\/index.php\/wp-json\/wp\/v2\/product"}],"about":[{"href":"https:\/\/roveyayinevi.com.tr\/index.php\/wp-json\/wp\/v2\/types\/product"}],"wp:attachment":[{"href":"https:\/\/roveyayinevi.com.tr\/index.php\/wp-json\/wp\/v2\/media?parent=759565"}],"wp:term":[{"taxonomy":"product_brand","embeddable":true,"href":"https:\/\/roveyayinevi.com.tr\/index.php\/wp-json\/wp\/v2\/product_brand?post=759565"},{"taxonomy":"product_cat","embeddable":true,"href":"https:\/\/roveyayinevi.com.tr\/index.php\/wp-json\/wp\/v2\/product_cat?post=759565"},{"taxonomy":"product_tag","embeddable":true,"href":"https:\/\/roveyayinevi.com.tr\/index.php\/wp-json\/wp\/v2\/product_tag?post=759565"}],"curies":[{"name":"wp","href":"https:\/\/api.w.org\/{rel}","templated":true}]}}