{"id":759544,"date":"2025-08-28T08:37:58","date_gmt":"2025-08-28T05:37:58","guid":{"rendered":"https:\/\/roveyayinevi.com.tr\/index.php\/urun\/karanliktaki-atesler\/"},"modified":"2026-04-16T03:12:35","modified_gmt":"2026-04-16T00:12:35","slug":"karanliktaki-atesler","status":"publish","type":"product","link":"https:\/\/roveyayinevi.com.tr\/index.php\/urun\/karanliktaki-atesler\/","title":{"rendered":"Karanl\u0131ktaki Ate\u015fler"},"content":{"rendered":"<p>\u201cDurulmayan Bir Kafa\u201d ve \u201cErken \u00c7\u00f6ken Karanl\u0131k\u201d kitaplar\u0131n\u0131n \u00f6vg\u00fcyle an\u0131lan yazar\u0131 Kay  Redfield Jamison bu eserinde, huzursuz akl\u0131 iyile\u015ftirme aray\u0131\u015f\u0131n\u0131n binlerce y\u0131ll\u0131k hik\u00e2yesini ele al\u0131yor.   Kay Jamison; Antik \u00c7a\u011f\u2019dan ba\u015flat\u0131p yirmi birinci y\u00fczy\u0131la kadar devam ettirdi\u011fi \u00f6rneklerle,zihinsel ac\u0131n\u0131n iyile\u015ftirilmesinde t\u0131bbi tedavilerin yan\u0131 s\u0131ra dinin, rit\u00fcellerin ve efsanelerin \u00f6nemini de ortaya koyuyor. Psikiyatri ve psikoterapinin k\u00f6kenlerine ve geli\u015fimine \u0131\u015f\u0131k tutarken hem psikoterapiyi hem de bir \u015fifac\u0131y\u0131 iyi yapan \u015feyin ne oldu\u011funu ve zihnin yenilenmesinde hayal g\u00fcc\u00fc ile haf\u0131zan\u0131n rol\u00fcn\u00fc yaz\u0131yor. Sanat\u00e7\u0131lar\u0131n, yazarlar\u0131n, \u00f6nc\u00fc \u015fahsiyetlerin hatta kurgusal karakterlerin bizi bir toplum olarak iyile\u015ftirmeye nas\u0131l yard\u0131mc\u0131 oldu\u011funu a\u00e7\u0131kl\u0131yor.   Travma sonras\u0131 stres bozuklu\u011fundan mustarip askerlerden; yas tutan, kederli, depresyonlu veya ba\u015fka t\u00fcrl\u00fc huzursuz ak\u0131llara sahip ki\u015filere ve bipolar bozuklukla kendi m\u00fccadelesine kadar muhtelif bir\u00e7ok deneyimi okuruna aktaran Jamison, iyi uyguland\u0131\u011f\u0131nda psikoterapi ve di\u011fer tedavilerin ne kadar dikkate de\u011fer olabilece\u011fini g\u00f6steriyor.   Okurunu derin bir d\u00fc\u015f\u00fcnsel yolculu\u011fa \u00e7\u0131karan bu kitap, karanl\u0131\u011f\u0131n \u00e7\u00f6kt\u00fc\u011f\u00fc zihnin labirentlerinde \u0131\u015f\u0131\u011fa ula\u015fmaya \u00e7al\u0131\u015fanlar i\u00e7in ilham verici bir rehber\u2026 <\/p>\n","protected":false},"excerpt":{"rendered":"<p>\u201cDurulmayan Bir Kafa\u201d ve \u201cErken \u00c7\u00f6ken Karanl\u0131k\u201d kitaplar\u0131n\u0131n \u00f6vg\u00fcyle an\u0131lan yazar\u0131 Kay Redfield Jamison bu eserinde, huzursuz akl\u0131 iyile\u015ftirme aray\u0131\u015f\u0131n\u0131n binlerce y\u0131ll\u0131k hik\u00e2yesini ele al\u0131yor. Kay<span class=\"excerpt-hellip\"> [\u2026]<\/span><\/p>\n","protected":false},"featured_media":0,"template":"","meta":{"_monsterinsights_skip_tracking":false,"_monsterinsights_sitenote_active":false,"_monsterinsights_sitenote_note":"","_monsterinsights_sitenote_category":0},"product_brand":[],"product_cat":[20502,12357],"product_tag":[],"class_list":{"0":"post-759544","1":"product","2":"type-product","3":"status-publish","5":"product_cat-basvuru-kitaplari-psikoloji","6":"product_cat-psikoloji","7":"pa_cilt-ciltsiz","8":"pa_tur-kitap","9":"pa_yayinevi-profil-kitap","10":"pa_yazar-kay-redfield-jamison","12":"first","13":"instock","14":"sale","15":"shipping-taxable","16":"purchasable","17":"product-type-simple"},"_links":{"self":[{"href":"https:\/\/roveyayinevi.com.tr\/index.php\/wp-json\/wp\/v2\/product\/759544","targetHints":{"allow":["GET"]}}],"collection":[{"href":"https:\/\/roveyayinevi.com.tr\/index.php\/wp-json\/wp\/v2\/product"}],"about":[{"href":"https:\/\/roveyayinevi.com.tr\/index.php\/wp-json\/wp\/v2\/types\/product"}],"wp:attachment":[{"href":"https:\/\/roveyayinevi.com.tr\/index.php\/wp-json\/wp\/v2\/media?parent=759544"}],"wp:term":[{"taxonomy":"product_brand","embeddable":true,"href":"https:\/\/roveyayinevi.com.tr\/index.php\/wp-json\/wp\/v2\/product_brand?post=759544"},{"taxonomy":"product_cat","embeddable":true,"href":"https:\/\/roveyayinevi.com.tr\/index.php\/wp-json\/wp\/v2\/product_cat?post=759544"},{"taxonomy":"product_tag","embeddable":true,"href":"https:\/\/roveyayinevi.com.tr\/index.php\/wp-json\/wp\/v2\/product_tag?post=759544"}],"curies":[{"name":"wp","href":"https:\/\/api.w.org\/{rel}","templated":true}]}}