{"id":759538,"date":"2025-08-28T08:37:50","date_gmt":"2025-08-28T05:37:50","guid":{"rendered":"https:\/\/roveyayinevi.com.tr\/index.php\/urun\/felsefenin-basarisizliklari\/"},"modified":"2026-04-16T03:12:34","modified_gmt":"2026-04-16T00:12:34","slug":"felsefenin-basarisizliklari","status":"publish","type":"product","link":"https:\/\/roveyayinevi.com.tr\/index.php\/urun\/felsefenin-basarisizliklari\/","title":{"rendered":"Felsefenin Ba\u015far\u0131s\u0131zl\u0131klar\u0131"},"content":{"rendered":"<p>Felsefe tarihleri, felsefenin tarihini bug\u00fcne kadar genellikle bir ba\u015far\u0131 \u00f6yk\u00fcs\u00fc olarak anlatt\u0131lar: Bilimlerin belki de en uzun s\u00fcre taht\u0131nda kalan krali\u00e7esi, ihtiras\u0131 ve kararl\u0131l\u0131\u011f\u0131yla son 2.500 y\u0131lda Bat\u0131 k\u00fclt\u00fcr\u00fcn\u00fcn \u015fekillenmesinde b\u00fcy\u00fck bir rol oynad\u0131. G\u00f6r\u00fcnenin ard\u0131na ge\u00e7ip ger\u00e7e\u011fe ula\u015fmay\u0131, evrensel hakikatleri kavramay\u0131, insanl\u0131\u011f\u0131n de\u011fi\u015fmez sorular\u0131na bir yan\u0131t vermeyi vaat etti. \u0130yi ya\u015fam\u0131n s\u0131rr\u0131n\u0131, kendini ve d\u00fcnyay\u0131 tan\u0131man\u0131n anahtar\u0131n\u0131 sundu\u011fu iddias\u0131yla hareket etti. Zaman\u0131 geldi\u011finde vakur bir tav\u0131rla taht\u0131n\u0131n v\u00e2rislerine, bilimlere b\u0131rakt\u0131, onlara tavsiyeler vermekle yetindi. En az\u0131ndan bu \u00f6yk\u00fc \u00e7o\u011fu zaman bu \u015fekilde anlat\u0131ld\u0131. Peki, ger\u00e7ekten de felsefenin \u00f6yk\u00fcs\u00fc bir ba\u015far\u0131 \u00f6yk\u00fcs\u00fc m\u00fc?  Felsefe ger\u00e7ekten de de\u011fi\u015fmez sorulara farkl\u0131 yan\u0131tlar veren bir ve ayn\u0131 gelenek mi? Felsefeciler tarih boyunca ayn\u0131 etkinli\u011fi mi ger\u00e7ekle\u015ftirdiler? Sorular\u0131 ve sorunlar\u0131, ama\u00e7lar\u0131 ve y\u00f6ntemleri birbirinin devam\u0131 m\u0131yd\u0131? Farkl\u0131l\u0131klar sadece farkl\u0131 d\u00f6nemlerin \u015fartlar\u0131n\u0131n bir yan \u00fcr\u00fcn\u00fc m\u00fcyd\u00fc? Terk edilenler sadece sistemler veya anlay\u0131\u015flar m\u0131yd\u0131? Tan\u0131nm\u0131\u015f felsefe tarih\u00e7isi Stephen Gaukroger bu k\u0131\u015fk\u0131rt\u0131c\u0131 kitab\u0131nda felsefe tarihinin pek anlat\u0131lmayan, \u00e7o\u011fu zaman sessizlikle ge\u00e7i\u015ftirilen \u00f6yk\u00fcs\u00fcn\u00fc anlat\u0131yor ve bu gibi sorulara bir yan\u0131t veriyor. Felsefe tarihinden zengin \u00f6rneklerle tarihte sadece tek tek felsefi sistemlerin, okullar\u0131n ve g\u00f6r\u00fc\u015flerin de\u011fil felsefenin ta kendisinin defalarca ba\u015far\u0131s\u0131z olup \u00e7\u00f6kt\u00fc\u011f\u00fcn\u00fc, bazen y\u00fczy\u0131llarca terk edildi\u011fini, yerini ba\u015fka etkinliklerin ald\u0131\u011f\u0131n\u0131 g\u00f6steriyor. Felsefeyi felsefe olarak anlaman\u0131n yolunun onun ba\u015far\u0131s\u0131zl\u0131klar\u0131n\u0131 da denkleme katmaktan ge\u00e7ti\u011fini ortaya koyuyor.<\/p>\n","protected":false},"excerpt":{"rendered":"<p>Felsefe tarihleri, felsefenin tarihini bug\u00fcne kadar genellikle bir ba\u015far\u0131 \u00f6yk\u00fcs\u00fc olarak anlatt\u0131lar: Bilimlerin belki de en uzun s\u00fcre taht\u0131nda kalan krali\u00e7esi, ihtiras\u0131 ve kararl\u0131l\u0131\u011f\u0131yla son 2.500<span class=\"excerpt-hellip\"> [\u2026]<\/span><\/p>\n","protected":false},"featured_media":0,"template":"","meta":{"_monsterinsights_skip_tracking":false,"_monsterinsights_sitenote_active":false,"_monsterinsights_sitenote_note":"","_monsterinsights_sitenote_category":0},"product_brand":[],"product_cat":[12389,12388],"product_tag":[],"class_list":{"0":"post-759538","1":"product","2":"type-product","3":"status-publish","5":"product_cat-diger-felsefe","6":"product_cat-felsefe","7":"pa_cilt-ciltsiz","8":"pa_tur-kitap","9":"pa_yayinevi-fol-kitap","10":"pa_yazar-stephen-gaukroger","12":"first","13":"instock","14":"sale","15":"shipping-taxable","16":"purchasable","17":"product-type-simple"},"_links":{"self":[{"href":"https:\/\/roveyayinevi.com.tr\/index.php\/wp-json\/wp\/v2\/product\/759538","targetHints":{"allow":["GET"]}}],"collection":[{"href":"https:\/\/roveyayinevi.com.tr\/index.php\/wp-json\/wp\/v2\/product"}],"about":[{"href":"https:\/\/roveyayinevi.com.tr\/index.php\/wp-json\/wp\/v2\/types\/product"}],"wp:attachment":[{"href":"https:\/\/roveyayinevi.com.tr\/index.php\/wp-json\/wp\/v2\/media?parent=759538"}],"wp:term":[{"taxonomy":"product_brand","embeddable":true,"href":"https:\/\/roveyayinevi.com.tr\/index.php\/wp-json\/wp\/v2\/product_brand?post=759538"},{"taxonomy":"product_cat","embeddable":true,"href":"https:\/\/roveyayinevi.com.tr\/index.php\/wp-json\/wp\/v2\/product_cat?post=759538"},{"taxonomy":"product_tag","embeddable":true,"href":"https:\/\/roveyayinevi.com.tr\/index.php\/wp-json\/wp\/v2\/product_tag?post=759538"}],"curies":[{"name":"wp","href":"https:\/\/api.w.org\/{rel}","templated":true}]}}